{"id":903,"date":"2019-07-03T18:42:55","date_gmt":"2019-07-03T16:42:55","guid":{"rendered":"https:\/\/wordpress.nibis.de\/rsgebhardshagen\/?page_id=903"},"modified":"2020-09-15T11:56:50","modified_gmt":"2020-09-15T09:56:50","slug":"alles-plastik-oder-was","status":"publish","type":"page","link":"https:\/\/wordpress.nibis.de\/rsgebhardshagen\/alles-plastik-oder-was\/","title":{"rendered":"Alles Plastik oder was?"},"content":{"rendered":"\n<div class=\"wp-block-media-text alignwide\"><figure class=\"wp-block-media-text__media\"><img loading=\"lazy\" decoding=\"async\" width=\"494\" height=\"340\" src=\"https:\/\/wordpress.nibis.de\/rsgebhardshagen\/files\/2019\/07\/garbage-4277613__340.jpg\" alt=\"\" class=\"wp-image-906\" srcset=\"https:\/\/wordpress.nibis.de\/rsgebhardshagen\/files\/2019\/07\/garbage-4277613__340.jpg 494w, https:\/\/wordpress.nibis.de\/rsgebhardshagen\/files\/2019\/07\/garbage-4277613__340-300x206.jpg 300w\" sizes=\"auto, (max-width: 494px) 100vw, 494px\" \/><\/figure><div class=\"wp-block-media-text__content\">\n<p><strong>Reporterteam: Ian, Lorenz und Luca<\/strong><\/p>\n\n\n\n<p style=\"color:#ff0077\" class=\"has-text-color\"><strong>Interview mit Frau Holzenbecher<\/strong><\/p>\n\n\n\n<ul class=\"wp-block-list\"><li>Was ist das Thema Ihres Projektes? ,,Wir wollen Plastik vermeiden.&#8220;<\/li><li>Was wollen Sie in dieser Woche erreichen? ,, Ich m\u00f6chte den Sch\u00fclerinnen und Sch\u00fclern verdeutlichen, dass man Plastik vermeiden muss und&nbsp;was f\u00fcr Verpackungsalternativen es gibt.&#8220;<\/li><li>Wie wirken Sie selbst am Umweltschutz mit? Ich versuche Plastik zu vermeiden und erneuerbare Energien zu f\u00f6rdern.&#8220; &nbsp;<\/li><\/ul>\n<\/div><\/div>\n\n\n<p><\/p>\n<p><strong><span style=\"color: #ff0777\">Interviews mit den Projektteilnehmern<\/span><\/strong><\/p>\n<p><span style=\"color: #ff7400\"><strong>A., 8. Klasse<\/strong><\/span><\/p>\n<ul>\n<li>Findest du das Thema der Woche gut? ,,Nein, leider interessiert mich das Thema nicht.&#8220;<\/li>\n<li>Warum hast du dieses Projekt gew\u00e4hlt?,,Es war zuf\u00e4llig.Ich habe mir im Vorfeld keine gro\u00dfen Gedanken gemacht.&#8220;<\/li>\n<li>Was habt ihr in eurer Gruppe bislang gemacht? ,,Wir haben Plakate gestaltet und gemeinsam gefr\u00fchst\u00fcckt.&#8220;<\/li>\n<li>Welche Bereiche deines Projektes machen dir besonders viel Spa\u00df? ,,Mir macht das gemeinsame Essen viel Spa\u00df.&#8220;<\/li>\n<li>Was tust du selbst f\u00fcr die Umwelt? ,,Ich fahre mit dem Bus und sammle M\u00fcll auf.&#8220;<\/li>\n<\/ul>\n<p><span style=\"color: #ff7400\"><strong>L., 6. Klasse<\/strong><\/span><\/p>\n<ul>\n<li>Findest du das Thema gut? ,,Ja, weil das Thema wichtig ist.&#8220;<\/li>\n<li>Warum hast du dieses Projekt gew\u00e4hlt? ,,Ich m\u00f6chte wissen, was ich tun kann, um Plastik zu vermeiden.&#8220;<\/li>\n<li>Was habt ihr in eurer Gruppe bislang alles gemacht? ,,Wir waren&nbsp;einkaufen, haben gefr\u00fchst\u00fcckt und haben Plakate erstellt.&#8220;<\/li>\n<li>Welche Bereiche deines Projektes machen dir besonders viel Spa\u00df? ,, Ich finde das gemeinsame Essen toll.&#8220;<\/li>\n<li>Was tust du selbst f\u00fcr die Umwelt? ,,Ich fahre Fahrrad.&#8220;<\/li>\n<\/ul>\n<p><span style=\"color: #ff7400\"><strong>J., 7. Klasse<\/strong><\/span><\/p>\n<ul>\n<li>Findest du das Thema dieser Woche gut? &#8222;Ja, weil wir uns damit besch\u00e4ftigen, wo Plastik vorkommt und wie man es vermeiden kann.&#8220;<\/li>\n<li>Warum hast du das Projekt gew\u00e4hlt? ,, Es hat sich interessant angeh\u00f6rt.&#8220;<\/li>\n<li>Was habt ihr bislang alles gemacht? ,, Wir haben Plakate erstellt, gefr\u00fchst\u00fcckt und wir haben recherchiert, was im Supermarkt alles aus und mit Plastik ist.&#8220;<\/li>\n<li>Welche Bereiche deines Projekts machen dir am meisten Spa\u00df? ,,Die Gruppenarbeiten finde ich super.&#8220;<\/li>\n<li>Was tust du selbst f\u00fcr den Umweltschutz? ,,Ich trenne M\u00fcll und fahre viel Fahrrad.&#8220;<\/li>\n<\/ul>","protected":false},"excerpt":{"rendered":"<p>Reporterteam: Ian, Lorenz und Luca Interview mit Frau Holzenbecher Was ist das Thema Ihres Projektes? ,,Wir wollen Plastik vermeiden.&#8220; Was wollen Sie in dieser Woche erreichen? ,, Ich m\u00f6chte den Sch\u00fclerinnen und Sch\u00fclern verdeutlichen, dass man Plastik vermeiden muss und&nbsp;was f\u00fcr Verpackungsalternativen es gibt.&#8220; Wie wirken Sie selbst am Umweltschutz mit? Ich versuche Plastik zu [&hellip;]<\/p>\n","protected":false},"author":9193020,"featured_media":0,"parent":0,"menu_order":0,"comment_status":"closed","ping_status":"closed","template":"","meta":{"footnotes":""},"class_list":["post-903","page","type-page","status-publish","hentry"],"_links":{"self":[{"href":"https:\/\/wordpress.nibis.de\/rsgebhardshagen\/wp-json\/wp\/v2\/pages\/903","targetHints":{"allow":["GET"]}}],"collection":[{"href":"https:\/\/wordpress.nibis.de\/rsgebhardshagen\/wp-json\/wp\/v2\/pages"}],"about":[{"href":"https:\/\/wordpress.nibis.de\/rsgebhardshagen\/wp-json\/wp\/v2\/types\/page"}],"author":[{"embeddable":true,"href":"https:\/\/wordpress.nibis.de\/rsgebhardshagen\/wp-json\/wp\/v2\/users\/9193020"}],"replies":[{"embeddable":true,"href":"https:\/\/wordpress.nibis.de\/rsgebhardshagen\/wp-json\/wp\/v2\/comments?post=903"}],"version-history":[{"count":12,"href":"https:\/\/wordpress.nibis.de\/rsgebhardshagen\/wp-json\/wp\/v2\/pages\/903\/revisions"}],"predecessor-version":[{"id":1602,"href":"https:\/\/wordpress.nibis.de\/rsgebhardshagen\/wp-json\/wp\/v2\/pages\/903\/revisions\/1602"}],"wp:attachment":[{"href":"https:\/\/wordpress.nibis.de\/rsgebhardshagen\/wp-json\/wp\/v2\/media?parent=903"}],"curies":[{"name":"wp","href":"https:\/\/api.w.org\/{rel}","templated":true}]}}

<div class="wp-block-media-text alignwide"><figure class="wp-block-media-text__media"><img loading="lazy" decoding="async" width="494" height="340" src="https://wordpress.nibis.de/rsgebhardshagen/files/2019/07/garbage-4277613__340.jpg" alt="" class="wp-image-906" srcset="https://wordpress.nibis.de/rsgebhardshagen/files/2019/07/garbage-4277613__340.jpg 494w, https://wordpress.nibis.de/rsgebhardshagen/files/2019/07/garbage-4277613__340-300x206.jpg 300w" sizes="auto, (max-width: 494px) 100vw, 494px" /></figure><div class="wp-block-media-text__content">
<p><strong>Reporterteam: Ian, Lorenz und Luca</strong></p>



<p style="color:#ff0077" class="has-text-color"><strong>Interview mit Frau Holzenbecher</strong></p>



<ul class="wp-block-list"><li>Was ist das Thema Ihres Projektes? ,,Wir wollen Plastik vermeiden.&#8220;</li><li>Was wollen Sie in dieser Woche erreichen? ,, Ich möchte den Schülerinnen und Schülern verdeutlichen, dass man Plastik vermeiden muss und&nbsp;was für Verpackungsalternativen es gibt.&#8220;</li><li>Wie wirken Sie selbst am Umweltschutz mit? Ich versuche Plastik zu vermeiden und erneuerbare Energien zu fördern.&#8220; &nbsp;</li></ul>
</div></div>


<p></p>
<p><strong><span style="color: #ff0777">Interviews mit den Projektteilnehmern</span></strong></p>
<p><span style="color: #ff7400"><strong>A., 8. Klasse</strong></span></p>
<ul>
<li>Findest du das Thema der Woche gut? ,,Nein, leider interessiert mich das Thema nicht.&#8220;</li>
<li>Warum hast du dieses Projekt gewählt?,,Es war zufällig.Ich habe mir im Vorfeld keine großen Gedanken gemacht.&#8220;</li>
<li>Was habt ihr in eurer Gruppe bislang gemacht? ,,Wir haben Plakate gestaltet und gemeinsam gefrühstückt.&#8220;</li>
<li>Welche Bereiche deines Projektes machen dir besonders viel Spaß? ,,Mir macht das gemeinsame Essen viel Spaß.&#8220;</li>
<li>Was tust du selbst für die Umwelt? ,,Ich fahre mit dem Bus und sammle Müll auf.&#8220;</li>
</ul>
<p><span style="color: #ff7400"><strong>L., 6. Klasse</strong></span></p>
<ul>
<li>Findest du das Thema gut? ,,Ja, weil das Thema wichtig ist.&#8220;</li>
<li>Warum hast du dieses Projekt gewählt? ,,Ich möchte wissen, was ich tun kann, um Plastik zu vermeiden.&#8220;</li>
<li>Was habt ihr in eurer Gruppe bislang alles gemacht? ,,Wir waren&nbsp;einkaufen, haben gefrühstückt und haben Plakate erstellt.&#8220;</li>
<li>Welche Bereiche deines Projektes machen dir besonders viel Spaß? ,, Ich finde das gemeinsame Essen toll.&#8220;</li>
<li>Was tust du selbst für die Umwelt? ,,Ich fahre Fahrrad.&#8220;</li>
</ul>
<p><span style="color: #ff7400"><strong>J., 7. Klasse</strong></span></p>
<ul>
<li>Findest du das Thema dieser Woche gut? &#8222;Ja, weil wir uns damit beschäftigen, wo Plastik vorkommt und wie man es vermeiden kann.&#8220;</li>
<li>Warum hast du das Projekt gewählt? ,, Es hat sich interessant angehört.&#8220;</li>
<li>Was habt ihr bislang alles gemacht? ,, Wir haben Plakate erstellt, gefrühstückt und wir haben recherchiert, was im Supermarkt alles aus und mit Plastik ist.&#8220;</li>
<li>Welche Bereiche deines Projekts machen dir am meisten Spaß? ,,Die Gruppenarbeiten finde ich super.&#8220;</li>
<li>Was tust du selbst für den Umweltschutz? ,,Ich trenne Müll und fahre viel Fahrrad.&#8220;</li>
</ul>

<p>Reporterteam: Ian, Lorenz und Luca Interview mit Frau Holzenbecher Was ist das Thema Ihres Projektes? ,,Wir wollen Plastik vermeiden.&#8220; Was wollen Sie in dieser Woche erreichen? ,, Ich möchte den Schülerinnen und Schülern verdeutlichen, dass man Plastik vermeiden muss und&nbsp;was für Verpackungsalternativen es gibt.&#8220; Wie wirken Sie selbst am Umweltschutz mit? Ich versuche Plastik zu [&hellip;]</p>
