{"id":922,"date":"2019-07-03T19:26:52","date_gmt":"2019-07-03T17:26:52","guid":{"rendered":"https:\/\/wordpress.nibis.de\/rsgebhardshagen\/?page_id=922"},"modified":"2020-09-15T11:25:27","modified_gmt":"2020-09-15T09:25:27","slug":"ressourcen-und-energie","status":"publish","type":"page","link":"https:\/\/wordpress.nibis.de\/rsgebhardshagen\/ressourcen-und-energie\/","title":{"rendered":"Ressourcen und Energie"},"content":{"rendered":"\n<div class=\"wp-block-image\"><figure class=\"aligncenter\"><img loading=\"lazy\" decoding=\"async\" width=\"440\" height=\"340\" src=\"https:\/\/wordpress.nibis.de\/rsgebhardshagen\/files\/2019\/07\/oil-pump-jack-1407715__340.jpg\" alt=\"\" class=\"wp-image-924\" srcset=\"https:\/\/wordpress.nibis.de\/rsgebhardshagen\/files\/2019\/07\/oil-pump-jack-1407715__340.jpg 440w, https:\/\/wordpress.nibis.de\/rsgebhardshagen\/files\/2019\/07\/oil-pump-jack-1407715__340-300x232.jpg 300w\" sizes=\"auto, (max-width: 440px) 100vw, 440px\" \/><figcaption>F\u00f6rderanlage f\u00fcr Erd\u00f6l<\/figcaption><\/figure><\/div>\n\n\n<p><strong>Reporterteam: Jason und Lilo<\/strong><\/p>\n<p><strong><span style=\"color: #ff0777\">Interview mit Herrn Komrowski<\/span><span class=\"Apple-converted-space\">\u00a0<\/span><\/strong><\/p>\n<ul>\n<li>Was wollen Sie in dieser Woche erreichen? ,, Ich m\u00f6chte verdeutlichen, dass unsere Ressourcen endlich, dass hei\u00dft begrenzt, sind. &#8222;<\/li>\n<li>Wie wirken Sie selbst am Umweltschutz mit? ,, Ich habe ein umweltfreundliches Haus gebaut.&#8220;\u00a0<\/li>\n<\/ul>\n<p><strong><span style=\"color: #ff0777\">Interviews mit den Projektteilnehmern<\/span><\/strong><\/p>\n<p><span style=\"color: #ff7400\"><strong>F., 9. Klasse<\/strong><\/span><\/p>\n<ul>\n<li>Findest du das Thema der Woche gut? ,, Ja, ich finde es sehr interessant und sehr lehrreich. Ich bekomme einen guten Einblick\u00a0 in die endliche Welt der Ressourcen.<\/li>\n<li>Warum hast du dieses Projekt gew\u00e4hlt? ,,Weil es kostenlos war und sehr interessant zu sein schien.&#8220;<\/li>\n<li>Was habt ihr in eurer Gruppe bislang alles gemacht? ,,Wir haben uns intensiv mit dem Thema auseinandergesetzt\u00a0und Zeichnungen angefertigt.&#8220;<\/li>\n<\/ul>\n<p><span style=\"color: #ff7400\"><strong>S., Klasse 9\u00a0<\/strong><\/span><\/p>\n<ul>\n<li>Findest du das Thema der Woche gut? ,,Es kommt darauf an, ob wir am Ende auch etwas von dem Gelernten umsetzen k\u00f6nnen.&#8220;<\/li>\n<li>Warum hast du dieses Projekt gew\u00e4hlt? ,,Es klang f\u00fcr mich am interessantesten.&#8220;<\/li>\n<li>Was habt ihr in eurer Gruppe bislang alles gemacht?<span class=\"Apple-converted-space\">\u00a0,, Wir haben<\/span>\u00a0Arbeitsbl\u00e4tter \u00fcber Erd\u00f6l und Energie bearbeitet.&#8220;<\/li>\n<li>Welche Bereiche deines Projekts machen dir besonders viel Spa\u00df? ,, Das kann ich am ersten Tag der Projektwoche noch nicht sagen.&#8220;<\/li>\n<li>Was tust du selbst f\u00fcr den Umweltschutz? ,, Ich achte darauf ,dass ich Plastikm\u00fcll vermeide.&#8220;<\/li>\n<\/ul>\n<p><span style=\"color: #ff7400\"><strong>L., 7. Klasse<\/strong><\/span><\/p>\n<ul>\n<li>Findest du das Thema der Woche gut? ,,Ja, ich findet es sehr spannend.&#8220;<\/li>\n<li>Warum hast du dieses Projekt gew\u00e4hlt? &#8220; ich interessiere mich auch privat f\u00fcr Ressourcen.&#8220;<\/li>\n<li>Was habt ihr in eurer Gruppe bislang alles gemacht? ,, Wir haben Arbeitsbl\u00e4tter bearbeitet.&#8220;<\/li>\n<li>Welche Bereiche deines Projekts machen dir besonders viel Spa\u00df? &#8220; das kann ich nicht sagen, da wir noch nicht so viele verschiedene Dinge gemacht haben.&#8220;<\/li>\n<li>Was tust Du selbst f\u00fcr den Umweltschutz? &#8220; Ehrlich gesagt, habe ich bis jetzt noch nichts aktiv f\u00fcr den Umweltschutz getan.&#8220;<\/li>\n<\/ul>","protected":false},"excerpt":{"rendered":"<p>Reporterteam: Jason und Lilo Interview mit Herrn Komrowski\u00a0 Was wollen Sie in dieser Woche erreichen? ,, Ich m\u00f6chte verdeutlichen, dass unsere Ressourcen endlich, dass hei\u00dft begrenzt, sind. &#8222; Wie wirken Sie selbst am Umweltschutz mit? ,, Ich habe ein umweltfreundliches Haus gebaut.&#8220;\u00a0 Interviews mit den Projektteilnehmern F., 9. Klasse Findest du das Thema der Woche [&hellip;]<\/p>\n","protected":false},"author":9193020,"featured_media":0,"parent":0,"menu_order":0,"comment_status":"closed","ping_status":"closed","template":"","meta":{"footnotes":""},"class_list":["post-922","page","type-page","status-publish","hentry"],"_links":{"self":[{"href":"https:\/\/wordpress.nibis.de\/rsgebhardshagen\/wp-json\/wp\/v2\/pages\/922","targetHints":{"allow":["GET"]}}],"collection":[{"href":"https:\/\/wordpress.nibis.de\/rsgebhardshagen\/wp-json\/wp\/v2\/pages"}],"about":[{"href":"https:\/\/wordpress.nibis.de\/rsgebhardshagen\/wp-json\/wp\/v2\/types\/page"}],"author":[{"embeddable":true,"href":"https:\/\/wordpress.nibis.de\/rsgebhardshagen\/wp-json\/wp\/v2\/users\/9193020"}],"replies":[{"embeddable":true,"href":"https:\/\/wordpress.nibis.de\/rsgebhardshagen\/wp-json\/wp\/v2\/comments?post=922"}],"version-history":[{"count":4,"href":"https:\/\/wordpress.nibis.de\/rsgebhardshagen\/wp-json\/wp\/v2\/pages\/922\/revisions"}],"predecessor-version":[{"id":1587,"href":"https:\/\/wordpress.nibis.de\/rsgebhardshagen\/wp-json\/wp\/v2\/pages\/922\/revisions\/1587"}],"wp:attachment":[{"href":"https:\/\/wordpress.nibis.de\/rsgebhardshagen\/wp-json\/wp\/v2\/media?parent=922"}],"curies":[{"name":"wp","href":"https:\/\/api.w.org\/{rel}","templated":true}]}}

<div class="wp-block-image"><figure class="aligncenter"><img loading="lazy" decoding="async" width="440" height="340" src="https://wordpress.nibis.de/rsgebhardshagen/files/2019/07/oil-pump-jack-1407715__340.jpg" alt="" class="wp-image-924" srcset="https://wordpress.nibis.de/rsgebhardshagen/files/2019/07/oil-pump-jack-1407715__340.jpg 440w, https://wordpress.nibis.de/rsgebhardshagen/files/2019/07/oil-pump-jack-1407715__340-300x232.jpg 300w" sizes="auto, (max-width: 440px) 100vw, 440px" /><figcaption>Förderanlage für Erdöl</figcaption></figure></div>


<p><strong>Reporterteam: Jason und Lilo</strong></p>
<p><strong><span style="color: #ff0777">Interview mit Herrn Komrowski</span><span class="Apple-converted-space"> </span></strong></p>
<ul>
<li>Was wollen Sie in dieser Woche erreichen? ,, Ich möchte verdeutlichen, dass unsere Ressourcen endlich, dass heißt begrenzt, sind. &#8222;</li>
<li>Wie wirken Sie selbst am Umweltschutz mit? ,, Ich habe ein umweltfreundliches Haus gebaut.&#8220; </li>
</ul>
<p><strong><span style="color: #ff0777">Interviews mit den Projektteilnehmern</span></strong></p>
<p><span style="color: #ff7400"><strong>F., 9. Klasse</strong></span></p>
<ul>
<li>Findest du das Thema der Woche gut? ,, Ja, ich finde es sehr interessant und sehr lehrreich. Ich bekomme einen guten Einblick  in die endliche Welt der Ressourcen.</li>
<li>Warum hast du dieses Projekt gewählt? ,,Weil es kostenlos war und sehr interessant zu sein schien.&#8220;</li>
<li>Was habt ihr in eurer Gruppe bislang alles gemacht? ,,Wir haben uns intensiv mit dem Thema auseinandergesetzt und Zeichnungen angefertigt.&#8220;</li>
</ul>
<p><span style="color: #ff7400"><strong>S., Klasse 9 </strong></span></p>
<ul>
<li>Findest du das Thema der Woche gut? ,,Es kommt darauf an, ob wir am Ende auch etwas von dem Gelernten umsetzen können.&#8220;</li>
<li>Warum hast du dieses Projekt gewählt? ,,Es klang für mich am interessantesten.&#8220;</li>
<li>Was habt ihr in eurer Gruppe bislang alles gemacht?<span class="Apple-converted-space"> ,, Wir haben</span> Arbeitsblätter über Erdöl und Energie bearbeitet.&#8220;</li>
<li>Welche Bereiche deines Projekts machen dir besonders viel Spaß? ,, Das kann ich am ersten Tag der Projektwoche noch nicht sagen.&#8220;</li>
<li>Was tust du selbst für den Umweltschutz? ,, Ich achte darauf ,dass ich Plastikmüll vermeide.&#8220;</li>
</ul>
<p><span style="color: #ff7400"><strong>L., 7. Klasse</strong></span></p>
<ul>
<li>Findest du das Thema der Woche gut? ,,Ja, ich findet es sehr spannend.&#8220;</li>
<li>Warum hast du dieses Projekt gewählt? &#8220; ich interessiere mich auch privat für Ressourcen.&#8220;</li>
<li>Was habt ihr in eurer Gruppe bislang alles gemacht? ,, Wir haben Arbeitsblätter bearbeitet.&#8220;</li>
<li>Welche Bereiche deines Projekts machen dir besonders viel Spaß? &#8220; das kann ich nicht sagen, da wir noch nicht so viele verschiedene Dinge gemacht haben.&#8220;</li>
<li>Was tust Du selbst für den Umweltschutz? &#8220; Ehrlich gesagt, habe ich bis jetzt noch nichts aktiv für den Umweltschutz getan.&#8220;</li>
</ul>

<p>Reporterteam: Jason und Lilo Interview mit Herrn Komrowski  Was wollen Sie in dieser Woche erreichen? ,, Ich möchte verdeutlichen, dass unsere Ressourcen endlich, dass heißt begrenzt, sind. &#8222; Wie wirken Sie selbst am Umweltschutz mit? ,, Ich habe ein umweltfreundliches Haus gebaut.&#8220;  Interviews mit den Projektteilnehmern F., 9. Klasse Findest du das Thema der Woche [&hellip;]</p>
