{"id":930,"date":"2019-07-03T19:58:06","date_gmt":"2019-07-03T17:58:06","guid":{"rendered":"https:\/\/wordpress.nibis.de\/rsgebhardshagen\/?page_id=930"},"modified":"2020-09-15T11:27:23","modified_gmt":"2020-09-15T09:27:23","slug":"voll-oeko-was-geht","status":"publish","type":"page","link":"https:\/\/wordpress.nibis.de\/rsgebhardshagen\/voll-oeko-was-geht\/","title":{"rendered":"Voll \u00d6ko &#8211; Was geht?"},"content":{"rendered":"<p><strong><span style=\"color: #ff0777\">Interview mit Herrn Lippke<\/span><\/strong><\/p>\n<ul>\n<li>Was ist das Thema Ihres Projekts? ,, Wir erarbeiten Sketche zum Thema Umweltschutz.&#8220;<\/li>\n<li>Was wollen Sie in dieser Woche erreichen? ,,Ich w\u00fcrde mir w\u00fcnschen, dass sich die Sch\u00fclerinnen und Sch\u00fcler umweltbewusster verhalten.&#8220;<\/li>\n<li>Wie wirken Sie selbst am Umweltschutz mit? ,, Ich trenne meinen M\u00fcll und versuche mein Auto m\u00f6glichst oft stehen zu lassen, um statt dessen mein Fahrrad zu nehmen. Au\u00dferdem esse ich weniger Fleisch und kaufe \u00fcberwiegend biologisch erzeugte, regionale Produkte.&#8220;<\/li>\n<\/ul>\n\n\n<div class=\"wp-block-image\"><figure class=\"aligncenter\"><img loading=\"lazy\" decoding=\"async\" width=\"960\" height=\"540\" src=\"https:\/\/wordpress.nibis.de\/rsgebhardshagen\/files\/2019\/07\/environmental-protection-683437_960_720.jpg\" alt=\"\" class=\"wp-image-932\" srcset=\"https:\/\/wordpress.nibis.de\/rsgebhardshagen\/files\/2019\/07\/environmental-protection-683437_960_720.jpg 960w, https:\/\/wordpress.nibis.de\/rsgebhardshagen\/files\/2019\/07\/environmental-protection-683437_960_720-300x169.jpg 300w, https:\/\/wordpress.nibis.de\/rsgebhardshagen\/files\/2019\/07\/environmental-protection-683437_960_720-768x432.jpg 768w\" sizes=\"auto, (max-width: 960px) 100vw, 960px\" \/><\/figure><\/div>\n\n\n<p><strong><span style=\"color: #ff0777\">Interview mit Projektteilnehmer <\/span><\/strong><\/p>\n<p><span style=\"color: #ff7400\"><strong>P., 5. 9. Klasse<\/strong><\/span><\/p>\n<ul>\n<li>Findest du das Thema der Woche gut? ,,Ja.&#8220;<\/li>\n<li>Warum hast du dieses Projekt gew\u00e4hlt? ,, Es hat sich spannend angeh\u00f6rt.&#8220;<\/li>\n<li>Was habt ihr in eurer Gruppe bislang alles gemacht? ,,Wir haben uns Themen herausgesucht, waren in der Aula und im Computerraum.&#8220;<\/li>\n<li>Welche Bereiche deines Projekts machen dir besonders viel Spa\u00df? ,, Wir durften vor unserem Sketch Bobby-Car fahren.&#8220;<\/li>\n<li>Was tust du selbst f\u00fcr den Umweltschutz? ,,Ich fahre mehr Fahrrad.&#8220;<\/li>\n<\/ul>","protected":false},"excerpt":{"rendered":"<p>Interview mit Herrn Lippke Was ist das Thema Ihres Projekts? ,, Wir erarbeiten Sketche zum Thema Umweltschutz.&#8220; Was wollen Sie in dieser Woche erreichen? ,,Ich w\u00fcrde mir w\u00fcnschen, dass sich die Sch\u00fclerinnen und Sch\u00fcler umweltbewusster verhalten.&#8220; Wie wirken Sie selbst am Umweltschutz mit? ,, Ich trenne meinen M\u00fcll und versuche mein Auto m\u00f6glichst oft stehen [&hellip;]<\/p>\n","protected":false},"author":9193020,"featured_media":0,"parent":0,"menu_order":0,"comment_status":"closed","ping_status":"closed","template":"","meta":{"footnotes":""},"class_list":["post-930","page","type-page","status-publish","hentry"],"_links":{"self":[{"href":"https:\/\/wordpress.nibis.de\/rsgebhardshagen\/wp-json\/wp\/v2\/pages\/930","targetHints":{"allow":["GET"]}}],"collection":[{"href":"https:\/\/wordpress.nibis.de\/rsgebhardshagen\/wp-json\/wp\/v2\/pages"}],"about":[{"href":"https:\/\/wordpress.nibis.de\/rsgebhardshagen\/wp-json\/wp\/v2\/types\/page"}],"author":[{"embeddable":true,"href":"https:\/\/wordpress.nibis.de\/rsgebhardshagen\/wp-json\/wp\/v2\/users\/9193020"}],"replies":[{"embeddable":true,"href":"https:\/\/wordpress.nibis.de\/rsgebhardshagen\/wp-json\/wp\/v2\/comments?post=930"}],"version-history":[{"count":11,"href":"https:\/\/wordpress.nibis.de\/rsgebhardshagen\/wp-json\/wp\/v2\/pages\/930\/revisions"}],"predecessor-version":[{"id":1589,"href":"https:\/\/wordpress.nibis.de\/rsgebhardshagen\/wp-json\/wp\/v2\/pages\/930\/revisions\/1589"}],"wp:attachment":[{"href":"https:\/\/wordpress.nibis.de\/rsgebhardshagen\/wp-json\/wp\/v2\/media?parent=930"}],"curies":[{"name":"wp","href":"https:\/\/api.w.org\/{rel}","templated":true}]}}

Voll Öko &#8211; Was geht?

<p><strong><span style="color: #ff0777">Interview mit Herrn Lippke</span></strong></p>
<ul>
<li>Was ist das Thema Ihres Projekts? ,, Wir erarbeiten Sketche zum Thema Umweltschutz.&#8220;</li>
<li>Was wollen Sie in dieser Woche erreichen? ,,Ich würde mir wünschen, dass sich die Schülerinnen und Schüler umweltbewusster verhalten.&#8220;</li>
<li>Wie wirken Sie selbst am Umweltschutz mit? ,, Ich trenne meinen Müll und versuche mein Auto möglichst oft stehen zu lassen, um statt dessen mein Fahrrad zu nehmen. Außerdem esse ich weniger Fleisch und kaufe überwiegend biologisch erzeugte, regionale Produkte.&#8220;</li>
</ul>


<div class="wp-block-image"><figure class="aligncenter"><img loading="lazy" decoding="async" width="960" height="540" src="https://wordpress.nibis.de/rsgebhardshagen/files/2019/07/environmental-protection-683437_960_720.jpg" alt="" class="wp-image-932" srcset="https://wordpress.nibis.de/rsgebhardshagen/files/2019/07/environmental-protection-683437_960_720.jpg 960w, https://wordpress.nibis.de/rsgebhardshagen/files/2019/07/environmental-protection-683437_960_720-300x169.jpg 300w, https://wordpress.nibis.de/rsgebhardshagen/files/2019/07/environmental-protection-683437_960_720-768x432.jpg 768w" sizes="auto, (max-width: 960px) 100vw, 960px" /></figure></div>


<p><strong><span style="color: #ff0777">Interview mit Projektteilnehmer </span></strong></p>
<p><span style="color: #ff7400"><strong>P., 5. 9. Klasse</strong></span></p>
<ul>
<li>Findest du das Thema der Woche gut? ,,Ja.&#8220;</li>
<li>Warum hast du dieses Projekt gewählt? ,, Es hat sich spannend angehört.&#8220;</li>
<li>Was habt ihr in eurer Gruppe bislang alles gemacht? ,,Wir haben uns Themen herausgesucht, waren in der Aula und im Computerraum.&#8220;</li>
<li>Welche Bereiche deines Projekts machen dir besonders viel Spaß? ,, Wir durften vor unserem Sketch Bobby-Car fahren.&#8220;</li>
<li>Was tust du selbst für den Umweltschutz? ,,Ich fahre mehr Fahrrad.&#8220;</li>
</ul>

<p>Interview mit Herrn Lippke Was ist das Thema Ihres Projekts? ,, Wir erarbeiten Sketche zum Thema Umweltschutz.&#8220; Was wollen Sie in dieser Woche erreichen? ,,Ich würde mir wünschen, dass sich die Schülerinnen und Schüler umweltbewusster verhalten.&#8220; Wie wirken Sie selbst am Umweltschutz mit? ,, Ich trenne meinen Müll und versuche mein Auto möglichst oft stehen [&hellip;]</p>
