{"id":977,"date":"2019-07-04T21:42:22","date_gmt":"2019-07-04T19:42:22","guid":{"rendered":"https:\/\/wordpress.nibis.de\/rsgebhardshagen\/?page_id=977"},"modified":"2020-09-15T11:33:02","modified_gmt":"2020-09-15T09:33:02","slug":"lebensraum-baum","status":"publish","type":"page","link":"https:\/\/wordpress.nibis.de\/rsgebhardshagen\/lebensraum-baum\/","title":{"rendered":"Lebensraum Baum"},"content":{"rendered":"\n<p><strong>Reporterteam: Luca, Ian, Lorenz<\/strong><\/p>\n\n\n<p><strong><span class=\"tadv-color\" style=\"color: #ff0777\">Interview mit Frau Cyron<\/span><\/strong><\/p>\n\n\n<ul class=\"wp-block-list\"><li>Was wollen Sie in dieser Woche erreichen? ,, Ich m\u00f6chte den Wert der B\u00e4ume f\u00fcr den Menschen, die Tiere und das Klima begreifbar machen.&#8220;<\/li><li>Wie wirken&nbsp;Sie bei&nbsp;dem Klimaschutz mit? ,,Ich verzichte m\u00f6glichst auf Plastik, versuche Strom zu sparen und trenne M\u00fcll.&#8220;<\/li><\/ul>\n\n\n\n<div class=\"wp-block-image\"><figure class=\"aligncenter\"><img loading=\"lazy\" decoding=\"async\" width=\"1024\" height=\"497\" src=\"https:\/\/wordpress.nibis.de\/rsgebhardshagen\/files\/2019\/07\/62f5461e-e1bf-4f4e-bcb3-bbca048b8f5c-1024x497.jpg\" alt=\"\" class=\"wp-image-995\" srcset=\"https:\/\/wordpress.nibis.de\/rsgebhardshagen\/files\/2019\/07\/62f5461e-e1bf-4f4e-bcb3-bbca048b8f5c-1024x497.jpg 1024w, https:\/\/wordpress.nibis.de\/rsgebhardshagen\/files\/2019\/07\/62f5461e-e1bf-4f4e-bcb3-bbca048b8f5c-300x146.jpg 300w, https:\/\/wordpress.nibis.de\/rsgebhardshagen\/files\/2019\/07\/62f5461e-e1bf-4f4e-bcb3-bbca048b8f5c-768x373.jpg 768w, https:\/\/wordpress.nibis.de\/rsgebhardshagen\/files\/2019\/07\/62f5461e-e1bf-4f4e-bcb3-bbca048b8f5c.jpg 1600w\" sizes=\"auto, (max-width: 1024px) 100vw, 1024px\" \/><\/figure><\/div>\n\n\n\n<p><span style=\"color:#ff0777\" class=\"tadv-color\"><strong>Interviews mit den Projektteilnehmern<\/strong><\/span><\/p>\n\n\n<p><span style=\"color: #ff7400\"><strong>M., 9. Klasse<\/strong><\/span><\/p>\n\n\n<ul class=\"wp-block-list\"><li>Findest du das Thema der Woche gut?,,Ja, weil wir an der Natur sind.&#8220;<\/li><li>Warum hast du das Projekt gew\u00e4hlt? ,,Ich m\u00f6chte mehr \u00fcber B\u00e4ume erfahren.&#8220;<\/li><li>Was habt ihr bislang in der Gruppe alles gemacht? ,,Wir waren am Dienstag im Wald.&#8220;<\/li><li>Welche Bereiche deines Projektes machen dir besonders viel Spa\u00df? ,,Ich mag es, dass wir viel drau\u00dfen sind.&#8220; <\/li><li>Was tust du selbst f\u00fcr den Umweltschutz? ,,Ich sortiere M\u00fcll und fahre mehr mit dem Bus als mit dem Auto.&#8220;<\/li><\/ul>\n\n\n<p><span style=\"color: #ff7400\"><strong>M.,7. Klasse<\/strong><\/span><\/p>\n\n\n<ul class=\"wp-block-list\"><li>Findest du das Thema der Woche gut? ,,Ja weil wir es gemeinsam als Schule durchf\u00fchren.&#8220;<\/li><li>Warum hast du dieses Projekt gew\u00e4hlt? ,, Weil ich das Thema cool finde.&#8220;<\/li><li>Was habt ihr in eurer Gruppe bislang gemacht? ,,Wir waren im Wald.&#8220;<\/li><li>Welche Bereiche deines Projektes machen dir besonders viel Spa\u00df? ,,Mir macht das Gestalten der Plakate besonders viel Spa\u00df.&#8220;<\/li><li>Was tust du selbst f\u00fcr den Umweltschutz? ,,Ich fahre sehr viel mit dem Bus.&#8220;&nbsp;<\/li><\/ul>\n\n\n<p><span style=\"color: #ff7400\"><strong>T., 9. Klasse<\/strong><\/span><\/p>\n\n\n<ul>\n<li>Findest du das Thema der Woche gut? ,,Ja, es ist ein wichtiges und aktuelles Thema.&#8220;<\/li>\n<li>Warum hast du dieses Projekt gew\u00e4hlt? ,, Ich habe gemeinsam mit meinen Freunden ein Projekt ausgew\u00e4hlt.&#8220;&nbsp;<\/li>\n<li>Was habt ihr in eurer Gruppe bislang gemacht? &#8222;Wir waren&nbsp;wandern und haben die Aufgaben von B\u00e4umen kennengelernt.&nbsp;<\/li>\n<li>Welche Bereiche Deines Projektes machen dir besonders viel Spa\u00df? ,,Der Unterricht ist sehr entspannend, weil wie viel an der frischen Luft sind.&#8220;<\/li>\n<li>Was tust Du selbst f\u00fcr die Umwelt? ,, Ich sortiere den M\u00fcll und fahre mit dem Bus.&#8220;&nbsp;<\/li>\n<\/ul>\n","protected":false},"excerpt":{"rendered":"<p>Reporterteam: Luca, Ian, Lorenz Interview mit Frau Cyron Was wollen Sie in dieser Woche erreichen? ,, Ich m\u00f6chte den Wert der B\u00e4ume f\u00fcr den Menschen, die Tiere und das Klima begreifbar machen.&#8220; Wie wirken&nbsp;Sie bei&nbsp;dem Klimaschutz mit? ,,Ich verzichte m\u00f6glichst auf Plastik, versuche Strom zu sparen und trenne M\u00fcll.&#8220; Interviews mit den Projektteilnehmern M., 9. [&hellip;]<\/p>\n","protected":false},"author":9193020,"featured_media":0,"parent":0,"menu_order":0,"comment_status":"closed","ping_status":"closed","template":"","meta":{"footnotes":""},"class_list":["post-977","page","type-page","status-publish","hentry"],"_links":{"self":[{"href":"https:\/\/wordpress.nibis.de\/rsgebhardshagen\/wp-json\/wp\/v2\/pages\/977","targetHints":{"allow":["GET"]}}],"collection":[{"href":"https:\/\/wordpress.nibis.de\/rsgebhardshagen\/wp-json\/wp\/v2\/pages"}],"about":[{"href":"https:\/\/wordpress.nibis.de\/rsgebhardshagen\/wp-json\/wp\/v2\/types\/page"}],"author":[{"embeddable":true,"href":"https:\/\/wordpress.nibis.de\/rsgebhardshagen\/wp-json\/wp\/v2\/users\/9193020"}],"replies":[{"embeddable":true,"href":"https:\/\/wordpress.nibis.de\/rsgebhardshagen\/wp-json\/wp\/v2\/comments?post=977"}],"version-history":[{"count":5,"href":"https:\/\/wordpress.nibis.de\/rsgebhardshagen\/wp-json\/wp\/v2\/pages\/977\/revisions"}],"predecessor-version":[{"id":1594,"href":"https:\/\/wordpress.nibis.de\/rsgebhardshagen\/wp-json\/wp\/v2\/pages\/977\/revisions\/1594"}],"wp:attachment":[{"href":"https:\/\/wordpress.nibis.de\/rsgebhardshagen\/wp-json\/wp\/v2\/media?parent=977"}],"curies":[{"name":"wp","href":"https:\/\/api.w.org\/{rel}","templated":true}]}}

<p><strong>Reporterteam: Luca, Ian, Lorenz</strong></p>


<p><strong><span class="tadv-color" style="color: #ff0777">Interview mit Frau Cyron</span></strong></p>


<ul class="wp-block-list"><li>Was wollen Sie in dieser Woche erreichen? ,, Ich möchte den Wert der Bäume für den Menschen, die Tiere und das Klima begreifbar machen.&#8220;</li><li>Wie wirken&nbsp;Sie bei&nbsp;dem Klimaschutz mit? ,,Ich verzichte möglichst auf Plastik, versuche Strom zu sparen und trenne Müll.&#8220;</li></ul>



<div class="wp-block-image"><figure class="aligncenter"><img loading="lazy" decoding="async" width="1024" height="497" src="https://wordpress.nibis.de/rsgebhardshagen/files/2019/07/62f5461e-e1bf-4f4e-bcb3-bbca048b8f5c-1024x497.jpg" alt="" class="wp-image-995" srcset="https://wordpress.nibis.de/rsgebhardshagen/files/2019/07/62f5461e-e1bf-4f4e-bcb3-bbca048b8f5c-1024x497.jpg 1024w, https://wordpress.nibis.de/rsgebhardshagen/files/2019/07/62f5461e-e1bf-4f4e-bcb3-bbca048b8f5c-300x146.jpg 300w, https://wordpress.nibis.de/rsgebhardshagen/files/2019/07/62f5461e-e1bf-4f4e-bcb3-bbca048b8f5c-768x373.jpg 768w, https://wordpress.nibis.de/rsgebhardshagen/files/2019/07/62f5461e-e1bf-4f4e-bcb3-bbca048b8f5c.jpg 1600w" sizes="auto, (max-width: 1024px) 100vw, 1024px" /></figure></div>



<p><span style="color:#ff0777" class="tadv-color"><strong>Interviews mit den Projektteilnehmern</strong></span></p>


<p><span style="color: #ff7400"><strong>M., 9. Klasse</strong></span></p>


<ul class="wp-block-list"><li>Findest du das Thema der Woche gut?,,Ja, weil wir an der Natur sind.&#8220;</li><li>Warum hast du das Projekt gewählt? ,,Ich möchte mehr über Bäume erfahren.&#8220;</li><li>Was habt ihr bislang in der Gruppe alles gemacht? ,,Wir waren am Dienstag im Wald.&#8220;</li><li>Welche Bereiche deines Projektes machen dir besonders viel Spaß? ,,Ich mag es, dass wir viel draußen sind.&#8220; </li><li>Was tust du selbst für den Umweltschutz? ,,Ich sortiere Müll und fahre mehr mit dem Bus als mit dem Auto.&#8220;</li></ul>


<p><span style="color: #ff7400"><strong>M.,7. Klasse</strong></span></p>


<ul class="wp-block-list"><li>Findest du das Thema der Woche gut? ,,Ja weil wir es gemeinsam als Schule durchführen.&#8220;</li><li>Warum hast du dieses Projekt gewählt? ,, Weil ich das Thema cool finde.&#8220;</li><li>Was habt ihr in eurer Gruppe bislang gemacht? ,,Wir waren im Wald.&#8220;</li><li>Welche Bereiche deines Projektes machen dir besonders viel Spaß? ,,Mir macht das Gestalten der Plakate besonders viel Spaß.&#8220;</li><li>Was tust du selbst für den Umweltschutz? ,,Ich fahre sehr viel mit dem Bus.&#8220;&nbsp;</li></ul>


<p><span style="color: #ff7400"><strong>T., 9. Klasse</strong></span></p>


<ul>
<li>Findest du das Thema der Woche gut? ,,Ja, es ist ein wichtiges und aktuelles Thema.&#8220;</li>
<li>Warum hast du dieses Projekt gewählt? ,, Ich habe gemeinsam mit meinen Freunden ein Projekt ausgewählt.&#8220;&nbsp;</li>
<li>Was habt ihr in eurer Gruppe bislang gemacht? &#8222;Wir waren&nbsp;wandern und haben die Aufgaben von Bäumen kennengelernt.&nbsp;</li>
<li>Welche Bereiche Deines Projektes machen dir besonders viel Spaß? ,,Der Unterricht ist sehr entspannend, weil wie viel an der frischen Luft sind.&#8220;</li>
<li>Was tust Du selbst für die Umwelt? ,, Ich sortiere den Müll und fahre mit dem Bus.&#8220;&nbsp;</li>
</ul>

<p>Reporterteam: Luca, Ian, Lorenz Interview mit Frau Cyron Was wollen Sie in dieser Woche erreichen? ,, Ich möchte den Wert der Bäume für den Menschen, die Tiere und das Klima begreifbar machen.&#8220; Wie wirken&nbsp;Sie bei&nbsp;dem Klimaschutz mit? ,,Ich verzichte möglichst auf Plastik, versuche Strom zu sparen und trenne Müll.&#8220; Interviews mit den Projektteilnehmern M., 9. [&hellip;]</p>
