{"id":987,"date":"2019-07-04T22:07:08","date_gmt":"2019-07-04T20:07:08","guid":{"rendered":"https:\/\/wordpress.nibis.de\/rsgebhardshagen\/?page_id=987"},"modified":"2020-09-15T11:33:47","modified_gmt":"2020-09-15T09:33:47","slug":"kosmetik-ohne-mikroplastik","status":"publish","type":"page","link":"https:\/\/wordpress.nibis.de\/rsgebhardshagen\/kosmetik-ohne-mikroplastik\/","title":{"rendered":"Kosmetik ohne Mikroplastik"},"content":{"rendered":"\n<figure class=\"wp-block-gallery columns-3 is-cropped wp-block-gallery-1 is-layout-flex wp-block-gallery-is-layout-flex\"><ul class=\"blocks-gallery-grid\"><li class=\"blocks-gallery-item\"><figure><img loading=\"lazy\" decoding=\"async\" width=\"1024\" height=\"497\" src=\"https:\/\/wordpress.nibis.de\/rsgebhardshagen\/files\/2019\/07\/0eaca8c0-fb8c-4efa-b3f6-d6845aaeb73f-1024x497.jpg\" alt=\"\" data-id=\"988\" data-link=\"https:\/\/wordpress.nibis.de\/rsgebhardshagen\/?attachment_id=988\" class=\"wp-image-988\" srcset=\"https:\/\/wordpress.nibis.de\/rsgebhardshagen\/files\/2019\/07\/0eaca8c0-fb8c-4efa-b3f6-d6845aaeb73f-1024x497.jpg 1024w, https:\/\/wordpress.nibis.de\/rsgebhardshagen\/files\/2019\/07\/0eaca8c0-fb8c-4efa-b3f6-d6845aaeb73f-300x146.jpg 300w, https:\/\/wordpress.nibis.de\/rsgebhardshagen\/files\/2019\/07\/0eaca8c0-fb8c-4efa-b3f6-d6845aaeb73f-768x373.jpg 768w, https:\/\/wordpress.nibis.de\/rsgebhardshagen\/files\/2019\/07\/0eaca8c0-fb8c-4efa-b3f6-d6845aaeb73f.jpg 1600w\" sizes=\"auto, (max-width: 1024px) 100vw, 1024px\" \/><\/figure><\/li><li class=\"blocks-gallery-item\"><figure><img loading=\"lazy\" decoding=\"async\" width=\"497\" height=\"1024\" src=\"https:\/\/wordpress.nibis.de\/rsgebhardshagen\/files\/2019\/07\/38a56bd1-971e-4359-a7b9-6d94c4f7ebe0-497x1024.jpg\" alt=\"\" data-id=\"989\" data-link=\"https:\/\/wordpress.nibis.de\/rsgebhardshagen\/?attachment_id=989\" class=\"wp-image-989\" srcset=\"https:\/\/wordpress.nibis.de\/rsgebhardshagen\/files\/2019\/07\/38a56bd1-971e-4359-a7b9-6d94c4f7ebe0-497x1024.jpg 497w, https:\/\/wordpress.nibis.de\/rsgebhardshagen\/files\/2019\/07\/38a56bd1-971e-4359-a7b9-6d94c4f7ebe0-146x300.jpg 146w, https:\/\/wordpress.nibis.de\/rsgebhardshagen\/files\/2019\/07\/38a56bd1-971e-4359-a7b9-6d94c4f7ebe0-768x1581.jpg 768w, https:\/\/wordpress.nibis.de\/rsgebhardshagen\/files\/2019\/07\/38a56bd1-971e-4359-a7b9-6d94c4f7ebe0.jpg 777w\" sizes=\"auto, (max-width: 497px) 100vw, 497px\" \/><\/figure><\/li><li class=\"blocks-gallery-item\"><figure><img loading=\"lazy\" decoding=\"async\" width=\"497\" height=\"1024\" src=\"https:\/\/wordpress.nibis.de\/rsgebhardshagen\/files\/2019\/07\/0b55a10e-d8e7-490e-be09-358857489164-497x1024.jpg\" alt=\"\" data-id=\"990\" data-link=\"https:\/\/wordpress.nibis.de\/rsgebhardshagen\/?attachment_id=990\" class=\"wp-image-990\" srcset=\"https:\/\/wordpress.nibis.de\/rsgebhardshagen\/files\/2019\/07\/0b55a10e-d8e7-490e-be09-358857489164-497x1024.jpg 497w, https:\/\/wordpress.nibis.de\/rsgebhardshagen\/files\/2019\/07\/0b55a10e-d8e7-490e-be09-358857489164-146x300.jpg 146w, https:\/\/wordpress.nibis.de\/rsgebhardshagen\/files\/2019\/07\/0b55a10e-d8e7-490e-be09-358857489164-768x1581.jpg 768w, https:\/\/wordpress.nibis.de\/rsgebhardshagen\/files\/2019\/07\/0b55a10e-d8e7-490e-be09-358857489164.jpg 777w\" sizes=\"auto, (max-width: 497px) 100vw, 497px\" \/><\/figure><\/li><\/ul><\/figure>\n\n\n<p><strong><span style=\"color: #ff0777\">Interview mit Frau Labesehr<\/span><\/strong><\/p>\n<ul>\n<li>Was ist das Thema Ihres Projekts? ,, Wir stellen unsere eigene Seife \u00a0her.&#8220;<\/li>\n<li>Was wollen Sie in dieser Woche erreichen? ,, Mir ist es wichtig, dass die Sch\u00fcler eine Alternative zu Seife aus dem Supermarkt kennenlernen, die auch gleichzeitig die Umwelt schonen.&#8220;<\/li>\n<li>Wie wirken Sie selbst am Umweltschutz mit? ,, Ich verwende keine Plastikt\u00fcten und benutze h\u00e4ufig das Fahrrad statt des Autos. Au\u00dferdem kaufe ich Produkte aus der Region und bem\u00fche mich, weniger weg zu schmei\u00dfen.&#8220;\u00a0<\/li>\n<\/ul>\n<p><strong><span style=\"color: #ff0777\">Interviews mit den Projektteilnehmern<\/span><\/strong><\/p>\n<p><span style=\"color: #ff7400\"><strong>S., 5. Klasse<\/strong><\/span><\/p>\n<ul>\n<li>Findest du das Thema der Woche gut? ,,Ja!&#8220;<\/li>\n<li>Warum hast du dieses Projekt gew\u00e4hlt? ,,Weil es sich spannend angeh\u00f6rt hat, habe ich mich f\u00fcr dieses Projekt entschieden.<\/li>\n<li>Was habt ihre in eurer<span class=\"Apple-converted-space\">\u00a0<\/span>Gruppe bislang alles gemacht? ,, Wir haben Seife selber gemacht.&#8220;<\/li>\n<li>Welche Bereiche deines Projekts machen dir besonders viel Spa\u00df? ,,Das Experimentieren mit der Seife.&#8220;<\/li>\n<li>Was tust du selber f\u00fcr den Umweltschutz?<br \/>,,Ich trenne meinen M\u00fcll, gehe gern in den Wald und hebe Plastikm\u00fcll auf.&#8220;<\/li>\n<\/ul>","protected":false},"excerpt":{"rendered":"<p>Interview mit Frau Labesehr Was ist das Thema Ihres Projekts? ,, Wir stellen unsere eigene Seife \u00a0her.&#8220; Was wollen Sie in dieser Woche erreichen? ,, Mir ist es wichtig, dass die Sch\u00fcler eine Alternative zu Seife aus dem Supermarkt kennenlernen, die auch gleichzeitig die Umwelt schonen.&#8220; Wie wirken Sie selbst am Umweltschutz mit? ,, Ich [&hellip;]<\/p>\n","protected":false},"author":9193020,"featured_media":0,"parent":0,"menu_order":0,"comment_status":"closed","ping_status":"closed","template":"","meta":{"footnotes":""},"class_list":["post-987","page","type-page","status-publish","hentry"],"_links":{"self":[{"href":"https:\/\/wordpress.nibis.de\/rsgebhardshagen\/wp-json\/wp\/v2\/pages\/987","targetHints":{"allow":["GET"]}}],"collection":[{"href":"https:\/\/wordpress.nibis.de\/rsgebhardshagen\/wp-json\/wp\/v2\/pages"}],"about":[{"href":"https:\/\/wordpress.nibis.de\/rsgebhardshagen\/wp-json\/wp\/v2\/types\/page"}],"author":[{"embeddable":true,"href":"https:\/\/wordpress.nibis.de\/rsgebhardshagen\/wp-json\/wp\/v2\/users\/9193020"}],"replies":[{"embeddable":true,"href":"https:\/\/wordpress.nibis.de\/rsgebhardshagen\/wp-json\/wp\/v2\/comments?post=987"}],"version-history":[{"count":2,"href":"https:\/\/wordpress.nibis.de\/rsgebhardshagen\/wp-json\/wp\/v2\/pages\/987\/revisions"}],"predecessor-version":[{"id":1595,"href":"https:\/\/wordpress.nibis.de\/rsgebhardshagen\/wp-json\/wp\/v2\/pages\/987\/revisions\/1595"}],"wp:attachment":[{"href":"https:\/\/wordpress.nibis.de\/rsgebhardshagen\/wp-json\/wp\/v2\/media?parent=987"}],"curies":[{"name":"wp","href":"https:\/\/api.w.org\/{rel}","templated":true}]}}