{"id":130,"date":"2023-06-07T12:35:56","date_gmt":"2023-06-07T10:35:56","guid":{"rendered":"https:\/\/wordpress.nibis.de\/rsi\/?page_id=130"},"modified":"2023-06-26T11:07:04","modified_gmt":"2023-06-26T09:07:04","slug":"beratungslehrkraft","status":"publish","type":"page","link":"https:\/\/wordpress.nibis.de\/rsi\/beratungslehrkraft\/","title":{"rendered":"Beratungslehrkraft"},"content":{"rendered":"\n<div class=\"wp-block-media-text alignwide has-media-on-the-right is-stacked-on-mobile is-vertically-aligned-top\" style=\"grid-template-columns:auto 25%\"><figure class=\"wp-block-media-text__media\"><img loading=\"lazy\" decoding=\"async\" width=\"400\" height=\"600\" src=\"https:\/\/wordpress.nibis.de\/rsi\/files\/2023\/06\/Beratungslehrkraft.jpg\" alt=\"\" class=\"wp-image-318 size-full\" srcset=\"https:\/\/wordpress.nibis.de\/rsi\/files\/2023\/06\/Beratungslehrkraft.jpg 400w, https:\/\/wordpress.nibis.de\/rsi\/files\/2023\/06\/Beratungslehrkraft-200x300.jpg 200w\" sizes=\"auto, (max-width: 400px) 100vw, 400px\" \/><\/figure><div class=\"wp-block-media-text__content\">\n<p>Mein Name ist Christina Stelke. Seit 2017 arbeite ich neben meiner Unterrichtst\u00e4tigkeit an der Realschule Gro\u00df Ilsede als Beratungslehrerin.<\/p>\n\n\n\n<p>Als Beratungslehrerin biete ich Beratungsgespr\u00e4che f\u00fcr Sch\u00fclerinnen und Sch\u00fcler, f\u00fcr Eltern und f\u00fcr das Kollegium an, um Sie und euch bei der Bew\u00e4ltigung von auftretenden Problemen zu unterst\u00fctzen.<\/p>\n\n\n\n<p><strong>In welchen Situationen hilft die Beratungslehrerin?<\/strong><\/p>\n\n\n\n<p>Die Beratungslehrerin kann angesprochen werden, wenn im Umfeld Schule Probleme, Fragen, Belastungen oder \u00c4hnliches auftreten.<\/p>\n\n\n\n<p>Dies k\u00f6nnen beispielsweise sein:<\/p>\n\n\n\n<ul class=\"wp-block-list\"><li>Lern- und Leistungsschwierigkeiten<\/li><li>Pers\u00f6nliche Probleme<\/li><li>Verhaltensauff\u00e4lligkeiten<\/li><li>Schulangst<\/li><li>Fragen zur Schullaufbahn<\/li><\/ul>\n\n\n\n<p><strong>Nach welchen Grunds\u00e4tzen wird die Beratung durchgef\u00fchrt?<\/strong><\/p>\n\n\n\n<p>Die Teilnahme an den Beratungsgespr\u00e4chen ist freiwillig und die Inhalte werden von mir selbstverst\u00e4ndlich vertraulich behandelt.<\/p>\n\n\n\n<p>Die Beratung erfolgt unabh\u00e4ngig von anderen Schulgremien, aber im Rahmen der schulinternen Verantwortungsstruktur.<\/p>\n\n\n\n<p>In der Beratung werden von mir keine fertigen L\u00f6sungswege pr\u00e4sentiert, sondern wir suchen gemeinsam nach Wegen aus der Krise.<\/p>\n\n\n\n<p>Falls notwendig, k\u00f6nnen auch Kontakte zu anderen Beratungseinrichtungen vermittelt werden.<\/p>\n\n\n\n<p><strong>Sprechstunde<\/strong><\/p>\n\n\n\n<p>Eine Sprechstunde biete ich im Beratungsraum (gegen\u00fcber dem Physikraum) an. Termin erfolgt nach Vereinbarung per E-Mail: <a href=\"m&#97;&#105;&#x6c;&#x74;o&#58;&#104;&#x75;&#x6e;&#x64;e&#115;&#104;&#x61;&#x67;en&#64;&#x72;&#x73;&#x2d;i&#108;&#115;&#x65;&#x64;e&#46;&#100;&#x65;\">&#x73;&#x74;&#101;l&#x6b;&#x65;&#x40;&#114;s&#x2d;&#x69;&#x6c;&#115;e&#x64;&#x65;&#x2e;&#100;e<\/a>.<\/p>\n<\/div><\/div>\n","protected":false},"excerpt":{"rendered":"<p>Mein Name ist Christina Stelke. Seit 2017 arbeite ich neben meiner Unterrichtst\u00e4tigkeit an der Realschule Gro\u00df Ilsede als Beratungslehrerin. Als Beratungslehrerin biete ich Beratungsgespr\u00e4che f\u00fcr &hellip; <\/p>\n","protected":false},"author":953,"featured_media":0,"parent":0,"menu_order":0,"comment_status":"closed","ping_status":"closed","template":"","meta":{"footnotes":""},"class_list":["post-130","page","type-page","status-publish","hentry"],"_links":{"self":[{"href":"https:\/\/wordpress.nibis.de\/rsi\/wp-json\/wp\/v2\/pages\/130","targetHints":{"allow":["GET"]}}],"collection":[{"href":"https:\/\/wordpress.nibis.de\/rsi\/wp-json\/wp\/v2\/pages"}],"about":[{"href":"https:\/\/wordpress.nibis.de\/rsi\/wp-json\/wp\/v2\/types\/page"}],"author":[{"embeddable":true,"href":"https:\/\/wordpress.nibis.de\/rsi\/wp-json\/wp\/v2\/users\/953"}],"replies":[{"embeddable":true,"href":"https:\/\/wordpress.nibis.de\/rsi\/wp-json\/wp\/v2\/comments?post=130"}],"version-history":[{"count":8,"href":"https:\/\/wordpress.nibis.de\/rsi\/wp-json\/wp\/v2\/pages\/130\/revisions"}],"predecessor-version":[{"id":333,"href":"https:\/\/wordpress.nibis.de\/rsi\/wp-json\/wp\/v2\/pages\/130\/revisions\/333"}],"wp:attachment":[{"href":"https:\/\/wordpress.nibis.de\/rsi\/wp-json\/wp\/v2\/media?parent=130"}],"curies":[{"name":"wp","href":"https:\/\/api.w.org\/{rel}","templated":true}]}}