{"id":134,"date":"2023-06-07T12:37:04","date_gmt":"2023-06-07T10:37:04","guid":{"rendered":"https:\/\/wordpress.nibis.de\/rsi\/?page_id=134"},"modified":"2023-06-26T11:14:08","modified_gmt":"2023-06-26T09:14:08","slug":"schulelternrat","status":"publish","type":"page","link":"https:\/\/wordpress.nibis.de\/rsi\/schulelternrat\/","title":{"rendered":"Schulelternrat"},"content":{"rendered":"\n<p>Nur mit tatkr\u00e4ftiger Unterst\u00fctzung durch die Elternschaft kann Schule zum Erfolg f\u00fchren. Auch in diesem Schuljahr sind wir froh, dass unsere Eltern sich so stark engagieren.<\/p>\n\n\n\n<p><strong>1. Vorsitzender&nbsp;&nbsp;&nbsp;&nbsp;&nbsp;&nbsp;&nbsp;&nbsp;&nbsp;<\/strong><\/p>\n\n\n\n<p><strong>2. Vorsitzender<\/strong>&nbsp;&nbsp;<\/p>\n","protected":false},"excerpt":{"rendered":"<p>Nur mit tatkr\u00e4ftiger Unterst\u00fctzung durch die Elternschaft kann Schule zum Erfolg f\u00fchren. Auch in diesem Schuljahr sind wir froh, dass unsere Eltern sich so stark &hellip; <\/p>\n","protected":false},"author":953,"featured_media":0,"parent":0,"menu_order":0,"comment_status":"closed","ping_status":"closed","template":"","meta":{"footnotes":""},"class_list":["post-134","page","type-page","status-publish","hentry"],"_links":{"self":[{"href":"https:\/\/wordpress.nibis.de\/rsi\/wp-json\/wp\/v2\/pages\/134","targetHints":{"allow":["GET"]}}],"collection":[{"href":"https:\/\/wordpress.nibis.de\/rsi\/wp-json\/wp\/v2\/pages"}],"about":[{"href":"https:\/\/wordpress.nibis.de\/rsi\/wp-json\/wp\/v2\/types\/page"}],"author":[{"embeddable":true,"href":"https:\/\/wordpress.nibis.de\/rsi\/wp-json\/wp\/v2\/users\/953"}],"replies":[{"embeddable":true,"href":"https:\/\/wordpress.nibis.de\/rsi\/wp-json\/wp\/v2\/comments?post=134"}],"version-history":[{"count":3,"href":"https:\/\/wordpress.nibis.de\/rsi\/wp-json\/wp\/v2\/pages\/134\/revisions"}],"predecessor-version":[{"id":336,"href":"https:\/\/wordpress.nibis.de\/rsi\/wp-json\/wp\/v2\/pages\/134\/revisions\/336"}],"wp:attachment":[{"href":"https:\/\/wordpress.nibis.de\/rsi\/wp-json\/wp\/v2\/media?parent=134"}],"curies":[{"name":"wp","href":"https:\/\/api.w.org\/{rel}","templated":true}]}}