{"id":142,"date":"2023-06-07T12:38:40","date_gmt":"2023-06-07T10:38:40","guid":{"rendered":"https:\/\/wordpress.nibis.de\/rsi\/?page_id=142"},"modified":"2023-06-26T12:47:07","modified_gmt":"2023-06-26T10:47:07","slug":"berufsorientierung","status":"publish","type":"page","link":"https:\/\/wordpress.nibis.de\/rsi\/berufsorientierung\/","title":{"rendered":"Berufsorientierung"},"content":{"rendered":"\n<div data-wp-interactive=\"core\/file\" class=\"wp-block-file\"><object data-wp-bind--hidden=\"!state.hasPdfPreview\" hidden class=\"wp-block-file__embed\" data=\"https:\/\/wordpress.nibis.de\/rsi\/files\/2023\/06\/Angebot-der-Berufsberatung.pdf\" type=\"application\/pdf\" style=\"width:100%;height:600px\" aria-label=\"Einbettung von Einbettung von Angebot-der-Berufsberatung..\"><\/object><a id=\"wp-block-file--media-f04a1b4e-3025-4e82-ac6a-278da1c4add8\" href=\"https:\/\/wordpress.nibis.de\/rsi\/files\/2023\/06\/Angebot-der-Berufsberatung.pdf\" target=\"_blank\" rel=\"noreferrer noopener\">Angebot-der-Berufsberatung<\/a><a href=\"https:\/\/wordpress.nibis.de\/rsi\/files\/2023\/06\/Angebot-der-Berufsberatung.pdf\" class=\"wp-block-file__button\" download aria-describedby=\"wp-block-file--media-f04a1b4e-3025-4e82-ac6a-278da1c4add8\">Herunterladen<\/a><\/div>\n\n\n\n<div class=\"wp-block-file\"><a id=\"wp-block-file--media-392c6029-f1d0-4032-a537-667442d084a6\" href=\"https:\/\/wordpress.nibis.de\/rsi\/files\/2023\/06\/Unterrichtskonzept-Berufsorientierung.pdf\">Unterrichtskonzept-Berufsorientierung<\/a><a href=\"https:\/\/wordpress.nibis.de\/rsi\/files\/2023\/06\/Unterrichtskonzept-Berufsorientierung.pdf\" class=\"wp-block-file__button\" download aria-describedby=\"wp-block-file--media-392c6029-f1d0-4032-a537-667442d084a6\">Herunterladen<\/a><\/div>\n\n\n\n<hr class=\"wp-block-separator is-style-wide\"\/>\n\n\n\n<p><strong>Kompetenzanalyse Profil AC<\/strong><\/p>\n\n\n\n<p>Im 8. Jahrgang durchlaufen die Sch\u00fclerinnen und Sch\u00fcler die Kompentenzanalyse, um sich beruflich besser orientieren zu k\u00f6nnen.<\/p>\n\n\n\n<div class=\"wp-block-file\"><a id=\"wp-block-file--media-3bd1f4c9-b699-4dba-8590-5eae09c63f3f\" href=\"https:\/\/wordpress.nibis.de\/rsi\/files\/2023\/06\/Flyer_Kompetenzanalyse_Niedersachsen.pdf\">Flyer_Kompetenzanalyse_Niedersachsen<\/a><a href=\"https:\/\/wordpress.nibis.de\/rsi\/files\/2023\/06\/Flyer_Kompetenzanalyse_Niedersachsen.pdf\" class=\"wp-block-file__button\" download aria-describedby=\"wp-block-file--media-3bd1f4c9-b699-4dba-8590-5eae09c63f3f\">Herunterladen<\/a><\/div>\n\n\n\n<hr class=\"wp-block-separator is-style-wide\"\/>\n\n\n\n<p><strong>Allianz f\u00fcr die Region<\/strong><br><strong>PEIBO &#8211; Berufsorientierung im Landkreis Peine<br>Entscheiden, wie es nach der Schule weitergeht<\/strong><\/p>\n\n\n\n<p><strong>Zielsetzungen<\/strong><\/p>\n\n\n\n<p>Neben dem Schulalltag werden die Jugendlichen auf das Thema Berufsorientierung und die damit verbundenen M\u00f6glichkeiten und H\u00fcrden sensibilisiert. Durch eine rationale, den Interessen entsprechende Berufswahl sollen Praktikums-, Ausbildungs- und Studienabbr\u00fcche vermieden werden \u2013 denn motivierte und vorbereitete Sch\u00fclerinnen und Sch\u00fcler bleiben unserer Region als Fachkr\u00e4fte von morgen erhalten.<\/p>\n\n\n\n<p><strong>Erfolge<\/strong><\/p>\n\n\n\n<p>Beginn im Pilotschuljahr 2017\/2018 mit rund 400 teilnehmenden Sch\u00fcler\/innen.<\/p>\n\n\n\n<p><strong>Partner<\/strong><\/p>\n\n\n\n<ul class=\"wp-block-list\"><li>Agentur f\u00fcr Arbeit Hildesheim<\/li><li>Landkreis Peine<\/li><li>Volksbank BraWo<\/li><\/ul>\n\n\n\n<p><strong>Rolle der Allianz f\u00fcr die Region<\/strong><\/p>\n\n\n\n<p>Als hauptverantwortlicher Tr\u00e4ger von PEIBO \u00fcbernimmt die Allianz f\u00fcr die Region GmbH die Projektorganisation und -koordination sowie die Sicherung von Qualit\u00e4tsstandards.<\/p>\n\n\n\n<hr class=\"wp-block-separator is-style-wide\"\/>\n\n\n\n<p><strong>Start Card<\/strong><\/p>\n\n\n\n<p>StartCard ist ein Netzwerkprojekt der Kreisvolkshochschule Peine, das Sch\u00fclerinnen und Sch\u00fclern Unterst\u00fctzung und Hilfe bei der beruflichen Orientierung bieten m\u00f6chte. Das StartCard-Projekt bietet jungen Menschen in der Region Peine neue Zug\u00e4nge in die Arbeitswelt. Dieses wird in Kooperation mit verschiedenen Schulen im Peiner Land durchgef\u00fchrt. Ziel ist die Verringerung der Zahlen bei den Ausbildungsabbrechern. Die Hauptschule Lengede nimmt nach einer Unterbrechung wieder an diesem Projekt teil.<\/p>\n\n\n\n<p>Die Sch\u00fcler haben f\u00fcnf Ferienzeiten, um die Anforderungen f\u00fcr die StartCard zu erf\u00fcllen. Im Umfang von 70 Std. m\u00fcssen Praktika, Gespr\u00e4che und Beratung au\u00dferhalb der Schulzeit durchgef\u00fchrt werden. Es gibt drei Treffen der Teilnehmer mit der KVHS. Die original Start Card wird von den Betrieben gestempelt und unterschrieben. Wenn alles erf\u00fcllt ist, stellt die KVHS ein Zertifikat aus.<\/p>\n\n\n\n<p>Den Projektlauf finanzieren erstmalig die Bundesagenturen f\u00fcr Arbeit in Hildesheim und Braunschweig fl\u00e4chendeckend f\u00fcr den Landkreis Peine. Grund daf\u00fcr ist die stetig gestiegene Zahl der erfolgreichen Sch\u00fcler, die f\u00fcr ihre in Eigeninitiative und in der Freizeit geleistete Berufsorientierung das Zertifikat erhalten haben.<\/p>\n\n\n\n<hr class=\"wp-block-separator is-style-wide\"\/>\n\n\n\n<p><strong>Kommunikationstraining<\/strong><\/p>\n\n\n\n<div class=\"wp-block-file\"><a id=\"wp-block-file--media-abb07046-f0dd-4f00-ba54-f9c560acb460\" href=\"https:\/\/wordpress.nibis.de\/rsi\/files\/2023\/06\/Infoblatt-und-Ueberblick-Kommunikationtraining.pdf\">Infoblatt-und-Ueberblick-Kommunikationtraining<\/a><a href=\"https:\/\/wordpress.nibis.de\/rsi\/files\/2023\/06\/Infoblatt-und-Ueberblick-Kommunikationtraining.pdf\" class=\"wp-block-file__button\" download aria-describedby=\"wp-block-file--media-abb07046-f0dd-4f00-ba54-f9c560acb460\">Herunterladen<\/a><\/div>\n","protected":false},"excerpt":{"rendered":"<p>Kompetenzanalyse Profil AC Im 8. Jahrgang durchlaufen die Sch\u00fclerinnen und Sch\u00fcler die Kompentenzanalyse, um sich beruflich besser orientieren zu k\u00f6nnen. Allianz f\u00fcr die RegionPEIBO &#8211; &hellip; <\/p>\n","protected":false},"author":953,"featured_media":0,"parent":0,"menu_order":0,"comment_status":"closed","ping_status":"closed","template":"","meta":{"footnotes":""},"class_list":["post-142","page","type-page","status-publish","hentry"],"_links":{"self":[{"href":"https:\/\/wordpress.nibis.de\/rsi\/wp-json\/wp\/v2\/pages\/142","targetHints":{"allow":["GET"]}}],"collection":[{"href":"https:\/\/wordpress.nibis.de\/rsi\/wp-json\/wp\/v2\/pages"}],"about":[{"href":"https:\/\/wordpress.nibis.de\/rsi\/wp-json\/wp\/v2\/types\/page"}],"author":[{"embeddable":true,"href":"https:\/\/wordpress.nibis.de\/rsi\/wp-json\/wp\/v2\/users\/953"}],"replies":[{"embeddable":true,"href":"https:\/\/wordpress.nibis.de\/rsi\/wp-json\/wp\/v2\/comments?post=142"}],"version-history":[{"count":8,"href":"https:\/\/wordpress.nibis.de\/rsi\/wp-json\/wp\/v2\/pages\/142\/revisions"}],"predecessor-version":[{"id":361,"href":"https:\/\/wordpress.nibis.de\/rsi\/wp-json\/wp\/v2\/pages\/142\/revisions\/361"}],"wp:attachment":[{"href":"https:\/\/wordpress.nibis.de\/rsi\/wp-json\/wp\/v2\/media?parent=142"}],"curies":[{"name":"wp","href":"https:\/\/api.w.org\/{rel}","templated":true}]}}

<div data-wp-interactive="core/file" class="wp-block-file"><object data-wp-bind--hidden="!state.hasPdfPreview" hidden class="wp-block-file__embed" data="https://wordpress.nibis.de/rsi/files/2023/06/Angebot-der-Berufsberatung.pdf" type="application/pdf" style="width:100%;height:600px" aria-label="Einbettung von Einbettung von Angebot-der-Berufsberatung.."></object><a id="wp-block-file--media-f04a1b4e-3025-4e82-ac6a-278da1c4add8" href="https://wordpress.nibis.de/rsi/files/2023/06/Angebot-der-Berufsberatung.pdf" target="_blank" rel="noreferrer noopener">Angebot-der-Berufsberatung</a><a href="https://wordpress.nibis.de/rsi/files/2023/06/Angebot-der-Berufsberatung.pdf" class="wp-block-file__button" download aria-describedby="wp-block-file--media-f04a1b4e-3025-4e82-ac6a-278da1c4add8">Herunterladen</a></div>



<div class="wp-block-file"><a id="wp-block-file--media-392c6029-f1d0-4032-a537-667442d084a6" href="https://wordpress.nibis.de/rsi/files/2023/06/Unterrichtskonzept-Berufsorientierung.pdf">Unterrichtskonzept-Berufsorientierung</a><a href="https://wordpress.nibis.de/rsi/files/2023/06/Unterrichtskonzept-Berufsorientierung.pdf" class="wp-block-file__button" download aria-describedby="wp-block-file--media-392c6029-f1d0-4032-a537-667442d084a6">Herunterladen</a></div>



<hr class="wp-block-separator is-style-wide"/>



<p><strong>Kompetenzanalyse Profil AC</strong></p>



<p>Im 8. Jahrgang durchlaufen die Schülerinnen und Schüler die Kompentenzanalyse, um sich beruflich besser orientieren zu können.</p>



<div class="wp-block-file"><a id="wp-block-file--media-3bd1f4c9-b699-4dba-8590-5eae09c63f3f" href="https://wordpress.nibis.de/rsi/files/2023/06/Flyer_Kompetenzanalyse_Niedersachsen.pdf">Flyer_Kompetenzanalyse_Niedersachsen</a><a href="https://wordpress.nibis.de/rsi/files/2023/06/Flyer_Kompetenzanalyse_Niedersachsen.pdf" class="wp-block-file__button" download aria-describedby="wp-block-file--media-3bd1f4c9-b699-4dba-8590-5eae09c63f3f">Herunterladen</a></div>



<hr class="wp-block-separator is-style-wide"/>



<p><strong>Allianz für die Region</strong><br><strong>PEIBO &#8211; Berufsorientierung im Landkreis Peine<br>Entscheiden, wie es nach der Schule weitergeht</strong></p>



<p><strong>Zielsetzungen</strong></p>



<p>Neben dem Schulalltag werden die Jugendlichen auf das Thema Berufsorientierung und die damit verbundenen Möglichkeiten und Hürden sensibilisiert. Durch eine rationale, den Interessen entsprechende Berufswahl sollen Praktikums-, Ausbildungs- und Studienabbrüche vermieden werden – denn motivierte und vorbereitete Schülerinnen und Schüler bleiben unserer Region als Fachkräfte von morgen erhalten.</p>



<p><strong>Erfolge</strong></p>



<p>Beginn im Pilotschuljahr 2017/2018 mit rund 400 teilnehmenden Schüler/innen.</p>



<p><strong>Partner</strong></p>



<ul class="wp-block-list"><li>Agentur für Arbeit Hildesheim</li><li>Landkreis Peine</li><li>Volksbank BraWo</li></ul>



<p><strong>Rolle der Allianz für die Region</strong></p>



<p>Als hauptverantwortlicher Träger von PEIBO übernimmt die Allianz für die Region GmbH die Projektorganisation und -koordination sowie die Sicherung von Qualitätsstandards.</p>



<hr class="wp-block-separator is-style-wide"/>



<p><strong>Start Card</strong></p>



<p>StartCard ist ein Netzwerkprojekt der Kreisvolkshochschule Peine, das Schülerinnen und Schülern Unterstützung und Hilfe bei der beruflichen Orientierung bieten möchte. Das StartCard-Projekt bietet jungen Menschen in der Region Peine neue Zugänge in die Arbeitswelt. Dieses wird in Kooperation mit verschiedenen Schulen im Peiner Land durchgeführt. Ziel ist die Verringerung der Zahlen bei den Ausbildungsabbrechern. Die Hauptschule Lengede nimmt nach einer Unterbrechung wieder an diesem Projekt teil.</p>



<p>Die Schüler haben fünf Ferienzeiten, um die Anforderungen für die StartCard zu erfüllen. Im Umfang von 70 Std. müssen Praktika, Gespräche und Beratung außerhalb der Schulzeit durchgeführt werden. Es gibt drei Treffen der Teilnehmer mit der KVHS. Die original Start Card wird von den Betrieben gestempelt und unterschrieben. Wenn alles erfüllt ist, stellt die KVHS ein Zertifikat aus.</p>



<p>Den Projektlauf finanzieren erstmalig die Bundesagenturen für Arbeit in Hildesheim und Braunschweig flächendeckend für den Landkreis Peine. Grund dafür ist die stetig gestiegene Zahl der erfolgreichen Schüler, die für ihre in Eigeninitiative und in der Freizeit geleistete Berufsorientierung das Zertifikat erhalten haben.</p>



<hr class="wp-block-separator is-style-wide"/>



<p><strong>Kommunikationstraining</strong></p>



<div class="wp-block-file"><a id="wp-block-file--media-abb07046-f0dd-4f00-ba54-f9c560acb460" href="https://wordpress.nibis.de/rsi/files/2023/06/Infoblatt-und-Ueberblick-Kommunikationtraining.pdf">Infoblatt-und-Ueberblick-Kommunikationtraining</a><a href="https://wordpress.nibis.de/rsi/files/2023/06/Infoblatt-und-Ueberblick-Kommunikationtraining.pdf" class="wp-block-file__button" download aria-describedby="wp-block-file--media-abb07046-f0dd-4f00-ba54-f9c560acb460">Herunterladen</a></div>

<p>Kompetenzanalyse Profil AC Im 8. Jahrgang durchlaufen die Schülerinnen und Schüler die Kompentenzanalyse, um sich beruflich besser orientieren zu können. Allianz für die RegionPEIBO &#8211; &hellip; </p>
