{"id":1301,"date":"2019-08-08T15:51:42","date_gmt":"2019-08-08T13:51:42","guid":{"rendered":"https:\/\/wordpress.nibis.de\/rslohne\/?page_id=1301"},"modified":"2024-10-22T08:00:50","modified_gmt":"2024-10-22T06:00:50","slug":"schulsozialarbeit","status":"publish","type":"page","link":"https:\/\/wordpress.nibis.de\/rslohne\/schulsozialarbeit\/","title":{"rendered":"Schulsozialarbeit"},"content":{"rendered":"\n\n\n<div class=\"wp-block-media-text alignwide is-stacked-on-mobile\" style=\"grid-template-columns:20% auto\"><figure class=\"wp-block-media-text__media\"><img loading=\"lazy\" decoding=\"async\" width=\"1920\" height=\"2560\" src=\"https:\/\/wordpress.nibis.de\/rslohne\/files\/2024\/09\/IMG_9006-scaled.jpg\" alt=\"\" class=\"wp-image-2483 size-full\" srcset=\"https:\/\/wordpress.nibis.de\/rslohne\/files\/2024\/09\/IMG_9006-scaled.jpg 1920w, https:\/\/wordpress.nibis.de\/rslohne\/files\/2024\/09\/IMG_9006-106x141.jpg 106w, https:\/\/wordpress.nibis.de\/rslohne\/files\/2024\/09\/IMG_9006-768x1024.jpg 768w, https:\/\/wordpress.nibis.de\/rslohne\/files\/2024\/09\/IMG_9006-1152x1536.jpg 1152w, https:\/\/wordpress.nibis.de\/rslohne\/files\/2024\/09\/IMG_9006-1536x2048.jpg 1536w\" sizes=\"auto, (max-width: 1920px) 100vw, 1920px\" \/><\/figure><div class=\"wp-block-media-text__content\">\n<p style=\"font-size:26px\">Joscha Kriegel<\/p>\n\n\n\n<p><span style=\"font-size: 14pt\">Schulsozialarbeiter<\/span><\/p>\n\n\n\n<p><br>Raum: E.24<br>Tel. 04442 7022092<br>Mail: &#x6a;&#111;s&#x63;&#x68;&#97;&#46;&#x6b;&#x72;&#105;e&#x67;&#101;l&#x40;&#x72;&#101;a&#x6c;&#x73;&#99;h&#x75;&#108;&#101;&#x2d;&#x6c;&#111;h&#x6e;&#x65;&#46;e&#x75;<\/p>\n\n\n\n<p>Zust\u00e4ndigkeitsbereiche:<\/p>\n\n\n\n<p>Ansprechpartner f\u00fcr SuS und Eltern bei Problemen in und au\u00dferhalb der Schule.<\/p>\n<\/div><\/div>\n\n\n\n<p>Besch\u00e4ftigt Dich etwas oder m\u00f6chtest Du einfach mal mit jemandem sprechen?!<br>Dann kannst Du mich gerne ansprechen. Bei Problemen oder Schwierigkeiten unterst\u00fctze ich Dich und Deine Eltern.<\/p>\n\n\n\n<p>Hi, mein Name ist Joscha Kriegel. Ich bin seit Februar 2019 als Schulsozialarbeiter an den beiden Lohner Realschulen durch die Stadt Lohne angestellt und somit f\u00fcr ungef\u00e4hr 700 Sch\u00fclerinnen und Sch\u00fcler zust\u00e4ndig. Nat\u00fcrlich kann ich mich nicht um alle Sch\u00fclerinnen und Sch\u00fcler k\u00fcmmern, aber das muss ich (zum Gl\u00fcck) auch nicht. Wenn es bei dir aber einmal Probleme gibt, komme gerne zu mir!<\/p>\n\n\n\n<p>Meine Aufgabe und das damit verbundene Ziel ist es, die Sch\u00fclerinnen und Sch\u00fcler w\u00e4hrend ihrer Schulzeit zu begleiten und sie in ihrer Lebensweltorientierung individuell zu unterst\u00fctzen.&nbsp;Gemeinsam erarbeiten wir L\u00f6sungen bei schulischen und privaten Problemen.&nbsp;<\/p>\n\n\n\n<p><strong>Meine T\u00e4tigkeitsschwerpunkte:<\/strong><\/p>\n\n\n\n<ul class=\"wp-block-list\"><li>Einzelberatung von Sch\u00fclerinnen und Sch\u00fclern bei Problemen im famili\u00e4ren, au\u00dferfamili\u00e4ren sowie im schulischen Bereich.<\/li><li>Elterngespr\u00e4che \/ -beratung<\/li><li>Vermittlung \/ Kooperationen zu Beratungsstellen und au\u00dferschulischen Institutionen<\/li><li>Sozial- und Kompetenztraining<\/li><li>Gruppensozialtraining<\/li><li>Unterst\u00fctzung des Lehrpersonals<\/li><li>Konfliktbearbeitung<\/li><li>Mobbing und Ausgrenzung bearbeiten<\/li><li>Organisation von Pr\u00e4ventionsangeboten<\/li><li>Hospitation in den Klassen<\/li><li>Betreuung von Arbeitsgemeinschaften im Nachmittagsbereich<\/li><li>Betreuung des \u201eHa-Hi Projekts\u201c (Hausaufgabenhilfe) des Landkreises Vechta<\/li><\/ul>\n\n\n\n<p><strong>Wenn man dem Sozialarbeiter spricht, darf er es weitersagen?<\/strong><\/p>\n\n\n\n<p>Nein! Wenn nicht das Leben von jemand in Gefahr ist, besteht grunds\u00e4tzlich eine Schweigepflicht. Dies gilt auch gegen\u00fcber den Lehrern.&nbsp;<\/p>\n\n\n\n<p>Generell entscheidet der Sch\u00fcler\/ die Sch\u00fclerin, wem etwas mitgeteilt werden darf!<\/p>\n\n\n\n<p><strong>Mit wem arbeitet der Schulsozialarbeiter zusammen?<\/strong><\/p>\n\n\n\n<p>In der Schulsozialarbeit ist ein gro\u00dfes Netzwerk aus vielen verschiedenen Bereichen das A und O. Neben dem regelm\u00e4\u00dfigen Kontakt zur Schulleitung und Lehrkr\u00e4ften, ist der Kontakt zu den Eltern in vielen F\u00e4llen sehr wichtig. Aber auch au\u00dferschulisch, zum Beispiel mit anderen Sozialarbeiterinnen und Sozialarbeitern, dem Jugendamt, dem Jugendtreff, Familienhilfen und vielen mehr, ist ein Austausch oftmals der Schl\u00fcssel zum Erfolg \u2013 zu deinem Erfolg!<\/p>\n\n\n\n<p>Wenn euch etwas bedr\u00fcckt, fragt eure Lehrkr\u00e4fte, ob ihr zu mir gehen k\u00f6nnt. Andernfalls sprecht mich einfach in der Pause an, schreibt mir bei IServ (<a href=\"&#x6d;&#97;i&#x6c;&#116;o&#x3a;&#106;o&#x73;&#x63;&#104;&#x61;&#x2e;&#107;r&#x69;&#101;g&#x65;&#108;&#64;&#x72;&#x65;&#97;&#x6c;&#x73;&#99;h&#x75;&#108;e&#x2d;&#108;o&#x68;&#110;e&#x2e;&#x65;&#117;\">&#x6a;&#x6f;&#x73;&#99;&#104;a&#46;&#x6b;&#x72;&#x69;&#101;&#103;el&#x40;&#x72;&#x65;&#97;&#108;sc&#x68;&#x75;&#x6c;&#101;&#45;lo&#x68;&#x6e;&#x65;&#46;&#101;u<\/a>) oder ruft mich an: 04442 7022092. Sollte ich nicht erreichbar sein, bin ich wahrscheinlich gerade bei der anderen Schule (<a rel=\"noreferrer noopener\" aria-label=\"Schulsozialarbeit an der Albert-Schweitzer-Realschule... (\u00f6ffnet in neuem Tab)\" href=\"https:\/\/www.asr-lohne.de\/seite\/438457\/schulsozialarbeit.html\" target=\"_blank\">Schulsozialarbeit an der Albert-Schweitzer-Realschule&#8230;<\/a>).<\/p>\n\n\n\n\n\n<div class=\"wp-block-media-text alignwide is-stacked-on-mobile\" style=\"grid-template-columns:20% auto\"><figure class=\"wp-block-media-text__media\"><img loading=\"lazy\" decoding=\"async\" width=\"1920\" height=\"2560\" src=\"https:\/\/wordpress.nibis.de\/rslohne\/files\/2024\/09\/IMG_9019-scaled.jpg\" alt=\"\" class=\"wp-image-2485 size-full\" srcset=\"https:\/\/wordpress.nibis.de\/rslohne\/files\/2024\/09\/IMG_9019-scaled.jpg 1920w, https:\/\/wordpress.nibis.de\/rslohne\/files\/2024\/09\/IMG_9019-106x141.jpg 106w, https:\/\/wordpress.nibis.de\/rslohne\/files\/2024\/09\/IMG_9019-768x1024.jpg 768w, https:\/\/wordpress.nibis.de\/rslohne\/files\/2024\/09\/IMG_9019-1152x1536.jpg 1152w, https:\/\/wordpress.nibis.de\/rslohne\/files\/2024\/09\/IMG_9019-1536x2048.jpg 1536w\" sizes=\"auto, (max-width: 1920px) 100vw, 1920px\" \/><\/figure><div class=\"wp-block-media-text__content\">\n<p style=\"font-size:26px\">Ann-Kristin S\u00fcdkamp<\/p>\n\n\n\n<p>Schulsozialarbeiterin<\/p>\n\n\n\n<p><br>Raum: 2.02<br>Tel. 04442 7022093<br>Mail: &#x61;&#110;&#110;-&#x6b;&#x72;&#105;s&#x74;&#x69;&#110;&#46;&#x73;&#x75;&#101;d&#x6b;&#x61;&#109;p&#x40;&#x72;&#101;a&#x6c;&#x73;&#99;&#104;u&#x6c;&#x65;&#45;l&#x6f;&#x68;&#110;e&#x2e;&#x65;&#117;<\/p>\n\n\n\n<p>Zust\u00e4ndigkeitsbereiche:<\/p>\n\n\n\n<p>Ansprechpartner f\u00fcr SuS und Eltern z.B. bei Problemen in und au\u00dferhalb der Schule.<\/p>\n<\/div><\/div>\n\n\n\n<h2><strong>Liebe Sch\u00fclerinnen und Sch\u00fcler, liebe Eltern,<\/strong><\/h2>\n\n\n\n<p>ich m\u00f6chte mich hiermit kurz bei Euch\/Ihnen vorstellen.<\/p>\n\n\n\n<p>Mein Name ist Ann-Kristin S\u00fcdkamp und ich bin seit dem 15.12.2021 neu an der Realschule als Schulsozialarbeiterin und werde Joscha Kriegel bei den verschiedensten Themen unterst\u00fctzen.<\/p>\n\n\n\n<p>Als Ansprechpartnerin f\u00fcr Euch, Eure Eltern und auch f\u00fcr die Lehrerinnen und Lehrer stehe ich bei belastenden Situationen im Schulalltag oder bei Konflikten mit Euren Freunden oder Familien beratend zur Seite. Dabei entscheidet ihr in der Regel, welche Informationen aus unserem Gespr\u00e4ch weitergegeben werden.<\/p>\n\n\n\n<p>Ihr findet mich in meinem B\u00fcro in der&nbsp;zweiten Etage, im Raum 2.02. Nat\u00fcrlich k\u00f6nnt ihr mich auch einfach w\u00e4hrend der Pausen ansprechen. Bei Bedarf ziehen wir uns dann zur\u00fcck, um in Ruhe zu sprechen.<\/p>\n\n\n\n<p>Ich bin montags &#8211; freitags jeden Morgen bis 12.30 Uhr in der Schule f\u00fcr euch ansprechbar. Falls ihr mich nicht antreffen solltet, schreibt mir gerne eine Mail:\u00a0<a rel=\"noreferrer noopener\" href=\"&#x6d;&#x61;&#105;&#108;t&#x6f;&#x3a;&#x61;&#110;n-&#x6b;&#x72;&#105;&#115;t&#x69;&#x6e;&#x2e;&#115;ue&#x64;&#x6b;&#97;&#109;p&#x40;&#x72;&#x65;&#97;ls&#x63;&#x68;&#117;&#108;e&#x2d;&#x6c;&#x6f;&#104;&#110;e&#x2e;&#x65;&#117;\" target=\"_blank\">&#x61;&#x6e;&#x6e;&#x2d;&#107;&#114;ist&#x69;&#x6e;&#x2e;&#x73;&#117;&#101;dka&#x6d;&#x70;&#x40;&#x72;&#101;&#97;&#108;sc&#x68;&#x75;&#x6c;&#x65;&#45;&#108;&#111;hn&#x65;&#x2e;&#x65;&#x75;<\/a>\u00a0<\/p>\n\n\n\n<p>Auf Wunsch und nach R\u00fccksprache k\u00f6nnen Gespr\u00e4chstermine auch au\u00dferhalb dieser Zeiten stattfinden.<\/p>\n\n\n\n<p>Euch und Ihnen als Eltern, stehe ich in Bezug auf Erziehungsfragen, Schule und Freizeit mit Rat und Tat zur Seite. Gemeinsam k\u00f6nnen wir L\u00f6sungen bei schulischen oder privaten Problemen erarbeiten. Ich freue mich, Euch individuell zu begleiten.<\/p>\n\n\n\n<p>Ich freue mich, Euch und Sie kennenzulernen und hoffe auf eine gute Zusammenarbeit.<\/p>\n\n\n\n<p>Liebe Gr\u00fc\u00dfe, Ann-Kristin S\u00fcdkamp<\/p>\n","protected":false},"excerpt":{"rendered":"<p>Besch\u00e4ftigt Dich etwas oder m\u00f6chtest Du einfach mal mit jemandem &hellip; <\/p>\n","protected":false},"author":696,"featured_media":0,"parent":0,"menu_order":15,"comment_status":"closed","ping_status":"closed","template":"","meta":{"footnotes":""},"class_list":["post-1301","page","type-page","status-publish","hentry"],"_links":{"self":[{"href":"https:\/\/wordpress.nibis.de\/rslohne\/wp-json\/wp\/v2\/pages\/1301","targetHints":{"allow":["GET"]}}],"collection":[{"href":"https:\/\/wordpress.nibis.de\/rslohne\/wp-json\/wp\/v2\/pages"}],"about":[{"href":"https:\/\/wordpress.nibis.de\/rslohne\/wp-json\/wp\/v2\/types\/page"}],"author":[{"embeddable":true,"href":"https:\/\/wordpress.nibis.de\/rslohne\/wp-json\/wp\/v2\/users\/696"}],"replies":[{"embeddable":true,"href":"https:\/\/wordpress.nibis.de\/rslohne\/wp-json\/wp\/v2\/comments?post=1301"}],"version-history":[{"count":13,"href":"https:\/\/wordpress.nibis.de\/rslohne\/wp-json\/wp\/v2\/pages\/1301\/revisions"}],"predecessor-version":[{"id":2910,"href":"https:\/\/wordpress.nibis.de\/rslohne\/wp-json\/wp\/v2\/pages\/1301\/revisions\/2910"}],"wp:attachment":[{"href":"https:\/\/wordpress.nibis.de\/rslohne\/wp-json\/wp\/v2\/media?parent=1301"}],"curies":[{"name":"wp","href":"https:\/\/api.w.org\/{rel}","templated":true}]}}