{"id":1751,"date":"2021-10-04T09:09:26","date_gmt":"2021-10-04T07:09:26","guid":{"rendered":"https:\/\/wordpress.nibis.de\/rslohne\/?page_id=1751"},"modified":"2021-10-04T09:09:26","modified_gmt":"2021-10-04T07:09:26","slug":"infomobil-schockemoehle","status":"publish","type":"page","link":"https:\/\/wordpress.nibis.de\/rslohne\/infomobil-schockemoehle\/","title":{"rendered":"Infomobil Schockem\u00f6hle"},"content":{"rendered":"\n<p><a href=\"https:\/\/wordpress.nibis.de\/rslohne\/files\/2021\/10\/schockemoehle2.jpg\"><img loading=\"lazy\" decoding=\"async\" class=\"size-full wp-image-1748 aligncenter\" src=\"https:\/\/wordpress.nibis.de\/rslohne\/files\/2021\/10\/schockemoehle2.jpg\" alt=\"\" width=\"635\" height=\"477\" \/><\/a> <a href=\"https:\/\/wordpress.nibis.de\/rslohne\/files\/2021\/10\/schockemoehle1.jpg\"><img loading=\"lazy\" decoding=\"async\" class=\"size-full wp-image-1747 aligncenter\" src=\"https:\/\/wordpress.nibis.de\/rslohne\/files\/2021\/10\/schockemoehle1.jpg\" alt=\"\" width=\"635\" height=\"477\" \/><\/a><\/p>\n<p>In einem eigens daf\u00fcr ausgestatteten modernen LKW informieren sich Sch\u00fcler und Sch\u00fclerinnen des neunten und zehnten Jahrgangs \u00fcber Berufe im Logistiksektor.<\/p>\n<p>Im Fokus der Aktion stehen die Ausbildungsberufe Berufskraftfahrer, Fachkraft f\u00fcr Lagerlogistik, Fachlagerist\/-in, Kaufmann\/Kauffrau f\u00fcr B\u00fcrokommunikation, IT-Management sowie Spedition und Logistikdienstleistungen. Anhand von Simulationsprogrammen und Vorf\u00fchrungen haben die Sch\u00fcler und Sch\u00fclerinnen die M\u00f6glichkeit, interaktiv N\u00e4heres \u00fcber die Berufe zu erfahren.<\/p>\n<p>Und das sagen unsere Sch\u00fcler:<\/p>\n<p>Moritz:<em> \u201eEinen Einblick in andere Berufe zu bekommen ist immer gut.\u201c<\/em><\/p>\n<p>Justus:<em> \u201eGuter Simulator, wo man die Schwierigkeiten des LKW-Fahrers erleben konnte.\u201c<\/em><\/p>\n<p>Evelina:<em> \u201eGuter \u00dcberblick \u00fcber die verschiedenen Bereiche.\u201c<\/em><\/p>\n","protected":false},"excerpt":{"rendered":"<p>In einem eigens daf\u00fcr ausgestatteten modernen LKW informieren sich Sch\u00fcler &hellip; <\/p>\n","protected":false},"author":696,"featured_media":0,"parent":0,"menu_order":37,"comment_status":"closed","ping_status":"closed","template":"","meta":{"footnotes":""},"class_list":["post-1751","page","type-page","status-publish","hentry"],"_links":{"self":[{"href":"https:\/\/wordpress.nibis.de\/rslohne\/wp-json\/wp\/v2\/pages\/1751","targetHints":{"allow":["GET"]}}],"collection":[{"href":"https:\/\/wordpress.nibis.de\/rslohne\/wp-json\/wp\/v2\/pages"}],"about":[{"href":"https:\/\/wordpress.nibis.de\/rslohne\/wp-json\/wp\/v2\/types\/page"}],"author":[{"embeddable":true,"href":"https:\/\/wordpress.nibis.de\/rslohne\/wp-json\/wp\/v2\/users\/696"}],"replies":[{"embeddable":true,"href":"https:\/\/wordpress.nibis.de\/rslohne\/wp-json\/wp\/v2\/comments?post=1751"}],"version-history":[{"count":1,"href":"https:\/\/wordpress.nibis.de\/rslohne\/wp-json\/wp\/v2\/pages\/1751\/revisions"}],"predecessor-version":[{"id":1752,"href":"https:\/\/wordpress.nibis.de\/rslohne\/wp-json\/wp\/v2\/pages\/1751\/revisions\/1752"}],"wp:attachment":[{"href":"https:\/\/wordpress.nibis.de\/rslohne\/wp-json\/wp\/v2\/media?parent=1751"}],"curies":[{"name":"wp","href":"https:\/\/api.w.org\/{rel}","templated":true}]}}