{"id":1850,"date":"2021-11-26T18:33:34","date_gmt":"2021-11-26T17:33:34","guid":{"rendered":"https:\/\/wordpress.nibis.de\/rslohne\/?page_id=1850"},"modified":"2025-08-16T06:15:15","modified_gmt":"2025-08-16T04:15:15","slug":"fsj-an-der-realschule","status":"publish","type":"page","link":"https:\/\/wordpress.nibis.de\/rslohne\/fsj-an-der-realschule\/","title":{"rendered":"Freiwilliges soziales Jahr"},"content":{"rendered":"\n<p style=\"text-align: justify\">Das freiwillige soziale Jahr (FSJ) ist eine gute M\u00f6glichkeit f\u00fcr diejenigen, die nach der Schule noch nicht sicher sind, wohin die berufliche Reise gehen soll. Unser FSJ-ler Max H\u00f6hler ist nicht nur in der Verwaltung, sondern auch unterst\u00fctzend im schulischen Alltag unterwegs.\u00a0<\/p>\n<p>\u00a0<\/p>\n\n\n\n<div class=\"wp-block-columns is-layout-flex wp-container-core-columns-is-layout-abceabcf wp-block-columns-is-layout-flex\">\n<div class=\"wp-block-column is-layout-flow wp-block-column-is-layout-flow\"><\/div>\n\n\n\n<div class=\"wp-block-column is-layout-flow wp-block-column-is-layout-flow\">\n<p><\/p>\n<p class=\"has-large-font-size\">Max H\u00f6hler<\/p>\n<p> <\/p>\n<p>FSJ-ler<\/p>\n<p> <\/p>\n<p>Raum 1.01<\/p>\n<p><\/p>\n<p>\u00a0<\/p>\n<\/div>\n<\/div>\n\n\n","protected":false},"excerpt":{"rendered":"<p>Das freiwillige soziale Jahr (FSJ) ist eine gute M\u00f6glichkeit f\u00fcr &hellip; <\/p>\n","protected":false},"author":696,"featured_media":0,"parent":0,"menu_order":27,"comment_status":"closed","ping_status":"closed","template":"","meta":{"footnotes":""},"class_list":["post-1850","page","type-page","status-publish","hentry"],"_links":{"self":[{"href":"https:\/\/wordpress.nibis.de\/rslohne\/wp-json\/wp\/v2\/pages\/1850","targetHints":{"allow":["GET"]}}],"collection":[{"href":"https:\/\/wordpress.nibis.de\/rslohne\/wp-json\/wp\/v2\/pages"}],"about":[{"href":"https:\/\/wordpress.nibis.de\/rslohne\/wp-json\/wp\/v2\/types\/page"}],"author":[{"embeddable":true,"href":"https:\/\/wordpress.nibis.de\/rslohne\/wp-json\/wp\/v2\/users\/696"}],"replies":[{"embeddable":true,"href":"https:\/\/wordpress.nibis.de\/rslohne\/wp-json\/wp\/v2\/comments?post=1850"}],"version-history":[{"count":7,"href":"https:\/\/wordpress.nibis.de\/rslohne\/wp-json\/wp\/v2\/pages\/1850\/revisions"}],"predecessor-version":[{"id":3617,"href":"https:\/\/wordpress.nibis.de\/rslohne\/wp-json\/wp\/v2\/pages\/1850\/revisions\/3617"}],"wp:attachment":[{"href":"https:\/\/wordpress.nibis.de\/rslohne\/wp-json\/wp\/v2\/media?parent=1850"}],"curies":[{"name":"wp","href":"https:\/\/api.w.org\/{rel}","templated":true}]}}