{"id":2181,"date":"2023-02-05T18:46:22","date_gmt":"2023-02-05T17:46:22","guid":{"rendered":"https:\/\/wordpress.nibis.de\/rslohne\/?page_id=2181"},"modified":"2023-02-05T18:46:22","modified_gmt":"2023-02-05T17:46:22","slug":"fokus-mensch-ein-grosser-erfolg","status":"publish","type":"page","link":"https:\/\/wordpress.nibis.de\/rslohne\/fokus-mensch-ein-grosser-erfolg\/","title":{"rendered":"&#8222;Fokus Mensch&#8220; ein gro\u00dfer Erfolg"},"content":{"rendered":"\n<p style=\"font-weight: 400\">Im Rahmen der Projektwoche vom 23.1. bis 27.1.2023 konnte das Projekt \u201eFokus Mensch\u201c der Realschule Lohne im gewohnten Rahmen stattfinden. Nach zwei Jahren coronabedingter Einschr\u00e4nkungen, konnten nun die Sch\u00fclerinnen und Sch\u00fcler der Klassenstufe 10 in sozialen Einrichtungen den Menschen in den Blick nehmen. \u201eWir sind so gl\u00fccklich, dass dieses Projekt endlich wieder so stattfinden kann, wie wir es schon viele Jahre zuvor durchgef\u00fchrt haben\u201c, freut sich Lehrerin Silvia Bavendiek, die das Projekt schon von Beginn an begleitet. Fokus Mensch bedeutet, mit Menschen in besonderen Lebenslagen in Kontakt zu treten, sich auf sie zu fokussieren. Die Liste der teilnehmenden Einrichtungen ist lang. So z\u00e4hlten beispielsweise Seniorenwohnheime, Einrichtungen f\u00fcr Menschen mit einer Beeintr\u00e4chtigung, Kinderg\u00e4rten, ein Hospiz und eine Psychiatrie zu den Orten der Begegnungen.<\/p>\n<p style=\"font-weight: 400\">Neben dem Besuch der Einrichtungen fand zeitgleich eine Zusammenkunft mit der Erich K\u00e4stner-Schule aus Vechta statt. So kamen acht Sch\u00fclerinnen und Sch\u00fcler der Erich K\u00e4stner-Schule drei Tage an die Realschule, um dort mit 18 Realsch\u00fclern Sport zu treiben bzw. k\u00fcnstlerisch aktiv zu werden. Unter dem Motto \u201eGef\u00fchle erkennen, wahrnehmen und darstellen\u201c entstanden tolle Ergebnisse (siehe Foto \u201eGef\u00fchlsmonster\u201c) und Unterhaltungen. Im Gegenzug reisten die Realsch\u00fcler einen Tag zur Erich K\u00e4stner-Schule, wo eine Schulbesichtigung sowie Gesellschaftsspiele auf dem Programm standen.<\/p>\n<p style=\"font-weight: 400\">Begleitet wurden die Realsch\u00fclerinnen und Sch\u00fcler von einem 12 k\u00f6pfigen Referententeam, das ehrenamtlich an zwei Nachmittagen die Eindr\u00fccke und vielleicht auch emotionalen Begegnungen der Tage reflektierten bzw. aufarbeiteten.<\/p>\n<p style=\"font-weight: 400\">Zwei gemeinsame Mittagessen in der Mensa der Stegemannschule, ein Fr\u00fchst\u00fcck im St. Elisabeth-Haus sowie ein abschlie\u00dfender Wortgottesdienst samt Reflexion der Woche in der St.-Michael-Kirche gaben \u201eFokus Mensch\u201c einen w\u00fcrdigen Rahmen.<\/p>\n<p><span style=\"font-weight: 400\">Ein ganz besonderer Dank geht an dieser Stelle an das Referententeam Christian J\u00e4ger, Conny Emken, Ludgera Riesenbeck, Mareike Korte, Nadine Busse, Dirk Hogeweg, \u00a0Bernard Buschem\u00f6hle, Karen Holle, Hildegard Warnking, Christina Renner und Susanne Lahrmann, die sich w\u00e4hrend und im Vorfeld dieser Woche die Zeit genommen haben, dieses Projekt tatkr\u00e4ftig zu unterst\u00fctzen.<\/span><\/p>\n\n\n\n<div class=\"wp-block-image\"><figure class=\"aligncenter size-full is-resized\"><img loading=\"lazy\" decoding=\"async\" src=\"https:\/\/wordpress.nibis.de\/rslohne\/files\/2023\/02\/Mentimeter.jpg\" alt=\"\" class=\"wp-image-2184\" width=\"693\" height=\"390\" \/><figcaption>(Foto: Mentimeter: Reflexion der Sch\u00fclerinnen und Sch\u00fcler)<\/figcaption><\/figure><\/div>\n\n\n\n\n\n<div class=\"wp-block-image\"><figure class=\"aligncenter size-full is-resized\"><img loading=\"lazy\" decoding=\"async\" src=\"https:\/\/wordpress.nibis.de\/rslohne\/files\/2023\/02\/FM23.jpg\" alt=\"\" class=\"wp-image-2182\" width=\"687\" height=\"516\" srcset=\"https:\/\/wordpress.nibis.de\/rslohne\/files\/2023\/02\/FM23.jpg 453w, https:\/\/wordpress.nibis.de\/rslohne\/files\/2023\/02\/FM23-188x141.jpg 188w\" sizes=\"auto, (max-width: 687px) 100vw, 687px\" \/><figcaption>(Foto: Referententeam: von links: Hanno Breitenbach (Lehrer, Team Fokus Mensch), Christian J\u00e4ger, Bernard Buschem\u00f6hle, Susanne Lahrmann, Ludgera Riesenbeck, Conny Emken, Karen Holle, Silvia Bavendiek (Lehrerin, Team Fokus Mensch)<br>Es fehlen: Christina Renner, Nadine Busse, Mareike Korte und Hildegard Warnking<\/figcaption><\/figure><\/div>\n\n\n\n\n\n<div class=\"wp-block-image\"><figure class=\"aligncenter size-full is-resized\"><img loading=\"lazy\" decoding=\"async\" src=\"https:\/\/wordpress.nibis.de\/rslohne\/files\/2023\/02\/Gefuehlsmonster.jpg\" alt=\"\" class=\"wp-image-2183\" width=\"385\" height=\"470\" \/><figcaption>(Foto: Gef\u00fchlsmonster: Verliebt)<\/figcaption><\/figure><\/div>\n","protected":false},"excerpt":{"rendered":"<p>Im Rahmen der Projektwoche vom 23.1. bis 27.1.2023 konnte das &hellip; <\/p>\n","protected":false},"author":696,"featured_media":0,"parent":0,"menu_order":73,"comment_status":"closed","ping_status":"closed","template":"","meta":{"footnotes":""},"class_list":["post-2181","page","type-page","status-publish","hentry"],"_links":{"self":[{"href":"https:\/\/wordpress.nibis.de\/rslohne\/wp-json\/wp\/v2\/pages\/2181","targetHints":{"allow":["GET"]}}],"collection":[{"href":"https:\/\/wordpress.nibis.de\/rslohne\/wp-json\/wp\/v2\/pages"}],"about":[{"href":"https:\/\/wordpress.nibis.de\/rslohne\/wp-json\/wp\/v2\/types\/page"}],"author":[{"embeddable":true,"href":"https:\/\/wordpress.nibis.de\/rslohne\/wp-json\/wp\/v2\/users\/696"}],"replies":[{"embeddable":true,"href":"https:\/\/wordpress.nibis.de\/rslohne\/wp-json\/wp\/v2\/comments?post=2181"}],"version-history":[{"count":1,"href":"https:\/\/wordpress.nibis.de\/rslohne\/wp-json\/wp\/v2\/pages\/2181\/revisions"}],"predecessor-version":[{"id":2185,"href":"https:\/\/wordpress.nibis.de\/rslohne\/wp-json\/wp\/v2\/pages\/2181\/revisions\/2185"}],"wp:attachment":[{"href":"https:\/\/wordpress.nibis.de\/rslohne\/wp-json\/wp\/v2\/media?parent=2181"}],"curies":[{"name":"wp","href":"https:\/\/api.w.org\/{rel}","templated":true}]}}