{"id":65,"date":"2015-03-14T09:56:07","date_gmt":"2015-03-14T08:56:07","guid":{"rendered":"http:\/\/wordpress.nibis.de\/rslohne\/?page_id=65"},"modified":"2024-10-17T09:29:13","modified_gmt":"2024-10-17T07:29:13","slug":"elisabethhaus","status":"publish","type":"page","link":"https:\/\/wordpress.nibis.de\/rslohne\/elisabethhaus\/","title":{"rendered":"Elisabethhaus"},"content":{"rendered":"<h1><\/h1>\n<h2><a name=\"00000095de1065b07\"><\/a>SPIELENACHMITTAGE IM ALTERSHEIM &#8211; JUNG UND ALT BEIM GEMEINSAMEN SPIELEN<\/h2>\n<p>Nach einem Schulfest vor mehr als 20 Jahren kam den Sch\u00fclern der Realschule die Idee, einen bestimmten Geldbetrag vom Erl\u00f6s dieses Festes dem St. Elisabeth-Haus zu schenken. Es wurden solche Brettspiele beschafft, mit denen besonders alte Menschen gut umgehen k\u00f6nnen. Einige Brettspiele wurden auch von Sch\u00fclern im Werkunterricht angefertigt.<\/p>\n<div class=\"clearer\"><\/div>\n<div class=\"sidepicture\">\n<h3>VON WEGEN GENERATIONSKONFLIKT &#8211; SPIELEN VERBINDET<\/h3>\n<\/div>\n<p>Es kam zu einem ersten gemeinsamen Spielenachmittag im Elisabeth-Haus, dem viele weitere folgten. Mittlerweile hat sich ein regelm\u00e4\u00dfiger Spielenachmittag einmal im Monat etabliert, an dem Sch\u00fclerinnen freiwillig teilnehmen. Es werden u.a. \u201eMensch \u00e4rgere dich nicht&#8220;, Skat, Halma und Schach gespielt.<\/p>\n<p>Sehr viele alte Leute nehmen an diesen Spielen teil und sie freuen sich sehr, mit jungen Menschen spielen und sprechen zu k\u00f6nnen.<\/p>\n<div class=\"clearer\"><\/div>\n","protected":false},"excerpt":{"rendered":"<p>SPIELENACHMITTAGE IM ALTERSHEIM &#8211; JUNG UND ALT BEIM GEMEINSAMEN SPIELEN &hellip; <\/p>\n","protected":false},"author":696,"featured_media":0,"parent":0,"menu_order":55,"comment_status":"closed","ping_status":"closed","template":"","meta":{"footnotes":""},"class_list":["post-65","page","type-page","status-publish","hentry"],"_links":{"self":[{"href":"https:\/\/wordpress.nibis.de\/rslohne\/wp-json\/wp\/v2\/pages\/65","targetHints":{"allow":["GET"]}}],"collection":[{"href":"https:\/\/wordpress.nibis.de\/rslohne\/wp-json\/wp\/v2\/pages"}],"about":[{"href":"https:\/\/wordpress.nibis.de\/rslohne\/wp-json\/wp\/v2\/types\/page"}],"author":[{"embeddable":true,"href":"https:\/\/wordpress.nibis.de\/rslohne\/wp-json\/wp\/v2\/users\/696"}],"replies":[{"embeddable":true,"href":"https:\/\/wordpress.nibis.de\/rslohne\/wp-json\/wp\/v2\/comments?post=65"}],"version-history":[{"count":5,"href":"https:\/\/wordpress.nibis.de\/rslohne\/wp-json\/wp\/v2\/pages\/65\/revisions"}],"predecessor-version":[{"id":2899,"href":"https:\/\/wordpress.nibis.de\/rslohne\/wp-json\/wp\/v2\/pages\/65\/revisions\/2899"}],"wp:attachment":[{"href":"https:\/\/wordpress.nibis.de\/rslohne\/wp-json\/wp\/v2\/media?parent=65"}],"curies":[{"name":"wp","href":"https:\/\/api.w.org\/{rel}","templated":true}]}}