{"id":387,"date":"2020-05-04T15:17:19","date_gmt":"2020-05-04T13:17:19","guid":{"rendered":"https:\/\/wordpress.nibis.de\/sadg\/?page_id=387"},"modified":"2020-05-05T09:42:10","modified_gmt":"2020-05-05T07:42:10","slug":"impressum","status":"publish","type":"page","link":"https:\/\/wordpress.nibis.de\/sadg\/impressum\/","title":{"rendered":"Impressum"},"content":{"rendered":"\n<p>Land Niedersachsen (Dienstanbieter im Sinne des Telemediengesetzes)<\/p>\n<p>Das Land Niedersachsen ist eine juristische Person des \u00f6ffentlichen Rechts vertreten durch<\/p>\n<p>Schulleitung:<br \/>Mark Rayner-Lorentzen, Schulleiter<\/p>\n<p>Schule an der Goethestra\u00dfe<br \/>Goethestra\u00dfe 2<br \/>26655 Westerstede<br \/>Tel.: 04488 8454-0<br \/>Fax.: 04488 8454-54<br \/>E-Mail: &#108;&#101;&#x69;t&#117;&#x6e;&#x67;&#64;&#115;&#x63;&#x68;u&#108;&#x65;-&#103;&#x6f;&#x65;t&#104;&#x65;&#x73;t&#114;&#x61;s&#115;&#x65;&#x2e;d&#101;<br \/>Schulischer Datenschutzbeauftragter: &#x64;&#97;t&#x65;&#x6e;&#115;c&#x68;&#117;t&#x7a;&#x40;&#115;c&#x68;&#117;l&#x65;&#x2d;&#103;o&#x65;&#x74;&#104;&#x65;&#x73;&#116;r&#x61;&#x73;&#115;e&#x2e;&#101;u<\/p>\n<p>Verantwortlich f\u00fcr redaktionell-journalistische Angebote i. S. d. \u00a755Abs. 2 Rundfunkstaatsvertrag:<\/p>\n<p>Mark Rayner-Lorentzen<br \/>Schule an der Goethestra\u00dfe<br \/>Goethestra\u00dfe 2<br \/>26655 Westerstede<br \/>Tel.: 04488 8454-0<\/p>\n<p>Disclaimer<\/p>\n<p>Diese Webseite beinhaltet externe Links. Deren Inhalte entziehen sich unserer Einflussnahme, sodass eine Gew\u00e4hr f\u00fcr solche Inhalte von uns nicht \u00fcbernommen werden kann.<\/p>\n<p>Die Verantwortung liegt stets beim jeweiligen Betreiber der externen Seiten. Zum Zeitpunkt der Verkn\u00fcpfung der externen Links waren keine Rechtsverst\u00f6\u00dfe ersichtlich. Die permanente \u00dcberwachung fremder Inhalte auf Rechtsverst\u00f6\u00dfe ohne konkrete Hinweise ist uns nicht zumutbar.<\/p>\n<p>Sollten wir Kenntnisse von Rechtsverletzungen erlangen, werden wir die entsprechenden externen Links unverz\u00fcglich entfernen.<\/p>\n","protected":false},"excerpt":{"rendered":"<p>Land Niedersachsen (Dienstanbieter im Sinne des Telemediengesetzes) Das Land Niedersachsen ist eine juristische Person des \u00f6ffentlichen Rechts vertreten durch Schulleitung:Mark Rayner-Lorentzen, Schulleiter Schule an der Goethestra\u00dfeGoethestra\u00dfe 226655 WesterstedeTel.: 04488 8454-0Fax.: 04488 8454-54E-Mail: l&#101;&#105;&#116;&#x75;&#x6e;&#x67;&#64;s&#99;&#104;&#x75;&#x6c;&#x65;&#x2d;go&#101;&#116;&#x68;&#x65;&#x73;&#x74;r&#97;&#115;&#115;&#x65;&#x2e;&#x64;eSchulischer Datenschutzbeauftragter: d&#97;&#x74;&#x65;&#x6e;s&#99;&#x68;&#x75;&#x74;z&#64;&#x73;&#x63;&#x68;u&#108;&#x65;&#x2d;&#x67;o&#101;&#x74;&#x68;&#x65;s&#116;&#x72;&#x61;&#x73;s&#101;&#x2e;&#x65;&#x75; Verantwortlich f\u00fcr redaktionell-journalistische Angebote i. &hellip; <a href=\"https:\/\/wordpress.nibis.de\/sadg\/impressum\/\">Weiterlesen <span class=\"meta-nav\">&rarr;<\/span><\/a><\/p>\n","protected":false},"author":953,"featured_media":0,"parent":0,"menu_order":0,"comment_status":"closed","ping_status":"closed","template":"","meta":{"footnotes":""},"class_list":["post-387","page","type-page","status-publish","hentry"],"_links":{"self":[{"href":"https:\/\/wordpress.nibis.de\/sadg\/wp-json\/wp\/v2\/pages\/387","targetHints":{"allow":["GET"]}}],"collection":[{"href":"https:\/\/wordpress.nibis.de\/sadg\/wp-json\/wp\/v2\/pages"}],"about":[{"href":"https:\/\/wordpress.nibis.de\/sadg\/wp-json\/wp\/v2\/types\/page"}],"author":[{"embeddable":true,"href":"https:\/\/wordpress.nibis.de\/sadg\/wp-json\/wp\/v2\/users\/953"}],"replies":[{"embeddable":true,"href":"https:\/\/wordpress.nibis.de\/sadg\/wp-json\/wp\/v2\/comments?post=387"}],"version-history":[{"count":2,"href":"https:\/\/wordpress.nibis.de\/sadg\/wp-json\/wp\/v2\/pages\/387\/revisions"}],"predecessor-version":[{"id":477,"href":"https:\/\/wordpress.nibis.de\/sadg\/wp-json\/wp\/v2\/pages\/387\/revisions\/477"}],"wp:attachment":[{"href":"https:\/\/wordpress.nibis.de\/sadg\/wp-json\/wp\/v2\/media?parent=387"}],"curies":[{"name":"wp","href":"https:\/\/api.w.org\/{rel}","templated":true}]}}