{"id":70,"date":"2019-08-27T09:22:45","date_gmt":"2019-08-27T07:22:45","guid":{"rendered":"https:\/\/wordpress.nibis.de\/sadg\/?page_id=70"},"modified":"2023-09-20T09:06:05","modified_gmt":"2023-09-20T07:06:05","slug":"ganztag","status":"publish","type":"page","link":"https:\/\/wordpress.nibis.de\/sadg\/ganztag\/","title":{"rendered":"Ganztag"},"content":{"rendered":"\n<p>An der Schule an der Goethestra\u00dfe ist an einem Tag verpflichtender Ganztag. Folgende Angebote gibt es aktuell<\/p>\n<p><strong>Montag<\/strong><\/p>\n<ul style=\"list-style-type: circle\">\n<li>Sport &#8211; Frau Cengiz<\/li>\n<li>Kochen &#8211; Frau Kramer<\/li>\n<li>Garten &#8211; Frau Flessner<\/li>\n<\/ul>\n<p><strong>Donnerstag<\/strong><\/p>\n<ul style=\"list-style-type: circle\">\n<li>Sport &#8211; Frau Otzen<\/li>\n<li>Technik &#8211; Herr Spro\u00df<\/li>\n<\/ul>\n<p>\u00a0<\/p>\n<p>Ab dem Schuljahr 2011\/2012 wird an Schule an der Goethestra\u00dfe offiziell der Ganztagsschulbetrieb aufgenommen.<\/p>\n<p>Hintergrund f\u00fcr diese Entscheidung waren u. a. folgende \u00dcberlegungen:<\/p>\n<ul>\n<li>Mit einer Ganztagsbeschulung soll ein neues Verst\u00e4ndnis von Schule entwickelt und die Bildungschancen f\u00fcr unsere Sch\u00fclerinnen und Sch\u00fcler verbessert werden, wobei &#8211; neben dem Bildungsauftrag &#8211; insbesondere den im Leitbild formulierten Zielen der emotionalen Unterst\u00fctzung und der Vermittlung und Ausbildung sozialer Kompetenzen Rechnung getragen werden soll.<\/li>\n<li>Der gesamtgesellschaftlich ver\u00e4nderten hohen Erwartungshaltung an die Schulen in Bezug auf Erziehung und Bildung von Kindern und Jugendlichen kann die Schule an der Goethestra\u00dfe durch seine Ganztagsbeschulung entsprechen.<\/li>\n<li>Die Ganztagsbeschulung bietet M\u00f6glichkeiten, wichtige Kompetenzen f\u00fcr ein selbstbestimmtes Leben mit \u00dcbernahme von Verantwortung, zur Bew\u00e4hrung in der Arbeitswelt und der Teilnahme am gesamtgesellschaftlichen Leben zu f\u00f6rdern.<\/li>\n<li>Die Ganztagsbetreuung der Schule verbessert die M\u00f6glichkeiten f\u00fcr die Sch\u00fclerinnen und Sch\u00fcler, die aufgrund aufgrund des gro\u00dfen Einzugsgebietes \u00fcber wenig M\u00f6glichkeiten verf\u00fcgen, sich fu\u00dfl\u00e4ufig mit Gleichaltrigen zu treffen und st\u00e4rkt das eigenverantwortliche Handeln untereinander.<\/li>\n<li>Die erkennbare Akzeptanz durch die Sch\u00fcler- und Elternschaft nach der einj\u00e4hrigen, f\u00fcr alle verbindlichen Versuchsphase wird als Auftrag verstanden, die Ganztagsbeschulung fest im Schulbetrieb zu verankern.<\/li>\n<li>Durch die Angebote der Ganztagsbetreuung wird den Sch\u00fclerinnen und Sch\u00fclern die Sicherheit eines Mittagessens, die M\u00f6glichkeit zu ungest\u00f6rtem Lernen und Anfertigen der Hausaufgaben sowie die M\u00f6glichkeit einer betreuten Freizeitgestaltung geboten.<\/li>\n<\/ul>\n<p>Die an zwei Tagen stattfindende Nachmittagsbetreuung beginnt mit einem gemeinsamen Mittagessen (12:30 \u2013 13:00 Uhr). Daran schlie\u00dfen sich die Hausaufgabenbetreuung (13:00 \u2013 13:45 Uhr),\u00a0 und\u00a0 AG-Angebote an (13:45 \u2013 15.15 Uhr).<\/p>\n<p><strong>Der Ganztag ist zum Schuljahr 2024\/2025 auslaufend!<\/strong><\/p>\n<p>\u00a0<\/p>\n","protected":false},"excerpt":{"rendered":"<p>An der Schule an der Goethestra\u00dfe ist an einem Tag verpflichtender Ganztag. Folgende Angebote gibt es aktuell Montag Sport &#8211; Frau Cengiz Kochen &#8211; Frau Kramer Garten &#8211; Frau Flessner Donnerstag Sport &#8211; Frau Otzen Technik &#8211; Herr Spro\u00df \u00a0 &hellip; <a href=\"https:\/\/wordpress.nibis.de\/sadg\/ganztag\/\">Weiterlesen <span class=\"meta-nav\">&rarr;<\/span><\/a><\/p>\n","protected":false},"author":9192953,"featured_media":0,"parent":0,"menu_order":0,"comment_status":"closed","ping_status":"closed","template":"","meta":{"footnotes":""},"class_list":["post-70","page","type-page","status-publish","hentry"],"_links":{"self":[{"href":"https:\/\/wordpress.nibis.de\/sadg\/wp-json\/wp\/v2\/pages\/70","targetHints":{"allow":["GET"]}}],"collection":[{"href":"https:\/\/wordpress.nibis.de\/sadg\/wp-json\/wp\/v2\/pages"}],"about":[{"href":"https:\/\/wordpress.nibis.de\/sadg\/wp-json\/wp\/v2\/types\/page"}],"author":[{"embeddable":true,"href":"https:\/\/wordpress.nibis.de\/sadg\/wp-json\/wp\/v2\/users\/9192953"}],"replies":[{"embeddable":true,"href":"https:\/\/wordpress.nibis.de\/sadg\/wp-json\/wp\/v2\/comments?post=70"}],"version-history":[{"count":6,"href":"https:\/\/wordpress.nibis.de\/sadg\/wp-json\/wp\/v2\/pages\/70\/revisions"}],"predecessor-version":[{"id":665,"href":"https:\/\/wordpress.nibis.de\/sadg\/wp-json\/wp\/v2\/pages\/70\/revisions\/665"}],"wp:attachment":[{"href":"https:\/\/wordpress.nibis.de\/sadg\/wp-json\/wp\/v2\/media?parent=70"}],"curies":[{"name":"wp","href":"https:\/\/api.w.org\/{rel}","templated":true}]}}

<p>An der Schule an der Goethestraße ist an einem Tag verpflichtender Ganztag. Folgende Angebote gibt es aktuell</p>
<p><strong>Montag</strong></p>
<ul style="list-style-type: circle">
<li>Sport &#8211; Frau Cengiz</li>
<li>Kochen &#8211; Frau Kramer</li>
<li>Garten &#8211; Frau Flessner</li>
</ul>
<p><strong>Donnerstag</strong></p>
<ul style="list-style-type: circle">
<li>Sport &#8211; Frau Otzen</li>
<li>Technik &#8211; Herr Sproß</li>
</ul>
<p> </p>
<p>Ab dem Schuljahr 2011/2012 wird an Schule an der Goethestraße offiziell der Ganztagsschulbetrieb aufgenommen.</p>
<p>Hintergrund für diese Entscheidung waren u. a. folgende Überlegungen:</p>
<ul>
<li>Mit einer Ganztagsbeschulung soll ein neues Verständnis von Schule entwickelt und die Bildungschancen für unsere Schülerinnen und Schüler verbessert werden, wobei &#8211; neben dem Bildungsauftrag &#8211; insbesondere den im Leitbild formulierten Zielen der emotionalen Unterstützung und der Vermittlung und Ausbildung sozialer Kompetenzen Rechnung getragen werden soll.</li>
<li>Der gesamtgesellschaftlich veränderten hohen Erwartungshaltung an die Schulen in Bezug auf Erziehung und Bildung von Kindern und Jugendlichen kann die Schule an der Goethestraße durch seine Ganztagsbeschulung entsprechen.</li>
<li>Die Ganztagsbeschulung bietet Möglichkeiten, wichtige Kompetenzen für ein selbstbestimmtes Leben mit Übernahme von Verantwortung, zur Bewährung in der Arbeitswelt und der Teilnahme am gesamtgesellschaftlichen Leben zu fördern.</li>
<li>Die Ganztagsbetreuung der Schule verbessert die Möglichkeiten für die Schülerinnen und Schüler, die aufgrund aufgrund des großen Einzugsgebietes über wenig Möglichkeiten verfügen, sich fußläufig mit Gleichaltrigen zu treffen und stärkt das eigenverantwortliche Handeln untereinander.</li>
<li>Die erkennbare Akzeptanz durch die Schüler- und Elternschaft nach der einjährigen, für alle verbindlichen Versuchsphase wird als Auftrag verstanden, die Ganztagsbeschulung fest im Schulbetrieb zu verankern.</li>
<li>Durch die Angebote der Ganztagsbetreuung wird den Schülerinnen und Schülern die Sicherheit eines Mittagessens, die Möglichkeit zu ungestörtem Lernen und Anfertigen der Hausaufgaben sowie die Möglichkeit einer betreuten Freizeitgestaltung geboten.</li>
</ul>
<p>Die an zwei Tagen stattfindende Nachmittagsbetreuung beginnt mit einem gemeinsamen Mittagessen (12:30 – 13:00 Uhr). Daran schließen sich die Hausaufgabenbetreuung (13:00 – 13:45 Uhr),  und  AG-Angebote an (13:45 – 15.15 Uhr).</p>
<p><strong>Der Ganztag ist zum Schuljahr 2024/2025 auslaufend!</strong></p>
<p> </p>

<p>An der Schule an der Goethestraße ist an einem Tag verpflichtender Ganztag. Folgende Angebote gibt es aktuell Montag Sport &#8211; Frau Cengiz Kochen &#8211; Frau Kramer Garten &#8211; Frau Flessner Donnerstag Sport &#8211; Frau Otzen Technik &#8211; Herr Sproß   &hellip; <a href="https://wordpress.nibis.de/sadg/ganztag/">Weiterlesen <span class="meta-nav">&rarr;</span></a></p>
