{"id":83,"date":"2019-08-27T09:24:57","date_gmt":"2019-08-27T07:24:57","guid":{"rendered":"https:\/\/wordpress.nibis.de\/sadg\/?page_id=83"},"modified":"2020-05-04T12:45:05","modified_gmt":"2020-05-04T10:45:05","slug":"berufsorientierung","status":"publish","type":"page","link":"https:\/\/wordpress.nibis.de\/sadg\/berufsorientierung\/","title":{"rendered":"Berufsorientierung"},"content":{"rendered":"\n<p>Die Berufsorientierung besteht an unserer Schule aus vielen Elementen, die sich \u00fcber das gesamte Schulleben erstrecken. Begleitet wird alles von unserem sogenannten Lebensordner, dem jeder Sch\u00fclerin und jedem Sch\u00fcler zur Verf\u00fcgung gestellt wird.<\/p>\n<p>Ausf\u00fchrliche Beschreibungen der einzelnen Elemente finden sich im anh\u00e4ngenden Konzept zur Berufsorientierung.<\/p>\n<p><img loading=\"lazy\" decoding=\"async\" class=\"alignnone wp-image-358 size-full\" src=\"https:\/\/wordpress.nibis.de\/sadg\/files\/2020\/05\/Berufsorientierung.jpg\" alt=\"\" width=\"521\" height=\"600\" \/><\/p>\n","protected":false},"excerpt":{"rendered":"<p>Die Berufsorientierung besteht an unserer Schule aus vielen Elementen, die sich \u00fcber das gesamte Schulleben erstrecken. Begleitet wird alles von unserem sogenannten Lebensordner, dem jeder Sch\u00fclerin und jedem Sch\u00fcler zur Verf\u00fcgung gestellt wird. Ausf\u00fchrliche Beschreibungen der einzelnen Elemente finden sich &hellip; <a href=\"https:\/\/wordpress.nibis.de\/sadg\/berufsorientierung\/\">Weiterlesen <span class=\"meta-nav\">&rarr;<\/span><\/a><\/p>\n","protected":false},"author":9192953,"featured_media":0,"parent":0,"menu_order":0,"comment_status":"closed","ping_status":"closed","template":"","meta":{"footnotes":""},"class_list":["post-83","page","type-page","status-publish","hentry"],"_links":{"self":[{"href":"https:\/\/wordpress.nibis.de\/sadg\/wp-json\/wp\/v2\/pages\/83","targetHints":{"allow":["GET"]}}],"collection":[{"href":"https:\/\/wordpress.nibis.de\/sadg\/wp-json\/wp\/v2\/pages"}],"about":[{"href":"https:\/\/wordpress.nibis.de\/sadg\/wp-json\/wp\/v2\/types\/page"}],"author":[{"embeddable":true,"href":"https:\/\/wordpress.nibis.de\/sadg\/wp-json\/wp\/v2\/users\/9192953"}],"replies":[{"embeddable":true,"href":"https:\/\/wordpress.nibis.de\/sadg\/wp-json\/wp\/v2\/comments?post=83"}],"version-history":[{"count":5,"href":"https:\/\/wordpress.nibis.de\/sadg\/wp-json\/wp\/v2\/pages\/83\/revisions"}],"predecessor-version":[{"id":359,"href":"https:\/\/wordpress.nibis.de\/sadg\/wp-json\/wp\/v2\/pages\/83\/revisions\/359"}],"wp:attachment":[{"href":"https:\/\/wordpress.nibis.de\/sadg\/wp-json\/wp\/v2\/media?parent=83"}],"curies":[{"name":"wp","href":"https:\/\/api.w.org\/{rel}","templated":true}]}}