{"id":93,"date":"2019-08-27T09:26:26","date_gmt":"2019-08-27T07:26:26","guid":{"rendered":"https:\/\/wordpress.nibis.de\/sadg\/?page_id=93"},"modified":"2023-09-20T09:09:21","modified_gmt":"2023-09-20T07:09:21","slug":"inklusive-beschulung","status":"publish","type":"page","link":"https:\/\/wordpress.nibis.de\/sadg\/inklusive-beschulung\/","title":{"rendered":"Inklusive Beschulung"},"content":{"rendered":"\n<p><strong>Inklusive Beschulung<\/strong><\/p>\n<p>Im Rahmen ihrer Funktion als F\u00f6rderzentrum ordnet die Schule an der Goethestra\u00dfe insgesamt 5 Kolleginnen und Kollegen an die GS Brakenhoff, die OBS Westerstede und IGS Augustfehn ab. Alle anderen Grundschulen im Bereich Weserstede und Apen haben bereits Sonderschullehrkr\u00e4fte in ihrem Kollegium, so dass eine Arodnung hierhin entfallen kann.<\/p>\n<p>Im Rahmen der fortschreitenden Inklusion werden inzwischen alle Sch\u00fclerinnen und Sch\u00fcler mit einem Unterst\u00fctzungsbedarf Lernen an den Grundschulen unterrichtet. Hierbei werden sie von den F\u00f6rderschullehrkr\u00e4ften durch Diagnostik, Beratung und F\u00f6rderma\u00dfnahmen unterst\u00fctzt. Dies kann innerhalb der Klasse aber auch in Kleingruppen und Einzelarbeitsphasen erfolgen. Sehr wichtig ist daneben die pr\u00e4ventive Arbeit, die allen Kindern in der Grundschule zukommt. Hierf\u00fcr stehen den Schulen 2 Stunden pro Woche und pro Klasse zur Verf\u00fcgung. Bei besonderen Bedarfen wird die Anzahl der Stunden der F\u00f6rderschullehrkr\u00e4fte entsprechend erh\u00f6ht.<\/p>\n<p>In der OBS Westerstede und der IGS Augustfehn berechnet sich die Anzahl der Stunden einer F\u00f6rderschullehrkraft direkt an den Unterst\u00fctzungsbedarfen der einzelnen Sch\u00fclerinnen und Sch\u00fcler. Wie in der Grundschule stehen die Kolleginnen und Kollegen der F\u00f6rderschule der OBS und der IGS bei Diagnostik, Beratung und F\u00f6rderung zur Verf\u00fcgung.<\/p>\n<p>Ob eine Sch\u00fclerin oder Sch\u00fcler mit dem Unterst\u00fctzungsbedarf Lernen an der OBS bzw. IGS oder an der F\u00f6rderschule unterrichtet wird, entscheiden die Eltern und Erziehungsberechtigten.<\/p>\n<p><a href=\"https:\/\/wordpress.nibis.de\/sadg\/feststellung-eines-unterstuetzungsbedarf\/\">Feststellung eines Bedarfs an sonderp\u00e4dagogischer Unterst\u00fctzung<\/a><\/p>\n","protected":false},"excerpt":{"rendered":"<p>Inklusive Beschulung Im Rahmen ihrer Funktion als F\u00f6rderzentrum ordnet die Schule an der Goethestra\u00dfe insgesamt 5 Kolleginnen und Kollegen an die GS Brakenhoff, die OBS Westerstede und IGS Augustfehn ab. Alle anderen Grundschulen im Bereich Weserstede und Apen haben bereits &hellip; <a href=\"https:\/\/wordpress.nibis.de\/sadg\/inklusive-beschulung\/\">Weiterlesen <span class=\"meta-nav\">&rarr;<\/span><\/a><\/p>\n","protected":false},"author":9192953,"featured_media":0,"parent":0,"menu_order":0,"comment_status":"closed","ping_status":"closed","template":"","meta":{"footnotes":""},"class_list":["post-93","page","type-page","status-publish","hentry"],"_links":{"self":[{"href":"https:\/\/wordpress.nibis.de\/sadg\/wp-json\/wp\/v2\/pages\/93","targetHints":{"allow":["GET"]}}],"collection":[{"href":"https:\/\/wordpress.nibis.de\/sadg\/wp-json\/wp\/v2\/pages"}],"about":[{"href":"https:\/\/wordpress.nibis.de\/sadg\/wp-json\/wp\/v2\/types\/page"}],"author":[{"embeddable":true,"href":"https:\/\/wordpress.nibis.de\/sadg\/wp-json\/wp\/v2\/users\/9192953"}],"replies":[{"embeddable":true,"href":"https:\/\/wordpress.nibis.de\/sadg\/wp-json\/wp\/v2\/comments?post=93"}],"version-history":[{"count":7,"href":"https:\/\/wordpress.nibis.de\/sadg\/wp-json\/wp\/v2\/pages\/93\/revisions"}],"predecessor-version":[{"id":669,"href":"https:\/\/wordpress.nibis.de\/sadg\/wp-json\/wp\/v2\/pages\/93\/revisions\/669"}],"wp:attachment":[{"href":"https:\/\/wordpress.nibis.de\/sadg\/wp-json\/wp\/v2\/media?parent=93"}],"curies":[{"name":"wp","href":"https:\/\/api.w.org\/{rel}","templated":true}]}}

<p><strong>Inklusive Beschulung</strong></p>
<p>Im Rahmen ihrer Funktion als Förderzentrum ordnet die Schule an der Goethestraße insgesamt 5 Kolleginnen und Kollegen an die GS Brakenhoff, die OBS Westerstede und IGS Augustfehn ab. Alle anderen Grundschulen im Bereich Weserstede und Apen haben bereits Sonderschullehrkräfte in ihrem Kollegium, so dass eine Arodnung hierhin entfallen kann.</p>
<p>Im Rahmen der fortschreitenden Inklusion werden inzwischen alle Schülerinnen und Schüler mit einem Unterstützungsbedarf Lernen an den Grundschulen unterrichtet. Hierbei werden sie von den Förderschullehrkräften durch Diagnostik, Beratung und Fördermaßnahmen unterstützt. Dies kann innerhalb der Klasse aber auch in Kleingruppen und Einzelarbeitsphasen erfolgen. Sehr wichtig ist daneben die präventive Arbeit, die allen Kindern in der Grundschule zukommt. Hierfür stehen den Schulen 2 Stunden pro Woche und pro Klasse zur Verfügung. Bei besonderen Bedarfen wird die Anzahl der Stunden der Förderschullehrkräfte entsprechend erhöht.</p>
<p>In der OBS Westerstede und der IGS Augustfehn berechnet sich die Anzahl der Stunden einer Förderschullehrkraft direkt an den Unterstützungsbedarfen der einzelnen Schülerinnen und Schüler. Wie in der Grundschule stehen die Kolleginnen und Kollegen der Förderschule der OBS und der IGS bei Diagnostik, Beratung und Förderung zur Verfügung.</p>
<p>Ob eine Schülerin oder Schüler mit dem Unterstützungsbedarf Lernen an der OBS bzw. IGS oder an der Förderschule unterrichtet wird, entscheiden die Eltern und Erziehungsberechtigten.</p>
<p><a href="https://wordpress.nibis.de/sadg/feststellung-eines-unterstuetzungsbedarf/">Feststellung eines Bedarfs an sonderpädagogischer Unterstützung</a></p>

<p>Inklusive Beschulung Im Rahmen ihrer Funktion als Förderzentrum ordnet die Schule an der Goethestraße insgesamt 5 Kolleginnen und Kollegen an die GS Brakenhoff, die OBS Westerstede und IGS Augustfehn ab. Alle anderen Grundschulen im Bereich Weserstede und Apen haben bereits &hellip; <a href="https://wordpress.nibis.de/sadg/inklusive-beschulung/">Weiterlesen <span class="meta-nav">&rarr;</span></a></p>
