{"id":27,"date":"2019-08-15T16:11:29","date_gmt":"2019-08-15T14:11:29","guid":{"rendered":"https:\/\/wordpress.nibis.de\/schadewe\/?page_id=27"},"modified":"2026-04-14T05:24:23","modified_gmt":"2026-04-14T03:24:23","slug":"startseite","status":"publish","type":"page","link":"https:\/\/wordpress.nibis.de\/schadewe\/","title":{"rendered":"Kontakt"},"content":{"rendered":"\n<h2><strong>Holzminden <\/strong><span style=\"font-size: 16px;color: #191e23\">(Hauptstelle Sekundarbereich I + II)<\/span><\/h2>\n<p><strong>Anschrift<br \/><\/strong>Schule an der Weser<br \/>Uferstr. 16<br \/>37603 Holzminden<\/p>\n<p><strong>Schulleitung<br \/><\/strong>Kerstin Stroot (Kommissarische Schulleitung)<br \/>Mail: <a href=\"&#x6d;&#x61;&#105;lt&#x6f;&#x3a;&#115;&#99;h&#x75;&#x6c;&#108;&#101;i&#x74;&#x75;&#x6e;&#103;&#64;s&#x63;&#x68;&#117;&#108;e&#x2d;&#x61;&#110;&#45;d&#x65;&#x72;&#45;&#119;e&#x73;&#x65;&#x72;&#46;de\">&#x73;&#99;h&#x75;&#108;l&#x65;&#105;t&#x75;&#x6e;&#103;&#x40;&#x73;&#99;h&#x75;&#108;e&#x2d;&#97;n&#x2d;&#x64;&#101;&#x72;&#x2d;&#119;e&#x73;&#101;r&#x2e;&#100;e<\/a><\/p>\n<p><strong>Sekretariat<br \/><\/strong>Katharina Lohre<br \/>Tel: 05531 9405-0<br \/>Fax: 05531 9405-29<br \/>Mail: <a href=\"&#109;a&#x69;l&#x74;o&#x3a;s&#x65;k&#x72;e&#x74;&#97;&#x72;&#105;&#x61;&#116;&#x40;&#115;&#x63;&#104;&#x75;&#108;&#x65;&#45;a&#x6e;-&#x64;e&#x72;-&#x77;e&#x73;e&#x72;&#46;&#x64;&#101;\">s&#101;&#107;&#114;&#x65;&#x74;&#x61;ri&#97;&#116;&#x40;&#x73;&#x63;&#x68;ul&#101;&#45;&#x61;&#x6e;&#x2d;&#x64;e&#114;&#45;&#119;&#x65;&#x73;&#x65;r&#46;&#100;&#101;<\/a><br \/><br \/><\/p>\n<h2><strong>Bodenwerder\u00a0<\/strong><span style=\"font-size: 16px;color: #191e23\">(Au\u00dfenstelle Primarbereich)<\/span><\/h2>\n<p><strong>Anschrift<br \/><\/strong>Schule an der Weser<br \/>Albert-Schweitzer-Stra\u00dfe 9<br \/>37619 Bodenwerder<\/p>\n<p>(Die Zufahrt zur Schule erfolgt \u00fcber die Albert &#8211; Schweitzer &#8211; Stra\u00dfe)<\/p>\n<p><strong>Sekretariat<br \/><\/strong>Katharina Lohre<br \/>Tel: 05533 &#8211; 408110<br \/>Fax: 05533 &#8211; 4081129<\/p>\n<p><strong>Koordinatorin<br \/><\/strong>Kerstin Stroot\u00a0<\/p>\n","protected":false},"excerpt":{"rendered":"<p>Holzminden (Hauptstelle Sekundarbereich I + II) AnschriftSchule an der WeserUferstr. 1637603 Holzminden SchulleitungKerstin Stroot (Kommissarische Schulleitung)Mail: &#115;&#x63;h&#117;&#x6c;l&#101;&#x69;t&#x75;&#x6e;&#103;&#x40;s&#99;&#x68;u&#108;&#x65;-&#x61;&#x6e;&#45;&#x64;&#x65;&#114;&#x2d;w&#101;&#x73;e&#114;&#x2e;d&#x65; SekretariatKatharina LohreTel: 05531 9405-0Fax: 05531 9405-29Mail: &#x73;&#x65;&#x6b;&#x72;&#x65;&#116;&#97;&#114;&#105;at&#64;&#x73;&#x63;&#x68;&#x75;&#x6c;&#x65;&#45;&#97;&#110;-de&#x72;&#x2d;&#x77;&#x65;&#x73;&#x65;&#114;&#46;&#100;&#101; Bodenwerder\u00a0(Au\u00dfenstelle Primarbereich) AnschriftSchule an der WeserAlbert-Schweitzer-Stra\u00dfe 937619 Bodenwerder (Die Zufahrt zur Schule erfolgt \u00fcber die Albert &#8211; Schweitzer &#8211; Stra\u00dfe) SekretariatKatharina LohreTel: 05533 &#8211; 408110Fax: 05533 &#8211; 4081129 KoordinatorinKerstin Stroot\u00a0<\/p>\n","protected":false},"author":9193178,"featured_media":0,"parent":0,"menu_order":0,"comment_status":"closed","ping_status":"closed","template":"","meta":{"footnotes":""},"class_list":["post-27","page","type-page","status-publish","hentry"],"_links":{"self":[{"href":"https:\/\/wordpress.nibis.de\/schadewe\/wp-json\/wp\/v2\/pages\/27","targetHints":{"allow":["GET"]}}],"collection":[{"href":"https:\/\/wordpress.nibis.de\/schadewe\/wp-json\/wp\/v2\/pages"}],"about":[{"href":"https:\/\/wordpress.nibis.de\/schadewe\/wp-json\/wp\/v2\/types\/page"}],"author":[{"embeddable":true,"href":"https:\/\/wordpress.nibis.de\/schadewe\/wp-json\/wp\/v2\/users\/9193178"}],"replies":[{"embeddable":true,"href":"https:\/\/wordpress.nibis.de\/schadewe\/wp-json\/wp\/v2\/comments?post=27"}],"version-history":[{"count":16,"href":"https:\/\/wordpress.nibis.de\/schadewe\/wp-json\/wp\/v2\/pages\/27\/revisions"}],"predecessor-version":[{"id":1050,"href":"https:\/\/wordpress.nibis.de\/schadewe\/wp-json\/wp\/v2\/pages\/27\/revisions\/1050"}],"wp:attachment":[{"href":"https:\/\/wordpress.nibis.de\/schadewe\/wp-json\/wp\/v2\/media?parent=27"}],"curies":[{"name":"wp","href":"https:\/\/api.w.org\/{rel}","templated":true}]}}

<h2><strong>Holzminden </strong><span style="font-size: 16px;color: #191e23">(Hauptstelle Sekundarbereich I + II)</span></h2>
<p><strong>Anschrift<br /></strong>Schule an der Weser<br />Uferstr. 16<br />37603 Holzminden</p>
<p><strong>Schulleitung<br /></strong>Kerstin Stroot (Kommissarische Schulleitung)<br />Mail: <a href="&#x6d;&#x61;&#105;lt&#x6f;&#x3a;&#115;&#99;h&#x75;&#x6c;&#108;&#101;i&#x74;&#x75;&#x6e;&#103;&#64;s&#x63;&#x68;&#117;&#108;e&#x2d;&#x61;&#110;&#45;d&#x65;&#x72;&#45;&#119;e&#x73;&#x65;&#x72;&#46;de">&#x73;&#99;h&#x75;&#108;l&#x65;&#105;t&#x75;&#x6e;&#103;&#x40;&#x73;&#99;h&#x75;&#108;e&#x2d;&#97;n&#x2d;&#x64;&#101;&#x72;&#x2d;&#119;e&#x73;&#101;r&#x2e;&#100;e</a></p>
<p><strong>Sekretariat<br /></strong>Katharina Lohre<br />Tel: 05531 9405-0<br />Fax: 05531 9405-29<br />Mail: <a href="&#109;a&#x69;l&#x74;o&#x3a;s&#x65;k&#x72;e&#x74;&#97;&#x72;&#105;&#x61;&#116;&#x40;&#115;&#x63;&#104;&#x75;&#108;&#x65;&#45;a&#x6e;-&#x64;e&#x72;-&#x77;e&#x73;e&#x72;&#46;&#x64;&#101;">s&#101;&#107;&#114;&#x65;&#x74;&#x61;ri&#97;&#116;&#x40;&#x73;&#x63;&#x68;ul&#101;&#45;&#x61;&#x6e;&#x2d;&#x64;e&#114;&#45;&#119;&#x65;&#x73;&#x65;r&#46;&#100;&#101;</a><br /><br /></p>
<h2><strong>Bodenwerder </strong><span style="font-size: 16px;color: #191e23">(Außenstelle Primarbereich)</span></h2>
<p><strong>Anschrift<br /></strong>Schule an der Weser<br />Albert-Schweitzer-Straße 9<br />37619 Bodenwerder</p>
<p>(Die Zufahrt zur Schule erfolgt über die Albert &#8211; Schweitzer &#8211; Straße)</p>
<p><strong>Sekretariat<br /></strong>Katharina Lohre<br />Tel: 05533 &#8211; 408110<br />Fax: 05533 &#8211; 4081129</p>
<p><strong>Koordinatorin<br /></strong>Kerstin Stroot </p>

<p>Holzminden (Hauptstelle Sekundarbereich I + II) AnschriftSchule an der WeserUferstr. 1637603 Holzminden SchulleitungKerstin Stroot (Kommissarische Schulleitung)Mail: &#115;&#x63;h&#117;&#x6c;l&#101;&#x69;t&#x75;&#x6e;&#103;&#x40;s&#99;&#x68;u&#108;&#x65;-&#x61;&#x6e;&#45;&#x64;&#x65;&#114;&#x2d;w&#101;&#x73;e&#114;&#x2e;d&#x65; SekretariatKatharina LohreTel: 05531 9405-0Fax: 05531 9405-29Mail: &#x73;&#x65;&#x6b;&#x72;&#x65;&#116;&#97;&#114;&#105;at&#64;&#x73;&#x63;&#x68;&#x75;&#x6c;&#x65;&#45;&#97;&#110;-de&#x72;&#x2d;&#x77;&#x65;&#x73;&#x65;&#114;&#46;&#100;&#101; Bodenwerder (Außenstelle Primarbereich) AnschriftSchule an der WeserAlbert-Schweitzer-Straße 937619 Bodenwerder (Die Zufahrt zur Schule erfolgt über die Albert &#8211; Schweitzer &#8211; Straße) SekretariatKatharina LohreTel: 05533 &#8211; 408110Fax: 05533 &#8211; 4081129 KoordinatorinKerstin Stroot </p>
