{"id":468,"date":"2022-05-02T13:48:05","date_gmt":"2022-05-02T11:48:05","guid":{"rendered":"https:\/\/wordpress.nibis.de\/schadewe\/?page_id=468"},"modified":"2022-05-02T13:48:06","modified_gmt":"2022-05-02T11:48:06","slug":"eu-schulprogramm","status":"publish","type":"page","link":"https:\/\/wordpress.nibis.de\/schadewe\/eu-schulprogramm\/","title":{"rendered":"EU-Schulprogramm"},"content":{"rendered":"\n<figure class=\"wp-block-image size-full is-style-tw-hard-shadow\"><img loading=\"lazy\" decoding=\"async\" width=\"2072\" height=\"543\" src=\"https:\/\/wordpress.nibis.de\/schadewe\/files\/2022\/05\/Logo.jpg\" alt=\"\" class=\"wp-image-469\" srcset=\"https:\/\/wordpress.nibis.de\/schadewe\/files\/2022\/05\/Logo.jpg 2072w, https:\/\/wordpress.nibis.de\/schadewe\/files\/2022\/05\/Logo-768x201.jpg 768w, https:\/\/wordpress.nibis.de\/schadewe\/files\/2022\/05\/Logo-1536x403.jpg 1536w, https:\/\/wordpress.nibis.de\/schadewe\/files\/2022\/05\/Logo-2048x537.jpg 2048w, https:\/\/wordpress.nibis.de\/schadewe\/files\/2022\/05\/Logo-604x158.jpg 604w\" sizes=\"auto, (max-width: 2072px) 100vw, 2072px\" \/><\/figure>\n\n\n\n<p>Unsere Schule nimmt am Schulobst-Programm und Schulmilch-Programm Niedersachsen teil. <\/p>\n\n\n\n<p>Bei F\u00f6rderschulen kommen die Sch\u00fcler:innen von Klasse 1 bis 6 in den Genuss von Schulobst und Schulmilch, ebenfalls unsere Au\u00dfenstelle in Bodenwerder.<\/p>\n\n\n\n<p>Wir werden vom Marienhof aus Emmerthal mit Bioqualit\u00e4t beliefert. <\/p>\n\n\n\n<p>Wir alle sind begeistert und freuen uns sehr. <\/p>\n\n\n\n<p>F\u00fcr das n\u00e4chste Schuljahr haben wir uns wieder zur Teilnahme beworben. <\/p>\n\n\n\n<figure class=\"wp-block-image size-full is-style-tw-frame\"><img loading=\"lazy\" decoding=\"async\" width=\"1134\" height=\"1555\" src=\"https:\/\/wordpress.nibis.de\/schadewe\/files\/2022\/05\/Unbenannt.jpg\" alt=\"\" class=\"wp-image-470\" srcset=\"https:\/\/wordpress.nibis.de\/schadewe\/files\/2022\/05\/Unbenannt.jpg 1134w, https:\/\/wordpress.nibis.de\/schadewe\/files\/2022\/05\/Unbenannt-768x1053.jpg 768w, https:\/\/wordpress.nibis.de\/schadewe\/files\/2022\/05\/Unbenannt-1120x1536.jpg 1120w, https:\/\/wordpress.nibis.de\/schadewe\/files\/2022\/05\/Unbenannt-197x270.jpg 197w\" sizes=\"auto, (max-width: 1134px) 100vw, 1134px\" \/><\/figure>\n","protected":false},"excerpt":{"rendered":"<p>Unsere Schule nimmt am Schulobst-Programm und Schulmilch-Programm Niedersachsen teil. Bei F\u00f6rderschulen kommen die Sch\u00fcler:innen von Klasse 1 bis 6 in den Genuss von Schulobst und Schulmilch, ebenfalls unsere Au\u00dfenstelle in Bodenwerder. Wir werden vom Marienhof aus Emmerthal mit Bioqualit\u00e4t beliefert. Wir alle sind begeistert und freuen uns sehr. F\u00fcr das n\u00e4chste Schuljahr haben wir uns wieder zur Teilnahme beworben.<\/p>\n","protected":false},"author":9193575,"featured_media":0,"parent":0,"menu_order":0,"comment_status":"closed","ping_status":"closed","template":"","meta":{"footnotes":""},"class_list":["post-468","page","type-page","status-publish","hentry"],"_links":{"self":[{"href":"https:\/\/wordpress.nibis.de\/schadewe\/wp-json\/wp\/v2\/pages\/468","targetHints":{"allow":["GET"]}}],"collection":[{"href":"https:\/\/wordpress.nibis.de\/schadewe\/wp-json\/wp\/v2\/pages"}],"about":[{"href":"https:\/\/wordpress.nibis.de\/schadewe\/wp-json\/wp\/v2\/types\/page"}],"author":[{"embeddable":true,"href":"https:\/\/wordpress.nibis.de\/schadewe\/wp-json\/wp\/v2\/users\/9193575"}],"replies":[{"embeddable":true,"href":"https:\/\/wordpress.nibis.de\/schadewe\/wp-json\/wp\/v2\/comments?post=468"}],"version-history":[{"count":1,"href":"https:\/\/wordpress.nibis.de\/schadewe\/wp-json\/wp\/v2\/pages\/468\/revisions"}],"predecessor-version":[{"id":471,"href":"https:\/\/wordpress.nibis.de\/schadewe\/wp-json\/wp\/v2\/pages\/468\/revisions\/471"}],"wp:attachment":[{"href":"https:\/\/wordpress.nibis.de\/schadewe\/wp-json\/wp\/v2\/media?parent=468"}],"curies":[{"name":"wp","href":"https:\/\/api.w.org\/{rel}","templated":true}]}}

<figure class="wp-block-image size-full is-style-tw-hard-shadow"><img loading="lazy" decoding="async" width="2072" height="543" src="https://wordpress.nibis.de/schadewe/files/2022/05/Logo.jpg" alt="" class="wp-image-469" srcset="https://wordpress.nibis.de/schadewe/files/2022/05/Logo.jpg 2072w, https://wordpress.nibis.de/schadewe/files/2022/05/Logo-768x201.jpg 768w, https://wordpress.nibis.de/schadewe/files/2022/05/Logo-1536x403.jpg 1536w, https://wordpress.nibis.de/schadewe/files/2022/05/Logo-2048x537.jpg 2048w, https://wordpress.nibis.de/schadewe/files/2022/05/Logo-604x158.jpg 604w" sizes="auto, (max-width: 2072px) 100vw, 2072px" /></figure>



<p>Unsere Schule nimmt am Schulobst-Programm und Schulmilch-Programm Niedersachsen teil. </p>



<p>Bei Förderschulen kommen die Schüler:innen von Klasse 1 bis 6 in den Genuss von Schulobst und Schulmilch, ebenfalls unsere Außenstelle in Bodenwerder.</p>



<p>Wir werden vom Marienhof aus Emmerthal mit Bioqualität beliefert. </p>



<p>Wir alle sind begeistert und freuen uns sehr. </p>



<p>Für das nächste Schuljahr haben wir uns wieder zur Teilnahme beworben. </p>



<figure class="wp-block-image size-full is-style-tw-frame"><img loading="lazy" decoding="async" width="1134" height="1555" src="https://wordpress.nibis.de/schadewe/files/2022/05/Unbenannt.jpg" alt="" class="wp-image-470" srcset="https://wordpress.nibis.de/schadewe/files/2022/05/Unbenannt.jpg 1134w, https://wordpress.nibis.de/schadewe/files/2022/05/Unbenannt-768x1053.jpg 768w, https://wordpress.nibis.de/schadewe/files/2022/05/Unbenannt-1120x1536.jpg 1120w, https://wordpress.nibis.de/schadewe/files/2022/05/Unbenannt-197x270.jpg 197w" sizes="auto, (max-width: 1134px) 100vw, 1134px" /></figure>

<p>Unsere Schule nimmt am Schulobst-Programm und Schulmilch-Programm Niedersachsen teil. Bei Förderschulen kommen die Schüler:innen von Klasse 1 bis 6 in den Genuss von Schulobst und Schulmilch, ebenfalls unsere Außenstelle in Bodenwerder. Wir werden vom Marienhof aus Emmerthal mit Bioqualität beliefert. Wir alle sind begeistert und freuen uns sehr. Für das nächste Schuljahr haben wir uns wieder zur Teilnahme beworben.</p>
