{"id":571,"date":"2023-05-25T19:42:30","date_gmt":"2023-05-25T17:42:30","guid":{"rendered":"https:\/\/wordpress.nibis.de\/schadewe\/?page_id=571"},"modified":"2024-11-14T18:31:41","modified_gmt":"2024-11-14T17:31:41","slug":"konfirmation-2023","status":"publish","type":"page","link":"https:\/\/wordpress.nibis.de\/schadewe\/konfirmation-2023\/","title":{"rendered":"Konfirmation 2023"},"content":{"rendered":"\n<p>Das Fest ihrer Konfirmation feierten am 23.04.2023 sechs unserer Sch\u00fclerinnen und Sch\u00fcler in der Lutherkirche in Holzminden. In diesem Jahrgang dabei waren:<\/p>\n\n\n\n<figure class=\"wp-block-image size-large is-style-tw-frame\"><img loading=\"lazy\" decoding=\"async\" width=\"1200\" height=\"675\" src=\"https:\/\/wordpress.nibis.de\/schadewe\/files\/2023\/05\/IMG_5991a-1200x675.jpg\" alt=\"\" class=\"wp-image-572\" srcset=\"https:\/\/wordpress.nibis.de\/schadewe\/files\/2023\/05\/IMG_5991a-1200x675.jpg 1200w, https:\/\/wordpress.nibis.de\/schadewe\/files\/2023\/05\/IMG_5991a-850x478.jpg 850w, https:\/\/wordpress.nibis.de\/schadewe\/files\/2023\/05\/IMG_5991a-250x141.jpg 250w\" sizes=\"auto, (max-width: 1200px) 100vw, 1200px\" \/><figcaption>Luca Dernedde, Emely Krumpholz, Pia Mattern, Niclas Duhm, Lenja Hengst, Jimmy Begemann<\/figcaption><\/figure>\n\n\n\n<p>Die gesamte Schulgemeinschaft freut sich und gratuliert den Konfirmanden und Konfirmandinnen und deren Angeh\u00f6rigen von Herzen und w\u00fcnscht \u201eAlles Gute\u201c zu diesem Entschluss und f\u00fcr die Zukunft.<\/p>\n\n\n\n<p>Festlich gekleidet zogen die Sch\u00fcler und Sch\u00fclerinnen beim Klang der Orgel in die Lutherkirche ein. Die Superintendentin des Kirchenkreises Holzminden Frau Nadj\u00e9-Wirth, die Diakonin vom Kirchenkreisjugenddienst sowie Frau Hera Dietrich von unserer Schule begleiteten die Sch\u00fcler:innen in den vergangenen zwei Jahren. Heute, an diesem besonderen Tag, waren sie ebenfalls die Gestalterinnen des Gottesdienstes.<\/p>\n\n\n\n<figure class=\"wp-block-image size-large is-style-tw-rounded-corners\"><img loading=\"lazy\" decoding=\"async\" width=\"1200\" height=\"675\" src=\"https:\/\/wordpress.nibis.de\/schadewe\/files\/2023\/05\/IMG_6025a-1200x675.jpg\" alt=\"\" class=\"wp-image-573\" srcset=\"https:\/\/wordpress.nibis.de\/schadewe\/files\/2023\/05\/IMG_6025a-1200x675.jpg 1200w, https:\/\/wordpress.nibis.de\/schadewe\/files\/2023\/05\/IMG_6025a-850x478.jpg 850w, https:\/\/wordpress.nibis.de\/schadewe\/files\/2023\/05\/IMG_6025a-250x141.jpg 250w\" sizes=\"auto, (max-width: 1200px) 100vw, 1200px\" \/><\/figure>\n\n\n\n<p>In einer pers\u00f6nlichen Ansprache unter dem Motto der Jahreslosung 2023 \u201eDu bist ein Gott, der mich sieht\u201c 1. Mose 16,13 sprachen die beiden Predigerinnen Frau D\u00f6rrie und Frau Dietrich die Konfirmand:innen direkt an, beschrieben diese mit ihren Interessen und Eigenschaften und bauten die gemachten Erfahrungen aus der Konfi-Zeit ein.<\/p>\n\n\n\n<p>In einem Gru\u00dfwort sprach unsere Schulleiterin Frau Frauke de Vries, brachte Gl\u00fcckw\u00fcnsche und sprach die Hoffnung aus, dass in der Zukunft die Sch\u00fcler und Sch\u00fclerinnen immer wissen m\u00f6gen, dass sie getragen und begleitet sind von vielen Menschen, die es gut mit ihnen meinen.<\/p>\n\n\n\n<figure class=\"wp-block-image size-large is-style-tw-rounded-corners\"><img loading=\"lazy\" decoding=\"async\" width=\"1200\" height=\"675\" src=\"https:\/\/wordpress.nibis.de\/schadewe\/files\/2023\/05\/IMG_6166a-1-1200x675.jpg\" alt=\"\" class=\"wp-image-575\" srcset=\"https:\/\/wordpress.nibis.de\/schadewe\/files\/2023\/05\/IMG_6166a-1-1200x675.jpg 1200w, https:\/\/wordpress.nibis.de\/schadewe\/files\/2023\/05\/IMG_6166a-1-850x478.jpg 850w, https:\/\/wordpress.nibis.de\/schadewe\/files\/2023\/05\/IMG_6166a-1-250x141.jpg 250w\" sizes=\"auto, (max-width: 1200px) 100vw, 1200px\" \/><\/figure>\n\n\n\n<p>Mit viel Musik, Orgel- und Gitarrenklang wurde der Gottesdienst nach einem Gemeindelied von Christine D\u00f6rrie und dem Segen f\u00fcr alle beendet.<\/p>\n\n\n\n<figure class=\"wp-block-image size-large is-style-tw-rounded-corners\"><img loading=\"lazy\" decoding=\"async\" width=\"1200\" height=\"675\" src=\"https:\/\/wordpress.nibis.de\/schadewe\/files\/2023\/05\/IMG_6203-1200x675.jpg\" alt=\"\" class=\"wp-image-576\" srcset=\"https:\/\/wordpress.nibis.de\/schadewe\/files\/2023\/05\/IMG_6203-1200x675.jpg 1200w, https:\/\/wordpress.nibis.de\/schadewe\/files\/2023\/05\/IMG_6203-850x478.jpg 850w, https:\/\/wordpress.nibis.de\/schadewe\/files\/2023\/05\/IMG_6203-250x141.jpg 250w\" sizes=\"auto, (max-width: 1200px) 100vw, 1200px\" \/><\/figure>\n","protected":false},"excerpt":{"rendered":"<p>Das Fest ihrer Konfirmation feierten am 23.04.2023 sechs unserer Sch\u00fclerinnen und Sch\u00fcler in der Lutherkirche in Holzminden. In diesem Jahrgang dabei waren: Die gesamte Schulgemeinschaft freut sich und gratuliert den Konfirmanden und Konfirmandinnen und deren Angeh\u00f6rigen von Herzen und w\u00fcnscht \u201eAlles Gute\u201c zu diesem Entschluss und f\u00fcr die Zukunft. Festlich gekleidet zogen die Sch\u00fcler und Sch\u00fclerinnen beim Klang der Orgel in die Lutherkirche ein. Die Superintendentin des Kirchenkreises Holzminden Frau Nadj\u00e9-Wirth, die Diakonin vom Kirchenkreisjugenddienst sowie Frau Hera Dietrich von&#8230;<\/p>\n<p class=\"read-more\"><a class=\"btn btn-default\" href=\"https:\/\/wordpress.nibis.de\/schadewe\/konfirmation-2023\/\">Weiterlesen<span class=\"screen-reader-text\"> Weiterlesen<\/span><\/a><\/p>\n","protected":false},"author":9193575,"featured_media":0,"parent":0,"menu_order":0,"comment_status":"closed","ping_status":"closed","template":"","meta":{"footnotes":""},"class_list":["post-571","page","type-page","status-publish","hentry"],"_links":{"self":[{"href":"https:\/\/wordpress.nibis.de\/schadewe\/wp-json\/wp\/v2\/pages\/571","targetHints":{"allow":["GET"]}}],"collection":[{"href":"https:\/\/wordpress.nibis.de\/schadewe\/wp-json\/wp\/v2\/pages"}],"about":[{"href":"https:\/\/wordpress.nibis.de\/schadewe\/wp-json\/wp\/v2\/types\/page"}],"author":[{"embeddable":true,"href":"https:\/\/wordpress.nibis.de\/schadewe\/wp-json\/wp\/v2\/users\/9193575"}],"replies":[{"embeddable":true,"href":"https:\/\/wordpress.nibis.de\/schadewe\/wp-json\/wp\/v2\/comments?post=571"}],"version-history":[{"count":4,"href":"https:\/\/wordpress.nibis.de\/schadewe\/wp-json\/wp\/v2\/pages\/571\/revisions"}],"predecessor-version":[{"id":761,"href":"https:\/\/wordpress.nibis.de\/schadewe\/wp-json\/wp\/v2\/pages\/571\/revisions\/761"}],"wp:attachment":[{"href":"https:\/\/wordpress.nibis.de\/schadewe\/wp-json\/wp\/v2\/media?parent=571"}],"curies":[{"name":"wp","href":"https:\/\/api.w.org\/{rel}","templated":true}]}}

<p>Das Fest ihrer Konfirmation feierten am 23.04.2023 sechs unserer Schülerinnen und Schüler in der Lutherkirche in Holzminden. In diesem Jahrgang dabei waren:</p>



<figure class="wp-block-image size-large is-style-tw-frame"><img loading="lazy" decoding="async" width="1200" height="675" src="https://wordpress.nibis.de/schadewe/files/2023/05/IMG_5991a-1200x675.jpg" alt="" class="wp-image-572" srcset="https://wordpress.nibis.de/schadewe/files/2023/05/IMG_5991a-1200x675.jpg 1200w, https://wordpress.nibis.de/schadewe/files/2023/05/IMG_5991a-850x478.jpg 850w, https://wordpress.nibis.de/schadewe/files/2023/05/IMG_5991a-250x141.jpg 250w" sizes="auto, (max-width: 1200px) 100vw, 1200px" /><figcaption>Luca Dernedde, Emely Krumpholz, Pia Mattern, Niclas Duhm, Lenja Hengst, Jimmy Begemann</figcaption></figure>



<p>Die gesamte Schulgemeinschaft freut sich und gratuliert den Konfirmanden und Konfirmandinnen und deren Angehörigen von Herzen und wünscht „Alles Gute“ zu diesem Entschluss und für die Zukunft.</p>



<p>Festlich gekleidet zogen die Schüler und Schülerinnen beim Klang der Orgel in die Lutherkirche ein. Die Superintendentin des Kirchenkreises Holzminden Frau Nadjé-Wirth, die Diakonin vom Kirchenkreisjugenddienst sowie Frau Hera Dietrich von unserer Schule begleiteten die Schüler:innen in den vergangenen zwei Jahren. Heute, an diesem besonderen Tag, waren sie ebenfalls die Gestalterinnen des Gottesdienstes.</p>



<figure class="wp-block-image size-large is-style-tw-rounded-corners"><img loading="lazy" decoding="async" width="1200" height="675" src="https://wordpress.nibis.de/schadewe/files/2023/05/IMG_6025a-1200x675.jpg" alt="" class="wp-image-573" srcset="https://wordpress.nibis.de/schadewe/files/2023/05/IMG_6025a-1200x675.jpg 1200w, https://wordpress.nibis.de/schadewe/files/2023/05/IMG_6025a-850x478.jpg 850w, https://wordpress.nibis.de/schadewe/files/2023/05/IMG_6025a-250x141.jpg 250w" sizes="auto, (max-width: 1200px) 100vw, 1200px" /></figure>



<p>In einer persönlichen Ansprache unter dem Motto der Jahreslosung 2023 „Du bist ein Gott, der mich sieht“ 1. Mose 16,13 sprachen die beiden Predigerinnen Frau Dörrie und Frau Dietrich die Konfirmand:innen direkt an, beschrieben diese mit ihren Interessen und Eigenschaften und bauten die gemachten Erfahrungen aus der Konfi-Zeit ein.</p>



<p>In einem Grußwort sprach unsere Schulleiterin Frau Frauke de Vries, brachte Glückwünsche und sprach die Hoffnung aus, dass in der Zukunft die Schüler und Schülerinnen immer wissen mögen, dass sie getragen und begleitet sind von vielen Menschen, die es gut mit ihnen meinen.</p>



<figure class="wp-block-image size-large is-style-tw-rounded-corners"><img loading="lazy" decoding="async" width="1200" height="675" src="https://wordpress.nibis.de/schadewe/files/2023/05/IMG_6166a-1-1200x675.jpg" alt="" class="wp-image-575" srcset="https://wordpress.nibis.de/schadewe/files/2023/05/IMG_6166a-1-1200x675.jpg 1200w, https://wordpress.nibis.de/schadewe/files/2023/05/IMG_6166a-1-850x478.jpg 850w, https://wordpress.nibis.de/schadewe/files/2023/05/IMG_6166a-1-250x141.jpg 250w" sizes="auto, (max-width: 1200px) 100vw, 1200px" /></figure>



<p>Mit viel Musik, Orgel- und Gitarrenklang wurde der Gottesdienst nach einem Gemeindelied von Christine Dörrie und dem Segen für alle beendet.</p>



<figure class="wp-block-image size-large is-style-tw-rounded-corners"><img loading="lazy" decoding="async" width="1200" height="675" src="https://wordpress.nibis.de/schadewe/files/2023/05/IMG_6203-1200x675.jpg" alt="" class="wp-image-576" srcset="https://wordpress.nibis.de/schadewe/files/2023/05/IMG_6203-1200x675.jpg 1200w, https://wordpress.nibis.de/schadewe/files/2023/05/IMG_6203-850x478.jpg 850w, https://wordpress.nibis.de/schadewe/files/2023/05/IMG_6203-250x141.jpg 250w" sizes="auto, (max-width: 1200px) 100vw, 1200px" /></figure>

<p>Das Fest ihrer Konfirmation feierten am 23.04.2023 sechs unserer Schülerinnen und Schüler in der Lutherkirche in Holzminden. In diesem Jahrgang dabei waren: Die gesamte Schulgemeinschaft freut sich und gratuliert den Konfirmanden und Konfirmandinnen und deren Angehörigen von Herzen und wünscht „Alles Gute“ zu diesem Entschluss und für die Zukunft. Festlich gekleidet zogen die Schüler und Schülerinnen beim Klang der Orgel in die Lutherkirche ein. Die Superintendentin des Kirchenkreises Holzminden Frau Nadjé-Wirth, die Diakonin vom Kirchenkreisjugenddienst sowie Frau Hera Dietrich von&#8230;</p>
<p class="read-more"><a class="btn btn-default" href="https://wordpress.nibis.de/schadewe/konfirmation-2023/">Weiterlesen<span class="screen-reader-text"> Weiterlesen</span></a></p>
