{"id":582,"date":"2023-06-04T19:00:01","date_gmt":"2023-06-04T17:00:01","guid":{"rendered":"https:\/\/wordpress.nibis.de\/schadewe\/?page_id=582"},"modified":"2024-11-14T18:16:31","modified_gmt":"2024-11-14T17:16:31","slug":"europatag","status":"publish","type":"page","link":"https:\/\/wordpress.nibis.de\/schadewe\/europatag\/","title":{"rendered":"Europatag"},"content":{"rendered":"\n<p>Hoher Besuch aus dem Bundestag: Helge Limburg nimmt teil am Abschluss der Projektwoche zum Thema Europa.<\/p>\n\n\n\n<p>Am 15.5. hat uns ein Politiker aus Berlin besucht. Er hei\u00dft Helge Limburg und vertritt unseren Landkreis im Bundestag. Er geh\u00f6rt zur Partei \u201eB\u00fcndnis 90-Die Gr\u00fcnen\u201c.&nbsp; Er kam mit dem Zug,- damit reist er meistens-, und deshalb ein wenig zu sp\u00e4t. Das machte aber nichts. Er war trotzdem fr\u00f6hlich, freundlich und sehr offen. Auf alle Fragen, die wir vorbereitet haben, hat er geantwortet.<\/p>\n\n\n\n<p>Frieden zu halten sei der wichtigste Auftrag der L\u00e4nder in Europa, sagt er. Klimaschutz bedeutet ihm viel. Er freut sich \u00fcber die Abschaltung der Atomkraftwerke in Deutschland. Privat mag er Fu\u00dfball und Tischtennis. Er verdient viel Geld, hat aber wenig Zeit f\u00fcr seine Familie und f\u00fcr Hobbies, wie z.B. das Radfahren.<\/p>\n\n\n\n<figure class=\"wp-block-image size-full is-style-tw-rounded-corners\"><img loading=\"lazy\" decoding=\"async\" width=\"945\" height=\"709\" src=\"https:\/\/wordpress.nibis.de\/schadewe\/files\/2023\/06\/image.png\" alt=\"\" class=\"wp-image-583\" srcset=\"https:\/\/wordpress.nibis.de\/schadewe\/files\/2023\/06\/image.png 945w, https:\/\/wordpress.nibis.de\/schadewe\/files\/2023\/06\/image-768x576.png 768w, https:\/\/wordpress.nibis.de\/schadewe\/files\/2023\/06\/image-360x270.png 360w\" sizes=\"auto, (max-width: 945px) 100vw, 945px\" \/><\/figure>\n\n\n\n<p>In der Projektwoche hatte jede Klasse zu einem Land Europas, das an der Gr\u00fcndung der Europ\u00e4ischen Gemeinschaft beteiligt war, wichtige und interessante&nbsp; Informationen gesammelt und f\u00fcr eine Pr\u00e4sentation vor der Schulgemeinschaft am Europa-Tag vorbereitet.<\/p>\n\n\n\n<p>\u201cDie Vortr\u00e4ge waren spannend\u201c, sagte Justin aus der Klasse 10.&nbsp; Wir h\u00f6rten konzentriert und diszipliniert einander zu. Wenig aufgeregt und sehr selbstsicher f\u00fchrten unsere SchulsprecherInnen durch das Programm.<\/p>\n\n\n\n<figure class=\"wp-block-image size-medium is-style-tw-rounded-corners\"><img loading=\"lazy\" decoding=\"async\" width=\"850\" height=\"478\" src=\"https:\/\/wordpress.nibis.de\/schadewe\/files\/2023\/06\/image-1-850x478.png\" alt=\"\" class=\"wp-image-584\" srcset=\"https:\/\/wordpress.nibis.de\/schadewe\/files\/2023\/06\/image-1-850x478.png 850w, https:\/\/wordpress.nibis.de\/schadewe\/files\/2023\/06\/image-1-250x141.png 250w\" sizes=\"auto, (max-width: 850px) 100vw, 850px\" \/><\/figure>\n\n\n\n<figure class=\"wp-block-image size-medium is-style-tw-rounded-corners\"><img loading=\"lazy\" decoding=\"async\" width=\"850\" height=\"478\" src=\"https:\/\/wordpress.nibis.de\/schadewe\/files\/2023\/06\/image-2-850x478.png\" alt=\"\" class=\"wp-image-585\" srcset=\"https:\/\/wordpress.nibis.de\/schadewe\/files\/2023\/06\/image-2-850x478.png 850w, https:\/\/wordpress.nibis.de\/schadewe\/files\/2023\/06\/image-2-250x141.png 250w\" sizes=\"auto, (max-width: 850px) 100vw, 850px\" \/><\/figure>\n\n\n\n<figure class=\"wp-block-image size-medium is-style-tw-rounded-corners\"><img loading=\"lazy\" decoding=\"async\" width=\"850\" height=\"478\" src=\"https:\/\/wordpress.nibis.de\/schadewe\/files\/2023\/06\/image-3-850x478.png\" alt=\"\" class=\"wp-image-586\" srcset=\"https:\/\/wordpress.nibis.de\/schadewe\/files\/2023\/06\/image-3-850x478.png 850w, https:\/\/wordpress.nibis.de\/schadewe\/files\/2023\/06\/image-3-250x141.png 250w\" sizes=\"auto, (max-width: 850px) 100vw, 850px\" \/><\/figure>\n\n\n\n<p>Jede Klasse hat f\u00fcr ein gemeinsames Mittagessen &nbsp;eine landestypische Spezialit\u00e4t hergestellt. An einem gro\u00dfen bunten Buffet in der europ\u00e4isch geschm\u00fcckten Sporthalle gab es daher Pizza, holl\u00e4ndischen K\u00e4se, Leberwurstbrote, Madeleines, Bruschetta, Croissants, Pommes Frites, Pralinen\u2026<\/p>\n\n\n\n<p>Herr Limburg hat auch daran teilgenommen. Geschmeckt hat es ihm.<\/p>\n\n\n\n<p>Anschlie\u00dfend hat er auf dem Schulhof mit Mitsch\u00fclerInnen Fu\u00dfball gespielt.<\/p>\n\n\n\n<p>\u201eGlaubt an euch\u201c, und \u201eDanke, dass ich bei euch sein durfte und danke f\u00fcr das gute Essen\u201c, hat er zum Abschied gesagt.<\/p>\n","protected":false},"excerpt":{"rendered":"<p>Hoher Besuch aus dem Bundestag: Helge Limburg nimmt teil am Abschluss der Projektwoche zum Thema Europa. Am 15.5. hat uns ein Politiker aus Berlin besucht. Er hei\u00dft Helge Limburg und vertritt unseren Landkreis im Bundestag. Er geh\u00f6rt zur Partei \u201eB\u00fcndnis 90-Die Gr\u00fcnen\u201c.&nbsp; Er kam mit dem Zug,- damit reist er meistens-, und deshalb ein wenig zu sp\u00e4t. Das machte aber nichts. Er war trotzdem fr\u00f6hlich, freundlich und sehr offen. Auf alle Fragen, die wir vorbereitet haben, hat er geantwortet. Frieden&#8230;<\/p>\n<p class=\"read-more\"><a class=\"btn btn-default\" href=\"https:\/\/wordpress.nibis.de\/schadewe\/europatag\/\">Weiterlesen<span class=\"screen-reader-text\"> Weiterlesen<\/span><\/a><\/p>\n","protected":false},"author":9193575,"featured_media":0,"parent":0,"menu_order":0,"comment_status":"closed","ping_status":"closed","template":"","meta":{"footnotes":""},"class_list":["post-582","page","type-page","status-publish","hentry"],"_links":{"self":[{"href":"https:\/\/wordpress.nibis.de\/schadewe\/wp-json\/wp\/v2\/pages\/582","targetHints":{"allow":["GET"]}}],"collection":[{"href":"https:\/\/wordpress.nibis.de\/schadewe\/wp-json\/wp\/v2\/pages"}],"about":[{"href":"https:\/\/wordpress.nibis.de\/schadewe\/wp-json\/wp\/v2\/types\/page"}],"author":[{"embeddable":true,"href":"https:\/\/wordpress.nibis.de\/schadewe\/wp-json\/wp\/v2\/users\/9193575"}],"replies":[{"embeddable":true,"href":"https:\/\/wordpress.nibis.de\/schadewe\/wp-json\/wp\/v2\/comments?post=582"}],"version-history":[{"count":2,"href":"https:\/\/wordpress.nibis.de\/schadewe\/wp-json\/wp\/v2\/pages\/582\/revisions"}],"predecessor-version":[{"id":756,"href":"https:\/\/wordpress.nibis.de\/schadewe\/wp-json\/wp\/v2\/pages\/582\/revisions\/756"}],"wp:attachment":[{"href":"https:\/\/wordpress.nibis.de\/schadewe\/wp-json\/wp\/v2\/media?parent=582"}],"curies":[{"name":"wp","href":"https:\/\/api.w.org\/{rel}","templated":true}]}}

<p>Hoher Besuch aus dem Bundestag: Helge Limburg nimmt teil am Abschluss der Projektwoche zum Thema Europa.</p>



<p>Am 15.5. hat uns ein Politiker aus Berlin besucht. Er heißt Helge Limburg und vertritt unseren Landkreis im Bundestag. Er gehört zur Partei „Bündnis 90-Die Grünen“.&nbsp; Er kam mit dem Zug,- damit reist er meistens-, und deshalb ein wenig zu spät. Das machte aber nichts. Er war trotzdem fröhlich, freundlich und sehr offen. Auf alle Fragen, die wir vorbereitet haben, hat er geantwortet.</p>



<p>Frieden zu halten sei der wichtigste Auftrag der Länder in Europa, sagt er. Klimaschutz bedeutet ihm viel. Er freut sich über die Abschaltung der Atomkraftwerke in Deutschland. Privat mag er Fußball und Tischtennis. Er verdient viel Geld, hat aber wenig Zeit für seine Familie und für Hobbies, wie z.B. das Radfahren.</p>



<figure class="wp-block-image size-full is-style-tw-rounded-corners"><img loading="lazy" decoding="async" width="945" height="709" src="https://wordpress.nibis.de/schadewe/files/2023/06/image.png" alt="" class="wp-image-583" srcset="https://wordpress.nibis.de/schadewe/files/2023/06/image.png 945w, https://wordpress.nibis.de/schadewe/files/2023/06/image-768x576.png 768w, https://wordpress.nibis.de/schadewe/files/2023/06/image-360x270.png 360w" sizes="auto, (max-width: 945px) 100vw, 945px" /></figure>



<p>In der Projektwoche hatte jede Klasse zu einem Land Europas, das an der Gründung der Europäischen Gemeinschaft beteiligt war, wichtige und interessante&nbsp; Informationen gesammelt und für eine Präsentation vor der Schulgemeinschaft am Europa-Tag vorbereitet.</p>



<p>“Die Vorträge waren spannend“, sagte Justin aus der Klasse 10.&nbsp; Wir hörten konzentriert und diszipliniert einander zu. Wenig aufgeregt und sehr selbstsicher führten unsere SchulsprecherInnen durch das Programm.</p>



<figure class="wp-block-image size-medium is-style-tw-rounded-corners"><img loading="lazy" decoding="async" width="850" height="478" src="https://wordpress.nibis.de/schadewe/files/2023/06/image-1-850x478.png" alt="" class="wp-image-584" srcset="https://wordpress.nibis.de/schadewe/files/2023/06/image-1-850x478.png 850w, https://wordpress.nibis.de/schadewe/files/2023/06/image-1-250x141.png 250w" sizes="auto, (max-width: 850px) 100vw, 850px" /></figure>



<figure class="wp-block-image size-medium is-style-tw-rounded-corners"><img loading="lazy" decoding="async" width="850" height="478" src="https://wordpress.nibis.de/schadewe/files/2023/06/image-2-850x478.png" alt="" class="wp-image-585" srcset="https://wordpress.nibis.de/schadewe/files/2023/06/image-2-850x478.png 850w, https://wordpress.nibis.de/schadewe/files/2023/06/image-2-250x141.png 250w" sizes="auto, (max-width: 850px) 100vw, 850px" /></figure>



<figure class="wp-block-image size-medium is-style-tw-rounded-corners"><img loading="lazy" decoding="async" width="850" height="478" src="https://wordpress.nibis.de/schadewe/files/2023/06/image-3-850x478.png" alt="" class="wp-image-586" srcset="https://wordpress.nibis.de/schadewe/files/2023/06/image-3-850x478.png 850w, https://wordpress.nibis.de/schadewe/files/2023/06/image-3-250x141.png 250w" sizes="auto, (max-width: 850px) 100vw, 850px" /></figure>



<p>Jede Klasse hat für ein gemeinsames Mittagessen &nbsp;eine landestypische Spezialität hergestellt. An einem großen bunten Buffet in der europäisch geschmückten Sporthalle gab es daher Pizza, holländischen Käse, Leberwurstbrote, Madeleines, Bruschetta, Croissants, Pommes Frites, Pralinen…</p>



<p>Herr Limburg hat auch daran teilgenommen. Geschmeckt hat es ihm.</p>



<p>Anschließend hat er auf dem Schulhof mit MitschülerInnen Fußball gespielt.</p>



<p>„Glaubt an euch“, und „Danke, dass ich bei euch sein durfte und danke für das gute Essen“, hat er zum Abschied gesagt.</p>

<p>Hoher Besuch aus dem Bundestag: Helge Limburg nimmt teil am Abschluss der Projektwoche zum Thema Europa. Am 15.5. hat uns ein Politiker aus Berlin besucht. Er heißt Helge Limburg und vertritt unseren Landkreis im Bundestag. Er gehört zur Partei „Bündnis 90-Die Grünen“.&nbsp; Er kam mit dem Zug,- damit reist er meistens-, und deshalb ein wenig zu spät. Das machte aber nichts. Er war trotzdem fröhlich, freundlich und sehr offen. Auf alle Fragen, die wir vorbereitet haben, hat er geantwortet. Frieden&#8230;</p>
<p class="read-more"><a class="btn btn-default" href="https://wordpress.nibis.de/schadewe/europatag/">Weiterlesen<span class="screen-reader-text"> Weiterlesen</span></a></p>
