{"id":782,"date":"2024-11-14T19:56:46","date_gmt":"2024-11-14T18:56:46","guid":{"rendered":"https:\/\/wordpress.nibis.de\/schadewe\/?page_id=782"},"modified":"2024-11-14T19:56:47","modified_gmt":"2024-11-14T18:56:47","slug":"kinder-besuchen-den-bauernhof","status":"publish","type":"page","link":"https:\/\/wordpress.nibis.de\/schadewe\/kinder-besuchen-den-bauernhof\/","title":{"rendered":"Kinder besuchen den Bauernhof"},"content":{"rendered":"\n<p>Der Bauernhof ist der ideale Lernort, um Bildung f\u00fcr nachhaltige Entwicklung lebendig werden zu lassen. Sein besonderer Wert liegt darin, dass praktische, konkrete und wirklichkeitsnahe Begegnungen mit der Landwirtschaft, der Lebensmittelproduktion, der Umwelt und mit den Landwirten erm\u00f6glicht werden.<\/p>\n\n\n\n<p>\u201eNachhaltig ist eine Entwicklung, die die Bed\u00fcrfnisse der Gegenwart befriedigt, ohne zu riskieren, dass k\u00fcnftige Generationen ihre eigenen Bed\u00fcrfnisse nicht befriedigen k\u00f6nnen\u201c. Dabei spielen \u00f6kologische, \u00f6konomische und soziale Aspekte in gleichem Ma\u00dfe eine Rolle. Umwelt, Wirtschaft und Gesellschaft beeinflussen sich gegenseitig. Nachhaltige Entwicklung schont die Natur, sichert die Leistungsf\u00e4higkeit der Wirtschaft f\u00fcr die Zukunft und tr\u00e4gt zu einem friedlichen und gerechten Zusammenleben bei. Es wird langfristig keinen wirtschaftlichen und gesellschaftlichen Fortschritt ohne intakte Umwelt geben. Ebenso wenig wird es gelingen, die Umwelt effektiv zu sch\u00fctzen, wenn Menschen um ihre wirtschaftliche Existenz k\u00e4mpfen m\u00fcssen. Nachhaltigkeit ber\u00fchrt alle Bereiche des Alltags und kann nur durch internationale Zusammenarbeit erreicht werden.<\/p>\n\n\n\n<p>Zwei Schulklassen konnten sich bei mehreren Besuchen auf dem Erlebnishof der Lehrerin Frau Hartmann davon \u00fcberzeugen, wie viel Arbeit in einem Hof steckt. Tiere versorgen, Feuer machen und drau\u00dfen kochen standen auf dem Programm. Aber auch Spa\u00df haben, gesellig sein und eine unvergessliche Zeit erleben.<\/p>\n\n\n\n<p>Dieses Angebot wird es auch zuk\u00fcnftig wieder geben. Darauf freuen sich die Sch\u00fcler, aber auch deren Lehrkr\u00e4fte. Und sicher auch die Tiere des Hofes, die mit Leckereien versorgt werden.<\/p>\n\n\n\n<figure class=\"wp-block-gallery has-nested-images columns-default is-cropped wp-block-gallery-1 is-layout-flex wp-block-gallery-is-layout-flex\">\n<figure class=\"wp-block-image size-full\"><img loading=\"lazy\" decoding=\"async\" width=\"1920\" height=\"2560\" data-id=\"783\" src=\"https:\/\/wordpress.nibis.de\/schadewe\/files\/2024\/11\/IMG_0471-scaled.jpeg\" alt=\"\" class=\"wp-image-783\" srcset=\"https:\/\/wordpress.nibis.de\/schadewe\/files\/2024\/11\/IMG_0471-scaled.jpeg 1920w, https:\/\/wordpress.nibis.de\/schadewe\/files\/2024\/11\/IMG_0471-768x1024.jpeg 768w, https:\/\/wordpress.nibis.de\/schadewe\/files\/2024\/11\/IMG_0471-1152x1536.jpeg 1152w, https:\/\/wordpress.nibis.de\/schadewe\/files\/2024\/11\/IMG_0471-1536x2048.jpeg 1536w, https:\/\/wordpress.nibis.de\/schadewe\/files\/2024\/11\/IMG_0471-203x270.jpeg 203w\" sizes=\"auto, (max-width: 1920px) 100vw, 1920px\" \/><\/figure>\n\n\n\n<figure class=\"wp-block-image size-large\"><img loading=\"lazy\" decoding=\"async\" width=\"1200\" height=\"675\" data-id=\"786\" src=\"https:\/\/wordpress.nibis.de\/schadewe\/files\/2024\/11\/IMG_0484-1200x675.jpeg\" alt=\"\" class=\"wp-image-786\" srcset=\"https:\/\/wordpress.nibis.de\/schadewe\/files\/2024\/11\/IMG_0484-1200x675.jpeg 1200w, https:\/\/wordpress.nibis.de\/schadewe\/files\/2024\/11\/IMG_0484-850x478.jpeg 850w, https:\/\/wordpress.nibis.de\/schadewe\/files\/2024\/11\/IMG_0484-250x141.jpeg 250w\" sizes=\"auto, (max-width: 1200px) 100vw, 1200px\" \/><\/figure>\n\n\n\n<figure class=\"wp-block-image size-full\"><img loading=\"lazy\" decoding=\"async\" width=\"1920\" height=\"2560\" data-id=\"784\" src=\"https:\/\/wordpress.nibis.de\/schadewe\/files\/2024\/11\/IMG_0487-scaled.jpeg\" alt=\"\" class=\"wp-image-784\" srcset=\"https:\/\/wordpress.nibis.de\/schadewe\/files\/2024\/11\/IMG_0487-scaled.jpeg 1920w, https:\/\/wordpress.nibis.de\/schadewe\/files\/2024\/11\/IMG_0487-768x1024.jpeg 768w, https:\/\/wordpress.nibis.de\/schadewe\/files\/2024\/11\/IMG_0487-1152x1536.jpeg 1152w, https:\/\/wordpress.nibis.de\/schadewe\/files\/2024\/11\/IMG_0487-1536x2048.jpeg 1536w, https:\/\/wordpress.nibis.de\/schadewe\/files\/2024\/11\/IMG_0487-203x270.jpeg 203w\" sizes=\"auto, (max-width: 1920px) 100vw, 1920px\" \/><\/figure>\n\n\n\n<figure class=\"wp-block-image size-full\"><img loading=\"lazy\" decoding=\"async\" width=\"1920\" height=\"2560\" data-id=\"788\" src=\"https:\/\/wordpress.nibis.de\/schadewe\/files\/2024\/11\/IMG_0501-scaled.jpeg\" alt=\"\" class=\"wp-image-788\" srcset=\"https:\/\/wordpress.nibis.de\/schadewe\/files\/2024\/11\/IMG_0501-scaled.jpeg 1920w, https:\/\/wordpress.nibis.de\/schadewe\/files\/2024\/11\/IMG_0501-768x1024.jpeg 768w, https:\/\/wordpress.nibis.de\/schadewe\/files\/2024\/11\/IMG_0501-1152x1536.jpeg 1152w, https:\/\/wordpress.nibis.de\/schadewe\/files\/2024\/11\/IMG_0501-1536x2048.jpeg 1536w, https:\/\/wordpress.nibis.de\/schadewe\/files\/2024\/11\/IMG_0501-203x270.jpeg 203w\" sizes=\"auto, (max-width: 1920px) 100vw, 1920px\" \/><\/figure>\n\n\n\n<figure class=\"wp-block-image size-full\"><img loading=\"lazy\" decoding=\"async\" width=\"1920\" height=\"2560\" data-id=\"787\" src=\"https:\/\/wordpress.nibis.de\/schadewe\/files\/2024\/11\/IMG_0528-scaled.jpeg\" alt=\"\" class=\"wp-image-787\" srcset=\"https:\/\/wordpress.nibis.de\/schadewe\/files\/2024\/11\/IMG_0528-scaled.jpeg 1920w, https:\/\/wordpress.nibis.de\/schadewe\/files\/2024\/11\/IMG_0528-768x1024.jpeg 768w, https:\/\/wordpress.nibis.de\/schadewe\/files\/2024\/11\/IMG_0528-1152x1536.jpeg 1152w, https:\/\/wordpress.nibis.de\/schadewe\/files\/2024\/11\/IMG_0528-1536x2048.jpeg 1536w, https:\/\/wordpress.nibis.de\/schadewe\/files\/2024\/11\/IMG_0528-203x270.jpeg 203w\" sizes=\"auto, (max-width: 1920px) 100vw, 1920px\" \/><\/figure>\n\n\n\n<figure class=\"wp-block-image size-full\"><img loading=\"lazy\" decoding=\"async\" width=\"1920\" height=\"2560\" data-id=\"789\" src=\"https:\/\/wordpress.nibis.de\/schadewe\/files\/2024\/11\/IMG_2372-scaled.jpeg\" alt=\"\" class=\"wp-image-789\" srcset=\"https:\/\/wordpress.nibis.de\/schadewe\/files\/2024\/11\/IMG_2372-scaled.jpeg 1920w, https:\/\/wordpress.nibis.de\/schadewe\/files\/2024\/11\/IMG_2372-768x1024.jpeg 768w, https:\/\/wordpress.nibis.de\/schadewe\/files\/2024\/11\/IMG_2372-1152x1536.jpeg 1152w, https:\/\/wordpress.nibis.de\/schadewe\/files\/2024\/11\/IMG_2372-1536x2048.jpeg 1536w, https:\/\/wordpress.nibis.de\/schadewe\/files\/2024\/11\/IMG_2372-203x270.jpeg 203w\" sizes=\"auto, (max-width: 1920px) 100vw, 1920px\" \/><\/figure>\n\n\n\n<figure class=\"wp-block-image size-full\"><img loading=\"lazy\" decoding=\"async\" width=\"1920\" height=\"2560\" data-id=\"790\" src=\"https:\/\/wordpress.nibis.de\/schadewe\/files\/2024\/11\/IMG_2380-scaled.jpeg\" alt=\"\" class=\"wp-image-790\" srcset=\"https:\/\/wordpress.nibis.de\/schadewe\/files\/2024\/11\/IMG_2380-scaled.jpeg 1920w, https:\/\/wordpress.nibis.de\/schadewe\/files\/2024\/11\/IMG_2380-768x1024.jpeg 768w, https:\/\/wordpress.nibis.de\/schadewe\/files\/2024\/11\/IMG_2380-1152x1536.jpeg 1152w, https:\/\/wordpress.nibis.de\/schadewe\/files\/2024\/11\/IMG_2380-1536x2048.jpeg 1536w, https:\/\/wordpress.nibis.de\/schadewe\/files\/2024\/11\/IMG_2380-203x270.jpeg 203w\" sizes=\"auto, (max-width: 1920px) 100vw, 1920px\" \/><\/figure>\n\n\n\n<figure class=\"wp-block-image size-full\"><img loading=\"lazy\" decoding=\"async\" width=\"1920\" height=\"2560\" data-id=\"791\" src=\"https:\/\/wordpress.nibis.de\/schadewe\/files\/2024\/11\/IMG_2387-scaled.jpeg\" alt=\"\" class=\"wp-image-791\" srcset=\"https:\/\/wordpress.nibis.de\/schadewe\/files\/2024\/11\/IMG_2387-scaled.jpeg 1920w, https:\/\/wordpress.nibis.de\/schadewe\/files\/2024\/11\/IMG_2387-768x1024.jpeg 768w, https:\/\/wordpress.nibis.de\/schadewe\/files\/2024\/11\/IMG_2387-1152x1536.jpeg 1152w, https:\/\/wordpress.nibis.de\/schadewe\/files\/2024\/11\/IMG_2387-1536x2048.jpeg 1536w, https:\/\/wordpress.nibis.de\/schadewe\/files\/2024\/11\/IMG_2387-203x270.jpeg 203w\" sizes=\"auto, (max-width: 1920px) 100vw, 1920px\" \/><\/figure>\n\n\n\n<figure class=\"wp-block-image size-full\"><img loading=\"lazy\" decoding=\"async\" width=\"1920\" height=\"2560\" data-id=\"792\" src=\"https:\/\/wordpress.nibis.de\/schadewe\/files\/2024\/11\/IMG_0524-1-scaled.jpeg\" alt=\"\" class=\"wp-image-792\" srcset=\"https:\/\/wordpress.nibis.de\/schadewe\/files\/2024\/11\/IMG_0524-1-scaled.jpeg 1920w, https:\/\/wordpress.nibis.de\/schadewe\/files\/2024\/11\/IMG_0524-1-768x1024.jpeg 768w, https:\/\/wordpress.nibis.de\/schadewe\/files\/2024\/11\/IMG_0524-1-1152x1536.jpeg 1152w, https:\/\/wordpress.nibis.de\/schadewe\/files\/2024\/11\/IMG_0524-1-1536x2048.jpeg 1536w, https:\/\/wordpress.nibis.de\/schadewe\/files\/2024\/11\/IMG_0524-1-203x270.jpeg 203w\" sizes=\"auto, (max-width: 1920px) 100vw, 1920px\" \/><\/figure>\n<\/figure>\n\n\n\n<p><\/p>\n","protected":false},"excerpt":{"rendered":"<p>Der Bauernhof ist der ideale Lernort, um Bildung f\u00fcr nachhaltige Entwicklung lebendig werden zu lassen. Sein besonderer Wert liegt darin, dass praktische, konkrete und wirklichkeitsnahe Begegnungen mit der Landwirtschaft, der Lebensmittelproduktion, der Umwelt und mit den Landwirten erm\u00f6glicht werden. \u201eNachhaltig ist eine Entwicklung, die die Bed\u00fcrfnisse der Gegenwart befriedigt, ohne zu riskieren, dass k\u00fcnftige Generationen ihre eigenen Bed\u00fcrfnisse nicht befriedigen k\u00f6nnen\u201c. Dabei spielen \u00f6kologische, \u00f6konomische und soziale Aspekte in gleichem Ma\u00dfe eine Rolle. Umwelt, Wirtschaft und Gesellschaft beeinflussen sich gegenseitig&#8230;.<\/p>\n<p class=\"read-more\"><a class=\"btn btn-default\" href=\"https:\/\/wordpress.nibis.de\/schadewe\/kinder-besuchen-den-bauernhof\/\">Weiterlesen<span class=\"screen-reader-text\"> Weiterlesen<\/span><\/a><\/p>\n","protected":false},"author":9193575,"featured_media":0,"parent":0,"menu_order":0,"comment_status":"closed","ping_status":"closed","template":"","meta":{"footnotes":""},"class_list":["post-782","page","type-page","status-publish","hentry"],"_links":{"self":[{"href":"https:\/\/wordpress.nibis.de\/schadewe\/wp-json\/wp\/v2\/pages\/782","targetHints":{"allow":["GET"]}}],"collection":[{"href":"https:\/\/wordpress.nibis.de\/schadewe\/wp-json\/wp\/v2\/pages"}],"about":[{"href":"https:\/\/wordpress.nibis.de\/schadewe\/wp-json\/wp\/v2\/types\/page"}],"author":[{"embeddable":true,"href":"https:\/\/wordpress.nibis.de\/schadewe\/wp-json\/wp\/v2\/users\/9193575"}],"replies":[{"embeddable":true,"href":"https:\/\/wordpress.nibis.de\/schadewe\/wp-json\/wp\/v2\/comments?post=782"}],"version-history":[{"count":1,"href":"https:\/\/wordpress.nibis.de\/schadewe\/wp-json\/wp\/v2\/pages\/782\/revisions"}],"predecessor-version":[{"id":793,"href":"https:\/\/wordpress.nibis.de\/schadewe\/wp-json\/wp\/v2\/pages\/782\/revisions\/793"}],"wp:attachment":[{"href":"https:\/\/wordpress.nibis.de\/schadewe\/wp-json\/wp\/v2\/media?parent=782"}],"curies":[{"name":"wp","href":"https:\/\/api.w.org\/{rel}","templated":true}]}}