{"id":839,"date":"2025-09-17T13:54:25","date_gmt":"2025-09-17T11:54:25","guid":{"rendered":"https:\/\/wordpress.nibis.de\/schadewe\/?page_id=839"},"modified":"2025-09-17T13:54:26","modified_gmt":"2025-09-17T11:54:26","slug":"salzteig-igel","status":"publish","type":"page","link":"https:\/\/wordpress.nibis.de\/schadewe\/salzteig-igel\/","title":{"rendered":"Salzteig Igel"},"content":{"rendered":"\n<p>Im Rahmen unseres Kunstunterrichts, stellten wir, die Klasse 8-9, Igel aus Salzteig her.<\/p>\n\n\n\n<p>2 Sch\u00fcler stellten nach Rezept den Salzteig her.<\/p>\n\n\n\n<p>1Tasse Salz, 2 Tassen Mehl, 1 Tasse Wasser<\/p>\n\n\n\n<p>Nachdem alle Zutaten in die Sch\u00fcssel gegeben wurden, kr\u00e4mpelten wir die \u00c4rmel hoch und kneteten den Teig mit unseren H\u00e4nden, bis eine gleichm\u00e4\u00dfige Masse entstand. Wir teilten den Teig in gleich gro\u00dfe St\u00fccke und jeder formte einen Igelk\u00f6rper. Danach zerbrachen wir eine kleine Menge Vollkornspaghetti und steckten die ca. 5 cm langen Spaghettist\u00fccke, als Stacheln in den Igelk\u00f6rper aus Salzteig. Aus schwarzen kleinen Perlen wurden die Augen unseres Igels. Eine etwas gr\u00f6\u00dfere Holzperle wurde zur Nase unseres Igels.<\/p>\n\n\n\n<p>Die Igel wurden bei 180 Grad f\u00fcr 50 Minuten im Ofen getrocknet. Zu unserer \u00dcberraschung wurden die Stacheln aus Vollkornspaghetti beim Trocknen dunkelbraun, fast wie bei einem echten Igel.<\/p>\n\n\n\n<p>Nun leisten uns die Igel, bei jeder Mahlzeit, auf unserem herbstlich gestalteten Tisch, Gesellschaft. In einiger Zeit, d\u00fcrfen die Igel bei uns zu Hause einziehen und uns dort Freude bereiten.<\/p>\n\n\n\n<p>Text: Sch\u00fclerin der Klasse 8-9<\/p>\n\n\n\n<figure class=\"wp-block-gallery has-nested-images columns-default is-cropped is-style-tw-img-frame wp-block-gallery-1 is-layout-flex wp-block-gallery-is-layout-flex\">\n<figure class=\"wp-block-image size-full\"><img loading=\"lazy\" decoding=\"async\" width=\"1920\" height=\"2560\" data-id=\"841\" src=\"https:\/\/wordpress.nibis.de\/schadewe\/files\/2025\/09\/20250909_135454-scaled.jpg\" alt=\"\" class=\"wp-image-841\" srcset=\"https:\/\/wordpress.nibis.de\/schadewe\/files\/2025\/09\/20250909_135454-scaled.jpg 1920w, https:\/\/wordpress.nibis.de\/schadewe\/files\/2025\/09\/20250909_135454-768x1024.jpg 768w, https:\/\/wordpress.nibis.de\/schadewe\/files\/2025\/09\/20250909_135454-1152x1536.jpg 1152w, https:\/\/wordpress.nibis.de\/schadewe\/files\/2025\/09\/20250909_135454-1536x2048.jpg 1536w, https:\/\/wordpress.nibis.de\/schadewe\/files\/2025\/09\/20250909_135454-203x270.jpg 203w\" sizes=\"auto, (max-width: 1920px) 100vw, 1920px\" \/><\/figure>\n\n\n\n<figure class=\"wp-block-image size-full\"><img loading=\"lazy\" decoding=\"async\" width=\"1920\" height=\"2560\" data-id=\"842\" src=\"https:\/\/wordpress.nibis.de\/schadewe\/files\/2025\/09\/20250909_135506-scaled.jpg\" alt=\"\" class=\"wp-image-842\" srcset=\"https:\/\/wordpress.nibis.de\/schadewe\/files\/2025\/09\/20250909_135506-scaled.jpg 1920w, https:\/\/wordpress.nibis.de\/schadewe\/files\/2025\/09\/20250909_135506-768x1024.jpg 768w, https:\/\/wordpress.nibis.de\/schadewe\/files\/2025\/09\/20250909_135506-1152x1536.jpg 1152w, https:\/\/wordpress.nibis.de\/schadewe\/files\/2025\/09\/20250909_135506-1536x2048.jpg 1536w, https:\/\/wordpress.nibis.de\/schadewe\/files\/2025\/09\/20250909_135506-203x270.jpg 203w\" sizes=\"auto, (max-width: 1920px) 100vw, 1920px\" \/><\/figure>\n\n\n\n<figure class=\"wp-block-image size-full\"><img loading=\"lazy\" decoding=\"async\" width=\"1920\" height=\"2560\" data-id=\"845\" src=\"https:\/\/wordpress.nibis.de\/schadewe\/files\/2025\/09\/20250909_135513-scaled.jpg\" alt=\"\" class=\"wp-image-845\" srcset=\"https:\/\/wordpress.nibis.de\/schadewe\/files\/2025\/09\/20250909_135513-scaled.jpg 1920w, https:\/\/wordpress.nibis.de\/schadewe\/files\/2025\/09\/20250909_135513-768x1024.jpg 768w, https:\/\/wordpress.nibis.de\/schadewe\/files\/2025\/09\/20250909_135513-1152x1536.jpg 1152w, https:\/\/wordpress.nibis.de\/schadewe\/files\/2025\/09\/20250909_135513-1536x2048.jpg 1536w, https:\/\/wordpress.nibis.de\/schadewe\/files\/2025\/09\/20250909_135513-203x270.jpg 203w\" sizes=\"auto, (max-width: 1920px) 100vw, 1920px\" \/><\/figure>\n\n\n\n<figure class=\"wp-block-image size-full\"><img loading=\"lazy\" decoding=\"async\" width=\"1920\" height=\"2560\" data-id=\"846\" src=\"https:\/\/wordpress.nibis.de\/schadewe\/files\/2025\/09\/20250909_135522-scaled.jpg\" alt=\"\" class=\"wp-image-846\" srcset=\"https:\/\/wordpress.nibis.de\/schadewe\/files\/2025\/09\/20250909_135522-scaled.jpg 1920w, https:\/\/wordpress.nibis.de\/schadewe\/files\/2025\/09\/20250909_135522-768x1024.jpg 768w, https:\/\/wordpress.nibis.de\/schadewe\/files\/2025\/09\/20250909_135522-1152x1536.jpg 1152w, https:\/\/wordpress.nibis.de\/schadewe\/files\/2025\/09\/20250909_135522-1536x2048.jpg 1536w, https:\/\/wordpress.nibis.de\/schadewe\/files\/2025\/09\/20250909_135522-203x270.jpg 203w\" sizes=\"auto, (max-width: 1920px) 100vw, 1920px\" \/><\/figure>\n\n\n\n<figure class=\"wp-block-image size-full\"><img loading=\"lazy\" decoding=\"async\" width=\"1920\" height=\"2560\" data-id=\"847\" src=\"https:\/\/wordpress.nibis.de\/schadewe\/files\/2025\/09\/20250909_135532-scaled.jpg\" alt=\"\" class=\"wp-image-847\" srcset=\"https:\/\/wordpress.nibis.de\/schadewe\/files\/2025\/09\/20250909_135532-scaled.jpg 1920w, https:\/\/wordpress.nibis.de\/schadewe\/files\/2025\/09\/20250909_135532-768x1024.jpg 768w, https:\/\/wordpress.nibis.de\/schadewe\/files\/2025\/09\/20250909_135532-1152x1536.jpg 1152w, https:\/\/wordpress.nibis.de\/schadewe\/files\/2025\/09\/20250909_135532-1536x2048.jpg 1536w, https:\/\/wordpress.nibis.de\/schadewe\/files\/2025\/09\/20250909_135532-203x270.jpg 203w\" sizes=\"auto, (max-width: 1920px) 100vw, 1920px\" \/><\/figure>\n\n\n\n<figure class=\"wp-block-image size-full\"><img loading=\"lazy\" decoding=\"async\" width=\"1920\" height=\"2560\" data-id=\"848\" src=\"https:\/\/wordpress.nibis.de\/schadewe\/files\/2025\/09\/20250909_135556-scaled.jpg\" alt=\"\" class=\"wp-image-848\" srcset=\"https:\/\/wordpress.nibis.de\/schadewe\/files\/2025\/09\/20250909_135556-scaled.jpg 1920w, https:\/\/wordpress.nibis.de\/schadewe\/files\/2025\/09\/20250909_135556-768x1024.jpg 768w, https:\/\/wordpress.nibis.de\/schadewe\/files\/2025\/09\/20250909_135556-1152x1536.jpg 1152w, https:\/\/wordpress.nibis.de\/schadewe\/files\/2025\/09\/20250909_135556-1536x2048.jpg 1536w, https:\/\/wordpress.nibis.de\/schadewe\/files\/2025\/09\/20250909_135556-203x270.jpg 203w\" sizes=\"auto, (max-width: 1920px) 100vw, 1920px\" \/><\/figure>\n\n\n\n<figure class=\"wp-block-image size-full\"><img loading=\"lazy\" decoding=\"async\" width=\"1920\" height=\"2560\" data-id=\"849\" src=\"https:\/\/wordpress.nibis.de\/schadewe\/files\/2025\/09\/20250909_135610-scaled.jpg\" alt=\"\" class=\"wp-image-849\" srcset=\"https:\/\/wordpress.nibis.de\/schadewe\/files\/2025\/09\/20250909_135610-scaled.jpg 1920w, https:\/\/wordpress.nibis.de\/schadewe\/files\/2025\/09\/20250909_135610-768x1024.jpg 768w, https:\/\/wordpress.nibis.de\/schadewe\/files\/2025\/09\/20250909_135610-1152x1536.jpg 1152w, https:\/\/wordpress.nibis.de\/schadewe\/files\/2025\/09\/20250909_135610-1536x2048.jpg 1536w, https:\/\/wordpress.nibis.de\/schadewe\/files\/2025\/09\/20250909_135610-203x270.jpg 203w\" sizes=\"auto, (max-width: 1920px) 100vw, 1920px\" \/><\/figure>\n\n\n\n<figure class=\"wp-block-image size-full\"><img loading=\"lazy\" decoding=\"async\" width=\"1920\" height=\"2560\" data-id=\"840\" src=\"https:\/\/wordpress.nibis.de\/schadewe\/files\/2025\/09\/20250911_070601-scaled.jpg\" alt=\"\" class=\"wp-image-840\" srcset=\"https:\/\/wordpress.nibis.de\/schadewe\/files\/2025\/09\/20250911_070601-scaled.jpg 1920w, https:\/\/wordpress.nibis.de\/schadewe\/files\/2025\/09\/20250911_070601-768x1024.jpg 768w, https:\/\/wordpress.nibis.de\/schadewe\/files\/2025\/09\/20250911_070601-1152x1536.jpg 1152w, https:\/\/wordpress.nibis.de\/schadewe\/files\/2025\/09\/20250911_070601-1536x2048.jpg 1536w, https:\/\/wordpress.nibis.de\/schadewe\/files\/2025\/09\/20250911_070601-203x270.jpg 203w\" sizes=\"auto, (max-width: 1920px) 100vw, 1920px\" \/><\/figure>\n\n\n\n<figure class=\"wp-block-image size-full\"><img loading=\"lazy\" decoding=\"async\" width=\"1920\" height=\"2560\" data-id=\"843\" src=\"https:\/\/wordpress.nibis.de\/schadewe\/files\/2025\/09\/20250911_124837-scaled.jpg\" alt=\"\" class=\"wp-image-843\" srcset=\"https:\/\/wordpress.nibis.de\/schadewe\/files\/2025\/09\/20250911_124837-scaled.jpg 1920w, https:\/\/wordpress.nibis.de\/schadewe\/files\/2025\/09\/20250911_124837-768x1024.jpg 768w, https:\/\/wordpress.nibis.de\/schadewe\/files\/2025\/09\/20250911_124837-1152x1536.jpg 1152w, https:\/\/wordpress.nibis.de\/schadewe\/files\/2025\/09\/20250911_124837-1536x2048.jpg 1536w, https:\/\/wordpress.nibis.de\/schadewe\/files\/2025\/09\/20250911_124837-203x270.jpg 203w\" sizes=\"auto, (max-width: 1920px) 100vw, 1920px\" \/><\/figure>\n\n\n\n<figure class=\"wp-block-image size-full\"><img loading=\"lazy\" decoding=\"async\" width=\"1920\" height=\"2560\" data-id=\"844\" src=\"https:\/\/wordpress.nibis.de\/schadewe\/files\/2025\/09\/20250911_124858-scaled.jpg\" alt=\"\" class=\"wp-image-844\" srcset=\"https:\/\/wordpress.nibis.de\/schadewe\/files\/2025\/09\/20250911_124858-scaled.jpg 1920w, https:\/\/wordpress.nibis.de\/schadewe\/files\/2025\/09\/20250911_124858-768x1024.jpg 768w, https:\/\/wordpress.nibis.de\/schadewe\/files\/2025\/09\/20250911_124858-1152x1536.jpg 1152w, https:\/\/wordpress.nibis.de\/schadewe\/files\/2025\/09\/20250911_124858-1536x2048.jpg 1536w, https:\/\/wordpress.nibis.de\/schadewe\/files\/2025\/09\/20250911_124858-203x270.jpg 203w\" sizes=\"auto, (max-width: 1920px) 100vw, 1920px\" \/><\/figure>\n<\/figure>\n","protected":false},"excerpt":{"rendered":"<p>Im Rahmen unseres Kunstunterrichts, stellten wir, die Klasse 8-9, Igel aus Salzteig her. 2 Sch\u00fcler stellten nach Rezept den Salzteig her. 1Tasse Salz, 2 Tassen Mehl, 1 Tasse Wasser Nachdem alle Zutaten in die Sch\u00fcssel gegeben wurden, kr\u00e4mpelten wir die \u00c4rmel hoch und kneteten den Teig mit unseren H\u00e4nden, bis eine gleichm\u00e4\u00dfige Masse entstand. Wir teilten den Teig in gleich gro\u00dfe St\u00fccke und jeder formte einen Igelk\u00f6rper. Danach zerbrachen wir eine kleine Menge Vollkornspaghetti und steckten die ca. 5 cm&#8230;<\/p>\n<p class=\"read-more\"><a class=\"btn btn-default\" href=\"https:\/\/wordpress.nibis.de\/schadewe\/salzteig-igel\/\">Weiterlesen<span class=\"screen-reader-text\"> Weiterlesen<\/span><\/a><\/p>\n","protected":false},"author":9193575,"featured_media":0,"parent":0,"menu_order":0,"comment_status":"closed","ping_status":"closed","template":"","meta":{"footnotes":""},"class_list":["post-839","page","type-page","status-publish","hentry"],"_links":{"self":[{"href":"https:\/\/wordpress.nibis.de\/schadewe\/wp-json\/wp\/v2\/pages\/839","targetHints":{"allow":["GET"]}}],"collection":[{"href":"https:\/\/wordpress.nibis.de\/schadewe\/wp-json\/wp\/v2\/pages"}],"about":[{"href":"https:\/\/wordpress.nibis.de\/schadewe\/wp-json\/wp\/v2\/types\/page"}],"author":[{"embeddable":true,"href":"https:\/\/wordpress.nibis.de\/schadewe\/wp-json\/wp\/v2\/users\/9193575"}],"replies":[{"embeddable":true,"href":"https:\/\/wordpress.nibis.de\/schadewe\/wp-json\/wp\/v2\/comments?post=839"}],"version-history":[{"count":1,"href":"https:\/\/wordpress.nibis.de\/schadewe\/wp-json\/wp\/v2\/pages\/839\/revisions"}],"predecessor-version":[{"id":850,"href":"https:\/\/wordpress.nibis.de\/schadewe\/wp-json\/wp\/v2\/pages\/839\/revisions\/850"}],"wp:attachment":[{"href":"https:\/\/wordpress.nibis.de\/schadewe\/wp-json\/wp\/v2\/media?parent=839"}],"curies":[{"name":"wp","href":"https:\/\/api.w.org\/{rel}","templated":true}]}}