{"id":97,"date":"2023-02-02T20:13:01","date_gmt":"2023-02-02T19:13:01","guid":{"rendered":"https:\/\/wordpress.nibis.de\/schuwie\/?page_id=97"},"modified":"2025-03-17T16:19:12","modified_gmt":"2025-03-17T15:19:12","slug":"mittagsverpflegung","status":"publish","type":"page","link":"https:\/\/wordpress.nibis.de\/schuwie\/mittagsverpflegung\/","title":{"rendered":"Mittagsverpflegung"},"content":{"rendered":"\n<p><\/p>\n\n\n\n<p>In der Ganztagsschule bekommt Ihr Kind ein Mittagessen mit Vorspeise oder Nachtisch sowie einen Nachmittagssnack.<\/p>\n\n\n\n<p>Sie und Ihr Kind haben die Wahl zwischen einem normalen oder einem vegetarischen Men\u00fc. Grunds\u00e4tzlich gilt, dass kein Schweinefleisch verwendet wird. Es ist nicht m\u00f6glich t\u00e4glich bzw. w\u00f6chentlich zwischen den Men\u00fcs zu wechseln. Die Anmeldung der Verpflegung gilt f\u00fcr ein Schuljahr.<\/p>\n\n\n\n<p>Mit der Anmeldung zur Ganztagsschule erhalten Sie auch ein Fo<ins>r<\/ins>mular f\u00fcr die Anmeldung zum Mittagessen, welches derzeit pro Verpflegungstag mit\u00a04,00 Euro berechnet wird. Das Mittagessen wird monatlich im Voraus bezahlt, Erm\u00e4\u00dfigungen sind m\u00f6glich.<\/p>\n\n\n\n<p>\u00c4nderungsw\u00fcnsche m\u00fcssen bis zu zwei Wochen vor Monatsende eingehen, damit sie zum 1. Tag des Folgemonats wirksam sind. Kurzfristige Abmeldungen sind nicht m\u00f6glich. Bei Klassenfahrten, genehmigten schulischen Veranstaltungen oder Schulausf\u00e4llen kann Ihnen jedoch das Essensgeld erstattet werden, dieses wird durch die jeweilige Schule geregelt.<\/p>\n\n\n\n<p>Eine Abmeldung ist weiterhin m\u00f6glich, wenn Ihr Kind einmal drei Wochen am St\u00fcck die Schule nicht besuchen kann, dazu z\u00e4hlen unter anderem geplante Krankenhaus- oder Kuraufenthalte. In diesen F\u00e4llen m\u00fcssen Sie dem Gesch\u00e4ftsbereich Schule &#8211; Team Schulverpflegung ein \u00e4rztliches Attest einreichen, aus dem die Fehltage hervorgehen. Bei Kuraufenthalten ist es zus\u00e4tzlich erforderlich, dass Sie dieses dem Gesch\u00e4ftsbereich Schule &#8211; Team Schulverpflegung mindestens zwei Wochen vor Antritt bekanntgeben.<\/p>\n\n\n\n<p>Ausf\u00fchrlichere Informationen bietet Ihnen die Brosch\u00fcre &#8222;Schulverpflegung: Anmeldung, Kosten und Bezahlung&#8220;, die in den Schulen oder bei der Stadt Wolfsburg, Gesch\u00e4ftsbereich Schule, Team Schulverpflegung im Rathaus A erh\u00e4ltlich sind.<\/p>\n","protected":false},"excerpt":{"rendered":"<p>In der Ganztagsschule bekommt Ihr Kind ein Mittagessen mit Vorspeise oder Nachtisch sowie einen Nachmittagssnack. Sie und Ihr Kind haben die Wahl zwischen einem normalen oder einem vegetarischen Men\u00fc. Grunds\u00e4tzlich gilt, dass kein Schweinefleisch verwendet wird. Es ist nicht m\u00f6glich t\u00e4glich bzw. w\u00f6chentlich zwischen den Men\u00fcs zu wechseln. Die Anmeldung der Verpflegung gilt f\u00fcr ein [&hellip;]<\/p>\n","protected":false},"author":9194084,"featured_media":0,"parent":0,"menu_order":0,"comment_status":"closed","ping_status":"closed","template":"","meta":{"footnotes":""},"class_list":["post-97","page","type-page","status-publish","hentry"],"_links":{"self":[{"href":"https:\/\/wordpress.nibis.de\/schuwie\/wp-json\/wp\/v2\/pages\/97","targetHints":{"allow":["GET"]}}],"collection":[{"href":"https:\/\/wordpress.nibis.de\/schuwie\/wp-json\/wp\/v2\/pages"}],"about":[{"href":"https:\/\/wordpress.nibis.de\/schuwie\/wp-json\/wp\/v2\/types\/page"}],"author":[{"embeddable":true,"href":"https:\/\/wordpress.nibis.de\/schuwie\/wp-json\/wp\/v2\/users\/9194084"}],"replies":[{"embeddable":true,"href":"https:\/\/wordpress.nibis.de\/schuwie\/wp-json\/wp\/v2\/comments?post=97"}],"version-history":[{"count":4,"href":"https:\/\/wordpress.nibis.de\/schuwie\/wp-json\/wp\/v2\/pages\/97\/revisions"}],"predecessor-version":[{"id":589,"href":"https:\/\/wordpress.nibis.de\/schuwie\/wp-json\/wp\/v2\/pages\/97\/revisions\/589"}],"wp:attachment":[{"href":"https:\/\/wordpress.nibis.de\/schuwie\/wp-json\/wp\/v2\/media?parent=97"}],"curies":[{"name":"wp","href":"https:\/\/api.w.org\/{rel}","templated":true}]}}