{"id":1060,"date":"2014-05-26T09:35:33","date_gmt":"2014-05-26T07:35:33","guid":{"rendered":"http:\/\/wordpress.nibis.de\/semsopos\/?page_id=1060"},"modified":"2026-04-21T18:28:52","modified_gmt":"2026-04-21T16:28:52","slug":"personalrat-der-liv","status":"publish","type":"page","link":"https:\/\/wordpress.nibis.de\/semsopos\/personalrat-der-liv\/","title":{"rendered":"Personalrat der LiVd"},"content":{"rendered":"\n<p>Wir sind der Personalrat der Anw\u00e4rter*innen  im Studienseminar Osnabr\u00fcck, Lehramt f\u00fcr Sonderp\u00e4dagogik an den beiden Ausbildungsstandorten Osnabr\u00fcck und Aurich. Wir vertreten die Interessen der LiVd und agieren als Vermittlungsorgan zwischen der Seminarleitung bzw. den Fachseminarleitungen und den LiVd.<\/p>\n\n\n\n<p class=\"has-vivid-red-color has-text-color\"><strong>Die Personalratsmitglieder am Standort Osnabr\u00fcck (Stand April 2026):<\/strong><\/p>\n\n\n\n<p><\/p>\n\n\n\n<div class=\"wp-block-columns is-layout-flex wp-container-core-columns-is-layout-abceabcf wp-block-columns-is-layout-flex\">\n<div class=\"wp-block-column is-layout-flow wp-block-column-is-layout-flow\" style=\"--col-width:100%;flex-basis:100%\">\n<div class=\"wp-block-columns is-layout-flex wp-container-core-columns-is-layout-abceabcf wp-block-columns-is-layout-flex\">\n<div class=\"wp-block-column is-layout-flow wp-block-column-is-layout-flow\">\n<figure class=\"wp-block-image size-full\"><img loading=\"lazy\" decoding=\"async\" width=\"450\" height=\"600\" src=\"https:\/\/wordpress.nibis.de\/semsopos\/files\/Maximilian-Walter_OS2-edited.jpg\" alt=\"\" class=\"wp-image-6712\" \/><figcaption class=\"wp-element-caption\">2025-2 Maximilian Walter<\/figcaption><\/figure>\n<\/div>\n\n\n\n<div class=\"wp-block-column is-layout-flow wp-block-column-is-layout-flow\">\n<figure class=\"wp-block-image size-full\"><img loading=\"lazy\" decoding=\"async\" width=\"450\" height=\"600\" src=\"https:\/\/wordpress.nibis.de\/semsopos\/files\/jule-backhaus-edited.jpg\" alt=\"\" class=\"wp-image-7295\" srcset=\"https:\/\/wordpress.nibis.de\/semsopos\/files\/jule-backhaus-edited.jpg 450w, https:\/\/wordpress.nibis.de\/semsopos\/files\/jule-backhaus-edited-100x133.jpg 100w\" sizes=\"auto, (max-width: 450px) 100vw, 450px\" \/><figcaption class=\"wp-element-caption\">2026-1 Jule Backhaus<\/figcaption><\/figure>\n<\/div>\n<\/div>\n<\/div>\n<\/div>\n\n\n\n<div class=\"wp-block-columns is-layout-flex wp-container-core-columns-is-layout-abceabcf wp-block-columns-is-layout-flex\">\n<div class=\"wp-block-column is-layout-flow wp-block-column-is-layout-flow\">\n<figure class=\"wp-block-image size-full\"><img loading=\"lazy\" decoding=\"async\" width=\"450\" height=\"600\" src=\"https:\/\/wordpress.nibis.de\/semsopos\/files\/laura-jaske-edited.jpg\" alt=\"\" class=\"wp-image-7296\" srcset=\"https:\/\/wordpress.nibis.de\/semsopos\/files\/laura-jaske-edited.jpg 450w, https:\/\/wordpress.nibis.de\/semsopos\/files\/laura-jaske-edited-100x133.jpg 100w\" sizes=\"auto, (max-width: 450px) 100vw, 450px\" \/><figcaption class=\"wp-element-caption\">2026-1 Laura Jaske<\/figcaption><\/figure>\n<\/div>\n\n\n\n<div class=\"wp-block-column is-layout-flow wp-block-column-is-layout-flow\"><\/div>\n<\/div>\n\n\n\n<div class=\"wp-block-columns is-layout-flex wp-container-core-columns-is-layout-abceabcf wp-block-columns-is-layout-flex\">\n<div class=\"wp-block-column is-layout-flow wp-block-column-is-layout-flow\"><\/div>\n\n\n\n<div class=\"wp-block-column is-layout-flow wp-block-column-is-layout-flow\"><\/div>\n<\/div>\n\n\n\n<p class=\"has-vivid-red-color has-text-color\"><strong>Die Personalratsmitglieder am Standort Aurich (Stand April 2026):<\/strong><\/p>\n\n\n\n<div class=\"wp-block-columns is-layout-flex wp-container-core-columns-is-layout-abceabcf wp-block-columns-is-layout-flex\">\n<div class=\"wp-block-column is-layout-flow wp-block-column-is-layout-flow\">\n<figure class=\"wp-block-image size-full\"><img loading=\"lazy\" decoding=\"async\" width=\"450\" height=\"600\" src=\"https:\/\/wordpress.nibis.de\/semsopos\/files\/Bild_Janna-Gerken-edited.jpg\" alt=\"\" class=\"wp-image-6472\" \/><figcaption class=\"wp-element-caption\">2025-1 Janna Gerken<\/figcaption><\/figure>\n\n\n\n<figure class=\"wp-block-image size-full\"><img loading=\"lazy\" decoding=\"async\" width=\"415\" height=\"553\" src=\"https:\/\/wordpress.nibis.de\/semsopos\/files\/hellen-wedemann-edited.jpg\" alt=\"\" class=\"wp-image-7297\" srcset=\"https:\/\/wordpress.nibis.de\/semsopos\/files\/hellen-wedemann-edited.jpg 415w, https:\/\/wordpress.nibis.de\/semsopos\/files\/hellen-wedemann-edited-100x133.jpg 100w\" sizes=\"auto, (max-width: 415px) 100vw, 415px\" \/><figcaption class=\"wp-element-caption\">2026-1 Hellen Wedemann<\/figcaption><\/figure>\n<\/div>\n\n\n\n<div class=\"wp-block-column is-layout-flow wp-block-column-is-layout-flow\">\n<figure class=\"wp-block-image size-full\"><img loading=\"lazy\" decoding=\"async\" width=\"435\" height=\"581\" src=\"https:\/\/wordpress.nibis.de\/semsopos\/files\/Laura-Ryba_AUR2-edited.jpg\" alt=\"\" class=\"wp-image-6713\" \/><figcaption class=\"wp-element-caption\">2025-2 Laura Ryba<\/figcaption><\/figure>\n<\/div>\n<\/div>\n\n\n\n<div class=\"wp-block-columns is-layout-flex wp-container-core-columns-is-layout-abceabcf wp-block-columns-is-layout-flex\">\n<div class=\"wp-block-column is-layout-flow wp-block-column-is-layout-flow\"><\/div>\n\n\n\n<div class=\"wp-block-column is-layout-flow wp-block-column-is-layout-flow\"><\/div>\n<\/div>\n\n\n<p><strong>Der Personalrat bietet eine regelm\u00e4\u00dfige Sprechstunde an. Entsprechend des neuen Seminarplans treffen wir uns an PS-Tagen von 12:35 &#8211; 13:00 Uhr. Solltet ihr Interesse an unserer Arbeit, Anregungen oder Probleme haben, sucht uns gerne in Osnabr\u00fcck im Aufenthaltsraum f\u00fcr die Anw\u00e4rter*innen im 1. OG (Raumnummer 18.01.17) oder in Aurich im Raum Juist Nr. 4117 (Erste-Hilfe-Raum) auf. Ihr k\u00f6nnt euch jederzeit pers\u00f6nlich an uns wenden, eine E-Mail an <a href=\"&#109;a&#x69;l&#x74;o&#x3a;&#112;&#x65;&#114;&#x73;&#111;n&#x61;l&#x72;a&#x74;&#46;&#x64;&#101;&#x72;&#46;&#x6c;&#105;v&#x64;&#64;&#x73;t&#x75;&#100;&#x69;&#101;&#x6e;&#115;&#x65;&#109;i&#x6e;a&#x72;-&#x73;&#111;&#x6e;&#100;&#x65;&#114;&#x70;&#97;e&#x64;a&#x67;o&#x67;&#105;&#x6b;&#46;&#x64;&#101;\" target=\"_blank\" rel=\"noopener noreferrer\">&#x70;e&#x72;&#115;&#x6f;&#110;a&#x6c;&#114;&#x61;&#116;&#46;&#x64;&#101;&#x72;&#46;l&#x69;v&#x64;&#64;&#x73;&#x74;u&#x64;&#105;&#x65;&#110;s&#x65;&#109;&#x69;&#110;a&#x72;-&#x73;&#111;n&#x64;e&#x72;&#112;&#x61;&#101;d&#x61;&#103;&#x6f;&#103;i&#x6b;&#46;&#x64;&#101;<\/a> senden oder Kontakt \u00fcber das Kontaktformular am Ende dieser Seite zu uns aufnehmen.<\/strong><\/p>\n<p>Hier folgt eine Tabelle der aktuellen Mitglieder an den beiden Standorten. In der letzten Zeile findet sich jeweils eine Mailadresse, unter der ihr uns erreichen k\u00f6nnt. Mit den Kontaktformularen am Ende dieser Seite k\u00f6nnt ihr uns auch direkt erreichen.<\/p>\n\n<table id=\"tablepress-3\" class=\"tablepress tablepress-id-3\">\n<thead>\n<tr class=\"row-1\">\n\t<th class=\"column-1\">Standort Osnabr\u00fcck<strong><\/th><th class=\"column-2\">Standort Aurich<\/strong><\/th>\n<\/tr>\n<\/thead>\n<tbody class=\"row-striping row-hover\">\n<tr class=\"row-2\">\n\t<td class=\"column-1\"><strong>2025-2<\/strong><br \/>\nMaximilian Walter<\/td><td class=\"column-2\"><strong>2025-1<\/strong><br \/>\nJanna Gerken<\/td>\n<\/tr>\n<tr class=\"row-3\">\n\t<td class=\"column-1\"><strong>2026-1<\/strong><br \/>\nJule Backhaus<\/td><td class=\"column-2\"><strong>2025-2<\/strong><br \/>\nLaura Ryba<\/td>\n<\/tr>\n<tr class=\"row-4\">\n\t<td class=\"column-1\"><strong>2026-1<\/strong><br \/>\nLaura Jaske<\/td><td class=\"column-2\"><strong>2026-1<\/strong><br \/>\nHellen Wedemann<\/td>\n<\/tr>\n<tr class=\"row-5\">\n\t<td class=\"column-1\"><\/td><td class=\"column-2\"><\/td>\n<\/tr>\n<tr class=\"row-6\">\n\t<td class=\"column-1\"><\/td><td class=\"column-2\"><\/td>\n<\/tr>\n<\/tbody>\n<\/table>\n<!-- #tablepress-3 from cache -->\n<h6>\u00a0Das sind unsere Aufgaben:<\/h6>\n<ul>\n<li>Wir kommunizieren Informationen \u00fcber neue Regelungen im Rahmen des Vorbereitungsdienstes.<\/li>\n<li>Wir \u00fcberpr\u00fcfen die Einhaltung von Rechten und Schutzvorschriften der LiVds.<\/li>\n<li>Wir treffen uns regelm\u00e4\u00dfig zu Personalratsversammlungen.<\/li>\n<li>Wir tauschen uns regelm\u00e4\u00dfig mit der Seminarleitung aus.<\/li>\n<\/ul>\n<ul>\n<li>Wir sind f\u00fcr euch da:<\/li>\n<\/ul>\n<p>&#8211; bei Anregungen und Beschwerden,<\/p>\n<p><a name=\"_GoBack\"><\/a>&#8211; bei Fragen und pers\u00f6nlichen Anliegen<\/p>\n<p>&#8211; und bei allem, was den Vorbereitungsdienst betrifft.<\/p>\n<p><strong>GANZ WICHTIG: Der Grundsatz unserer Arbeit: 100%ige Vertraulichkeit!<\/strong><\/p>\n<p><span style=\"color: #ff0000\"><strong>Hier kannst du uns eine Mail schreiben. Kontakt:\u00a0<\/strong><\/span> \n<div class=\"wpcf7 no-js\" id=\"wpcf7-f2431-o1\" lang=\"de-DE\" dir=\"ltr\" data-wpcf7-id=\"2431\">\n<div class=\"screen-reader-response\"><p role=\"status\" aria-live=\"polite\" aria-atomic=\"true\"><\/p> <ul><\/ul><\/div>\n<form action=\"\/semsopos\/wp-json\/wp\/v2\/pages\/1060#wpcf7-f2431-o1\" method=\"post\" class=\"wpcf7-form init\" aria-label=\"Kontaktformular\" novalidate=\"novalidate\" data-status=\"init\">\n<fieldset class=\"hidden-fields-container\"><input type=\"hidden\" name=\"_wpcf7\" value=\"2431\" \/><input type=\"hidden\" name=\"_wpcf7_version\" value=\"6.1.5\" \/><input type=\"hidden\" name=\"_wpcf7_locale\" value=\"de_DE\" \/><input type=\"hidden\" name=\"_wpcf7_unit_tag\" value=\"wpcf7-f2431-o1\" \/><input type=\"hidden\" name=\"_wpcf7_container_post\" value=\"0\" \/><input type=\"hidden\" name=\"_wpcf7_posted_data_hash\" value=\"\" \/>\n<\/fieldset>\n<p><label> Ihr Name (Pflichtfeld)<br \/>\n<span class=\"wpcf7-form-control-wrap\" data-name=\"your-name\"><input size=\"40\" maxlength=\"400\" class=\"wpcf7-form-control wpcf7-text wpcf7-validates-as-required\" aria-required=\"true\" aria-invalid=\"false\" value=\"\" type=\"text\" name=\"your-name\" \/><\/span> <\/label>\n<\/p>\n<p><label> Ihre E-Mail-Adresse (Pflichtfeld)<br \/>\n<span class=\"wpcf7-form-control-wrap\" data-name=\"your-email\"><input size=\"40\" maxlength=\"400\" class=\"wpcf7-form-control wpcf7-email wpcf7-validates-as-required wpcf7-text wpcf7-validates-as-email\" aria-required=\"true\" aria-invalid=\"false\" value=\"\" type=\"email\" name=\"your-email\" \/><\/span> <\/label>\n<\/p>\n<p><label> Betreff<br \/>\n<span class=\"wpcf7-form-control-wrap\" data-name=\"your-subject\"><input size=\"40\" maxlength=\"400\" class=\"wpcf7-form-control wpcf7-text\" aria-invalid=\"false\" value=\"\" type=\"text\" name=\"your-subject\" \/><\/span> <\/label>\n<\/p>\n<p><label> Ihre Nachricht<br \/>\n<span class=\"wpcf7-form-control-wrap\" data-name=\"your-message\"><textarea cols=\"40\" rows=\"10\" maxlength=\"2000\" class=\"wpcf7-form-control wpcf7-textarea\" aria-invalid=\"false\" name=\"your-message\"><\/textarea><\/span> <\/label>\n<\/p>\n<p><input class=\"wpcf7-form-control wpcf7-submit has-spinner\" type=\"submit\" value=\"Senden\" \/>\n<\/p><div class=\"wpcf7-response-output\" aria-hidden=\"true\"><\/div>\n<\/form>\n<\/div>\n<\/p>\n<p><span style=\"color: #0000ff\"><strong>\u00a0<\/strong><\/span><\/p>\n\n\n<div class=\"wp-block-columns is-layout-flex wp-container-core-columns-is-layout-abceabcf wp-block-columns-is-layout-flex\">\n<div class=\"wp-block-column is-layout-flow wp-block-column-is-layout-flow\"><\/div>\n\n\n\n<div class=\"wp-block-column is-layout-flow wp-block-column-is-layout-flow\"><\/div>\n<\/div>\n\n\n","protected":false},"excerpt":{"rendered":"<p>Wir sind der Personalrat der Anw\u00e4rter*innen im Studienseminar Osnabr\u00fcck, Lehramt f\u00fcr Sonderp\u00e4dagogik an den beiden Ausbildungsstandorten Osnabr\u00fcck und Aurich. Wir vertreten die Interessen der LiVd und agieren als Vermittlungsorgan zwischen der Seminarleitung bzw. den Fachseminarleitungen und den LiVd. Die Personalratsmitglieder am Standort Osnabr\u00fcck (Stand April 2026): Die Personalratsmitglieder am Standort Aurich (Stand April 2026): Der [&hellip;]<\/p>\n","protected":false},"author":177,"featured_media":0,"parent":0,"menu_order":0,"comment_status":"closed","ping_status":"closed","template":"","meta":{"footnotes":""},"class_list":["post-1060","page","type-page","status-publish","hentry"],"_links":{"self":[{"href":"https:\/\/wordpress.nibis.de\/semsopos\/wp-json\/wp\/v2\/pages\/1060","targetHints":{"allow":["GET"]}}],"collection":[{"href":"https:\/\/wordpress.nibis.de\/semsopos\/wp-json\/wp\/v2\/pages"}],"about":[{"href":"https:\/\/wordpress.nibis.de\/semsopos\/wp-json\/wp\/v2\/types\/page"}],"author":[{"embeddable":true,"href":"https:\/\/wordpress.nibis.de\/semsopos\/wp-json\/wp\/v2\/users\/177"}],"replies":[{"embeddable":true,"href":"https:\/\/wordpress.nibis.de\/semsopos\/wp-json\/wp\/v2\/comments?post=1060"}],"version-history":[{"count":100,"href":"https:\/\/wordpress.nibis.de\/semsopos\/wp-json\/wp\/v2\/pages\/1060\/revisions"}],"predecessor-version":[{"id":7301,"href":"https:\/\/wordpress.nibis.de\/semsopos\/wp-json\/wp\/v2\/pages\/1060\/revisions\/7301"}],"wp:attachment":[{"href":"https:\/\/wordpress.nibis.de\/semsopos\/wp-json\/wp\/v2\/media?parent=1060"}],"curies":[{"name":"wp","href":"https:\/\/api.w.org\/{rel}","templated":true}]}}