{"id":1214,"date":"2015-10-29T11:48:43","date_gmt":"2015-10-29T10:48:43","guid":{"rendered":"http:\/\/wordpress.nibis.de\/semsopos\/?page_id=1214"},"modified":"2022-01-31T12:19:39","modified_gmt":"2022-01-31T11:19:39","slug":"zusatzqualifikation-diagnostik-und-foerderung-bei-rechenstoerungen-und-dyskalkulie","status":"publish","type":"page","link":"https:\/\/wordpress.nibis.de\/semsopos\/zusatzqualifikation-diagnostik-und-foerderung-bei-rechenstoerungen-und-dyskalkulie\/","title":{"rendered":"Zusatzqualifikation \u201eDiagnostik und F\u00f6rderung bei Rechenst\u00f6rungen und Dyskalkulie\u201c"},"content":{"rendered":"<p style=\"text-align: justify\">Die Studienseminare f\u00fcr das Lehramt f\u00fcr Sonderp\u00e4dagogik und f\u00fcr das Lehramt an Grund-, Haupt- und Realschulen bieten in Kooperation f\u00fcr ihre Lehrkr\u00e4fte im Vorbereitungsdienst\u00a0 eine Zusatzqualifikation zur \u201eDiagnostik und F\u00f6rderung bei Rechenst\u00f6rungen und Dyskalkulie\u201c an.<\/p>\n<p>Diese Zuatzqualifikation findet <strong>nicht in jedem Halbjahr<\/strong> statt. Bei Interesse wenden Sie sich bitte an Ihre PS-Leiter*innen oder an die Seminarleitung.<\/p>\n<p style=\"text-align: justify\">Weitere Informationen hierzu entnehmen Sie bitte dem <a href=\"https:\/\/wordpress.nibis.de\/semsopos\/files\/Ausbildungskonzept-Dyskalkulie.pdf\"><strong>Ausbildungskonzept<\/strong><\/a>.<\/p>\n\n","protected":false},"excerpt":{"rendered":"<p>Die Studienseminare f\u00fcr das Lehramt f\u00fcr Sonderp\u00e4dagogik und f\u00fcr das Lehramt an Grund-, Haupt- und Realschulen bieten in Kooperation f\u00fcr ihre Lehrkr\u00e4fte im Vorbereitungsdienst\u00a0 eine Zusatzqualifikation zur \u201eDiagnostik und F\u00f6rderung bei Rechenst\u00f6rungen und Dyskalkulie\u201c an. Diese Zuatzqualifikation findet nicht in jedem Halbjahr statt. Bei Interesse wenden Sie sich bitte an Ihre PS-Leiter*innen oder an die [&hellip;]<\/p>\n","protected":false},"author":177,"featured_media":0,"parent":0,"menu_order":0,"comment_status":"closed","ping_status":"closed","template":"","meta":{"footnotes":""},"class_list":["post-1214","page","type-page","status-publish","hentry"],"_links":{"self":[{"href":"https:\/\/wordpress.nibis.de\/semsopos\/wp-json\/wp\/v2\/pages\/1214","targetHints":{"allow":["GET"]}}],"collection":[{"href":"https:\/\/wordpress.nibis.de\/semsopos\/wp-json\/wp\/v2\/pages"}],"about":[{"href":"https:\/\/wordpress.nibis.de\/semsopos\/wp-json\/wp\/v2\/types\/page"}],"author":[{"embeddable":true,"href":"https:\/\/wordpress.nibis.de\/semsopos\/wp-json\/wp\/v2\/users\/177"}],"replies":[{"embeddable":true,"href":"https:\/\/wordpress.nibis.de\/semsopos\/wp-json\/wp\/v2\/comments?post=1214"}],"version-history":[{"count":9,"href":"https:\/\/wordpress.nibis.de\/semsopos\/wp-json\/wp\/v2\/pages\/1214\/revisions"}],"predecessor-version":[{"id":4748,"href":"https:\/\/wordpress.nibis.de\/semsopos\/wp-json\/wp\/v2\/pages\/1214\/revisions\/4748"}],"wp:attachment":[{"href":"https:\/\/wordpress.nibis.de\/semsopos\/wp-json\/wp\/v2\/media?parent=1214"}],"curies":[{"name":"wp","href":"https:\/\/api.w.org\/{rel}","templated":true}]}}

Zusatzqualifikation „Diagnostik und Förderung bei Rechenstörungen und Dyskalkulie“

<p style="text-align: justify">Die Studienseminare für das Lehramt für Sonderpädagogik und für das Lehramt an Grund-, Haupt- und Realschulen bieten in Kooperation für ihre Lehrkräfte im Vorbereitungsdienst  eine Zusatzqualifikation zur „Diagnostik und Förderung bei Rechenstörungen und Dyskalkulie“ an.</p>
<p>Diese Zuatzqualifikation findet <strong>nicht in jedem Halbjahr</strong> statt. Bei Interesse wenden Sie sich bitte an Ihre PS-Leiter*innen oder an die Seminarleitung.</p>
<p style="text-align: justify">Weitere Informationen hierzu entnehmen Sie bitte dem <a href="https://wordpress.nibis.de/semsopos/files/Ausbildungskonzept-Dyskalkulie.pdf"><strong>Ausbildungskonzept</strong></a>.</p>

<p>Die Studienseminare für das Lehramt für Sonderpädagogik und für das Lehramt an Grund-, Haupt- und Realschulen bieten in Kooperation für ihre Lehrkräfte im Vorbereitungsdienst  eine Zusatzqualifikation zur „Diagnostik und Förderung bei Rechenstörungen und Dyskalkulie“ an. Diese Zuatzqualifikation findet nicht in jedem Halbjahr statt. Bei Interesse wenden Sie sich bitte an Ihre PS-Leiter*innen oder an die [&hellip;]</p>
