{"id":1290,"date":"2016-08-23T17:43:36","date_gmt":"2016-08-23T15:43:36","guid":{"rendered":"http:\/\/wordpress.nibis.de\/semsopos\/?page_id=1290"},"modified":"2022-11-09T10:05:40","modified_gmt":"2022-11-09T09:05:40","slug":"standort-osnabrueck","status":"publish","type":"page","link":"https:\/\/wordpress.nibis.de\/semsopos\/standort-osnabrueck\/","title":{"rendered":"Standort Osnabr\u00fcck"},"content":{"rendered":"\n<p>Studienseminar<strong> Osnabr\u00fcck f\u00fcr das Lehramt f\u00fcr Sonderp\u00e4dagogik <\/strong><\/p>\n\n\n\n<p><strong>Winkelhausenstra\u00dfe 18<br><\/strong><\/p>\n\n\n\n<p><strong>49090 Osnabr\u00fcck<\/strong><\/p>\n\n\n\n<p>Sekretariat (Frau Brinkschr\u00f6der \/ Frau Volkmann)<\/p>\n\n\n\n<p>Tel:&nbsp; 0541-770 46 960<\/p>\n\n\n\n<p>Fax: 0541 \u2013 770 46 8 960<\/p>\n\n\n\n<p><strong>B\u00fcrozeiten:<\/strong><\/p>\n\n\n\n<figure class=\"wp-block-table\"><table><tbody><tr><td>\n<p><strong>W\u00e4hrend der nieders\u00e4chsischen <span style=\"color: #ff0000\">Schulzeit: <\/span><\/strong><\/p>\n<\/td><td>&nbsp;<\/td><\/tr><tr><td><strong>Montag, Dienstag, Donnerstag: <\/strong><span style=\"font-size: small\"><br><\/span><\/td><td><strong>09.00 Uhr &#8211; 12:30 Uhr<\/strong> und <strong>13:00 Uhr &#8211; 15:30&nbsp; Uhr  <\/strong><span style=\"font-size: small\"><br><\/span><\/td><\/tr><tr><td><strong>Mittwoch:  <\/strong> <\/td><td><strong> 09:00 Uhr &#8211; 16:00 Uhr   <\/strong><br><\/td><\/tr><tr><td><strong>Freitag:<\/strong> <\/td><td><strong> 09:00 Uhr  &#8211; 13:00 Uhr <\/strong><\/td><\/tr><tr><td> <p><strong>W\u00e4hrend der nieders\u00e4chsischen <span style=\"color: #ff0000\">Schulferien:<\/span> <\/strong> <\/p><\/td><td>&nbsp;<\/td><\/tr><tr><td><strong>Montag, Dienstag, Donnerstag:<\/strong> <br><\/td><td><strong>09.00 Uhr &#8211; 12:30 Uhr <\/strong>und<strong> 13:00 Uhr &#8211; 14:30&nbsp; Uhr <\/strong><\/td><\/tr><tr><td><strong>Freitag:<\/strong>  &nbsp; <\/td><td><strong> 09:00 Uhr &#8211; 12:00 Uhr  <\/strong><br><\/td><\/tr><\/tbody><\/table><\/figure>\n\n\n\n<p><strong>Oder Sie schreiben uns eine Nachricht:<\/strong><\/p>\n\n\n\n<div class=\"wpcf7 no-js\" id=\"wpcf7-f1289-o1\" lang=\"de-DE\" dir=\"ltr\" data-wpcf7-id=\"1289\">\n<div class=\"screen-reader-response\"><p role=\"status\" aria-live=\"polite\" aria-atomic=\"true\"><\/p> <ul><\/ul><\/div>\n<form action=\"\/semsopos\/wp-json\/wp\/v2\/pages\/1290#wpcf7-f1289-o1\" method=\"post\" class=\"wpcf7-form init\" aria-label=\"Kontaktformular\" novalidate=\"novalidate\" data-status=\"init\">\n<fieldset class=\"hidden-fields-container\"><input type=\"hidden\" name=\"_wpcf7\" value=\"1289\" \/><input type=\"hidden\" name=\"_wpcf7_version\" value=\"6.1.5\" \/><input type=\"hidden\" name=\"_wpcf7_locale\" value=\"de_DE\" \/><input type=\"hidden\" name=\"_wpcf7_unit_tag\" value=\"wpcf7-f1289-o1\" \/><input type=\"hidden\" name=\"_wpcf7_container_post\" value=\"0\" \/><input type=\"hidden\" name=\"_wpcf7_posted_data_hash\" value=\"\" \/>\n<\/fieldset>\n<p>Ihr Name (Pflichtfeld)\n<\/p>\n<p><span class=\"wpcf7-form-control-wrap\" data-name=\"your-name\"><input size=\"40\" maxlength=\"400\" class=\"wpcf7-form-control wpcf7-text wpcf7-validates-as-required\" aria-required=\"true\" aria-invalid=\"false\" value=\"\" type=\"text\" name=\"your-name\" \/><\/span>\n<\/p>\n<p>Ihre E-Mail-Adresse (Pflichtfeld)\n<\/p>\n<p><span class=\"wpcf7-form-control-wrap\" data-name=\"your-email\"><input size=\"40\" maxlength=\"400\" class=\"wpcf7-form-control wpcf7-email wpcf7-validates-as-required wpcf7-text wpcf7-validates-as-email\" aria-required=\"true\" aria-invalid=\"false\" value=\"\" type=\"email\" name=\"your-email\" \/><\/span>\n<\/p>\n<p>Betreff\n<\/p>\n<p><span class=\"wpcf7-form-control-wrap\" data-name=\"your-subject\"><input size=\"40\" maxlength=\"400\" class=\"wpcf7-form-control wpcf7-text\" aria-invalid=\"false\" value=\"\" type=\"text\" name=\"your-subject\" \/><\/span>\n<\/p>\n<p>Ihre Nachricht\n<\/p>\n<p><span class=\"wpcf7-form-control-wrap\" data-name=\"your-message\"><textarea cols=\"40\" rows=\"10\" maxlength=\"2000\" class=\"wpcf7-form-control wpcf7-textarea\" aria-invalid=\"false\" name=\"your-message\"><\/textarea><\/span>\n<\/p>\n<p>Diesen Code: Achtung: Das Plugin <a href=\"https:\/\/wordpress.org\/plugins\/really-simple-captcha\/\">Really Simple CAPTCHA<\/a> ist gerade nicht aktiv. Eingeben: <span class=\"wpcf7-form-control-wrap\" data-name=\"captcha-111\"><input size=\"10\" maxlength=\"10\" class=\"wpcf7-form-control wpcf7-captchar\" autocomplete=\"off\" aria-invalid=\"false\" value=\"\" type=\"text\" name=\"captcha-111\" \/><\/span>\n<\/p>\n<p><input class=\"wpcf7-form-control wpcf7-submit has-spinner\" type=\"submit\" value=\"Senden\" \/>\n<\/p><div class=\"wpcf7-response-output\" aria-hidden=\"true\"><\/div>\n<\/form>\n<\/div>\n\n\n\n\n<p><\/p>\n","protected":false},"excerpt":{"rendered":"<p>Studienseminar Osnabr\u00fcck f\u00fcr das Lehramt f\u00fcr Sonderp\u00e4dagogik Winkelhausenstra\u00dfe 18 49090 Osnabr\u00fcck Sekretariat (Frau Brinkschr\u00f6der \/ Frau Volkmann) Tel:&nbsp; 0541-770 46 960 Fax: 0541 \u2013 770 46 8 960 B\u00fcrozeiten: W\u00e4hrend der nieders\u00e4chsischen Schulzeit: &nbsp; Montag, Dienstag, Donnerstag: 09.00 Uhr &#8211; 12:30 Uhr und 13:00 Uhr &#8211; 15:30&nbsp; Uhr Mittwoch: 09:00 Uhr &#8211; 16:00 Uhr Freitag: [&hellip;]<\/p>\n","protected":false},"author":177,"featured_media":0,"parent":0,"menu_order":0,"comment_status":"closed","ping_status":"closed","template":"","meta":{"footnotes":""},"class_list":["post-1290","page","type-page","status-publish","hentry"],"_links":{"self":[{"href":"https:\/\/wordpress.nibis.de\/semsopos\/wp-json\/wp\/v2\/pages\/1290","targetHints":{"allow":["GET"]}}],"collection":[{"href":"https:\/\/wordpress.nibis.de\/semsopos\/wp-json\/wp\/v2\/pages"}],"about":[{"href":"https:\/\/wordpress.nibis.de\/semsopos\/wp-json\/wp\/v2\/types\/page"}],"author":[{"embeddable":true,"href":"https:\/\/wordpress.nibis.de\/semsopos\/wp-json\/wp\/v2\/users\/177"}],"replies":[{"embeddable":true,"href":"https:\/\/wordpress.nibis.de\/semsopos\/wp-json\/wp\/v2\/comments?post=1290"}],"version-history":[{"count":35,"href":"https:\/\/wordpress.nibis.de\/semsopos\/wp-json\/wp\/v2\/pages\/1290\/revisions"}],"predecessor-version":[{"id":5142,"href":"https:\/\/wordpress.nibis.de\/semsopos\/wp-json\/wp\/v2\/pages\/1290\/revisions\/5142"}],"wp:attachment":[{"href":"https:\/\/wordpress.nibis.de\/semsopos\/wp-json\/wp\/v2\/media?parent=1290"}],"curies":[{"name":"wp","href":"https:\/\/api.w.org\/{rel}","templated":true}]}}