{"id":1519,"date":"2016-11-09T21:02:11","date_gmt":"2016-11-09T20:02:11","guid":{"rendered":"http:\/\/wordpress.nibis.de\/semsopos\/?page_id=1519"},"modified":"2025-03-17T09:28:49","modified_gmt":"2025-03-17T08:28:49","slug":"module","status":"publish","type":"page","link":"https:\/\/wordpress.nibis.de\/semsopos\/module\/","title":{"rendered":"Modultage"},"content":{"rendered":"<p>Sie k\u00f6nnen regelm\u00e4\u00dfig an speziellen Modultagen im F\u00f6rderschwerpunkt und in der Fachdidaktik Ihre pers\u00f6nlichen Kompetenzen weiterentwickeln. Dieses <strong>Wahlpflichtangebot<\/strong> erm\u00f6glicht es Ihnen, unter anderem Basiskompetenzen in `nicht-studierten\u00b4 F\u00e4chern oder F\u00f6rderschwerpunkten zu erwerben. Die Module werden fach- und seminar\u00fcbergreifend von Fachseminarleiter*innen-Teams gestaltet, die ihre jeweiligen Schwerpunkte einbringen. Die genaue Verteilung der einzelnen Modulangebote entnehmen Sie bitte dem <a href=\"https:\/\/wordpress.nibis.de\/semsopos\/organisationsplan-osnabrueck\/\">Orgaplan<\/a>, sowie<span style=\"font-size: revert\"> den nachfolgenden \u00dcbersichten:<\/span><\/p>\n<p><a href=\"https:\/\/wordpress.nibis.de\/semsopos\/files\/Module-der-Foerderschwerpunkte.pdf\">Module der F\u00f6rderschwerpunkte<\/a><\/p>\n<p><a href=\"https:\/\/wordpress.nibis.de\/semsopos\/files\/Module-der-Fachdidaktiken.pdf\">Module der Fachdidaktiken<\/a><\/p>\n","protected":false},"excerpt":{"rendered":"<p>Sie k\u00f6nnen regelm\u00e4\u00dfig an speziellen Modultagen im F\u00f6rderschwerpunkt und in der Fachdidaktik Ihre pers\u00f6nlichen Kompetenzen weiterentwickeln. Dieses Wahlpflichtangebot erm\u00f6glicht es Ihnen, unter anderem Basiskompetenzen in `nicht-studierten\u00b4 F\u00e4chern oder F\u00f6rderschwerpunkten zu erwerben. Die Module werden fach- und seminar\u00fcbergreifend von Fachseminarleiter*innen-Teams gestaltet, die ihre jeweiligen Schwerpunkte einbringen. Die genaue Verteilung der einzelnen Modulangebote entnehmen Sie bitte dem [&hellip;]<\/p>\n","protected":false},"author":177,"featured_media":0,"parent":0,"menu_order":0,"comment_status":"closed","ping_status":"closed","template":"","meta":{"footnotes":""},"class_list":["post-1519","page","type-page","status-publish","hentry"],"_links":{"self":[{"href":"https:\/\/wordpress.nibis.de\/semsopos\/wp-json\/wp\/v2\/pages\/1519","targetHints":{"allow":["GET"]}}],"collection":[{"href":"https:\/\/wordpress.nibis.de\/semsopos\/wp-json\/wp\/v2\/pages"}],"about":[{"href":"https:\/\/wordpress.nibis.de\/semsopos\/wp-json\/wp\/v2\/types\/page"}],"author":[{"embeddable":true,"href":"https:\/\/wordpress.nibis.de\/semsopos\/wp-json\/wp\/v2\/users\/177"}],"replies":[{"embeddable":true,"href":"https:\/\/wordpress.nibis.de\/semsopos\/wp-json\/wp\/v2\/comments?post=1519"}],"version-history":[{"count":26,"href":"https:\/\/wordpress.nibis.de\/semsopos\/wp-json\/wp\/v2\/pages\/1519\/revisions"}],"predecessor-version":[{"id":6487,"href":"https:\/\/wordpress.nibis.de\/semsopos\/wp-json\/wp\/v2\/pages\/1519\/revisions\/6487"}],"wp:attachment":[{"href":"https:\/\/wordpress.nibis.de\/semsopos\/wp-json\/wp\/v2\/media?parent=1519"}],"curies":[{"name":"wp","href":"https:\/\/api.w.org\/{rel}","templated":true}]}}