{"id":2368,"date":"2017-08-22T15:32:43","date_gmt":"2017-08-22T13:32:43","guid":{"rendered":"http:\/\/wordpress.nibis.de\/semsopos\/?page_id=2368"},"modified":"2025-02-05T06:45:24","modified_gmt":"2025-02-05T05:45:24","slug":"2368-2","status":"publish","type":"page","link":"https:\/\/wordpress.nibis.de\/semsopos\/2368-2\/","title":{"rendered":"Abgabe der Entw\u00fcrfe"},"content":{"rendered":"<h2>Absprachen und Hinweise zum Versenden der Unterrichtsentw\u00fcrfe<\/h2>\n<p><strong><span style=\"color: #ff0000\">Entw\u00fcrfe f\u00fcr allgemeine Unterrichtsbesuche (aUB)<\/span><\/strong><span style=\"color: #000000\"> schicken Sie digital am Abend vor dem Unterrichtsbesuch <strong>bis 18 Uhr<\/strong> an die Fachseminarleiter\/innen. F\u00fcr Besuche am Montag reicht das Versenden am Sonntagabend. <strong>Am Tag des Unterrichtsbesuchs<\/strong> legen Sie bitte (sofern im Vorfeld mit dem\/ der zust\u00e4ndigen FSL besprochen) ein ausgedrucktes Exemplar f\u00fcr die FSL vor.<\/span><\/p>\n<p><strong><span style=\"color: #ff0000\">Entw\u00fcrfe f\u00fcr einen gemeinsamen Unterrichtsbesuch (gUB)<\/span><\/strong> schicken Sie den FSL und der <span style=\"color: #000000\">Schulleitung am <strong>Tag vor dem Unterrichtsbesuch bis mittags um 12 Uhr<\/strong> digital zu. <\/span><span style=\"color: #ff0000\"><span style=\"color: #000000\">F\u00fcr Unterrichtsbesuche am Montag gilt Freitag bis 12Uhr!!! <strong>Am Tag des Unterrichtsbesuchs<\/strong> geben Sie einen ausgedruckten\u00a0 Unterrichtsentwurf f\u00fcr Ihre Ausbildungsakte dem PS-Leiter\/der PS-Leiterin.<\/span> <\/span><\/p>\n<p>Die <span style=\"color: #ff0000\"><strong>Entw\u00fcrfe f\u00fcr beide Pr\u00fcfungsstunden<\/strong><\/span> senden Sie allen Mitgliedern der Pr\u00fcfungskommission, ggf. den Fachlehrkr\u00e4ften sowie ggf. weiteren Teilnehme<span style=\"color: #000000\">rn<strong> am Tag vor der Pr\u00fcfung bis 12 Uhr mittags<\/strong> digital zu<\/span>. <strong>Am Tag der Pr\u00fcfung<\/strong> hinterlegen Sie in der Schule jeweils <strong>einen\u00a0 Ausdruck der beiden Pr\u00fcfungsstunden<\/strong>, die in Ihre Pr\u00fcfungsakte geheftet werden. Senden Sie zus\u00e4tzlich die digitale Version auch an das Studienseminar, damit in Falle einer Vertretungsnotwendigkeit die Unterlagen an Kolleg\/innen versendet werden k\u00f6nnen.<\/p>\n\n\n<p><\/p>\n","protected":false},"excerpt":{"rendered":"<p>Absprachen und Hinweise zum Versenden der Unterrichtsentw\u00fcrfe Entw\u00fcrfe f\u00fcr allgemeine Unterrichtsbesuche (aUB) schicken Sie digital am Abend vor dem Unterrichtsbesuch bis 18 Uhr an die Fachseminarleiter\/innen. F\u00fcr Besuche am Montag reicht das Versenden am Sonntagabend. Am Tag des Unterrichtsbesuchs legen Sie bitte (sofern im Vorfeld mit dem\/ der zust\u00e4ndigen FSL besprochen) ein ausgedrucktes Exemplar f\u00fcr [&hellip;]<\/p>\n","protected":false},"author":1287,"featured_media":0,"parent":0,"menu_order":0,"comment_status":"closed","ping_status":"closed","template":"","meta":{"footnotes":""},"class_list":["post-2368","page","type-page","status-publish","hentry"],"_links":{"self":[{"href":"https:\/\/wordpress.nibis.de\/semsopos\/wp-json\/wp\/v2\/pages\/2368","targetHints":{"allow":["GET"]}}],"collection":[{"href":"https:\/\/wordpress.nibis.de\/semsopos\/wp-json\/wp\/v2\/pages"}],"about":[{"href":"https:\/\/wordpress.nibis.de\/semsopos\/wp-json\/wp\/v2\/types\/page"}],"author":[{"embeddable":true,"href":"https:\/\/wordpress.nibis.de\/semsopos\/wp-json\/wp\/v2\/users\/1287"}],"replies":[{"embeddable":true,"href":"https:\/\/wordpress.nibis.de\/semsopos\/wp-json\/wp\/v2\/comments?post=2368"}],"version-history":[{"count":17,"href":"https:\/\/wordpress.nibis.de\/semsopos\/wp-json\/wp\/v2\/pages\/2368\/revisions"}],"predecessor-version":[{"id":6453,"href":"https:\/\/wordpress.nibis.de\/semsopos\/wp-json\/wp\/v2\/pages\/2368\/revisions\/6453"}],"wp:attachment":[{"href":"https:\/\/wordpress.nibis.de\/semsopos\/wp-json\/wp\/v2\/media?parent=2368"}],"curies":[{"name":"wp","href":"https:\/\/api.w.org\/{rel}","templated":true}]}}