{"id":2643,"date":"2018-02-02T08:51:53","date_gmt":"2018-02-02T07:51:53","guid":{"rendered":"http:\/\/wordpress.nibis.de\/semsopos\/?page_id=2643"},"modified":"2026-01-08T11:49:37","modified_gmt":"2026-01-08T10:49:37","slug":"musische-bildung","status":"publish","type":"page","link":"https:\/\/wordpress.nibis.de\/semsopos\/musische-bildung\/","title":{"rendered":"Musische Bildung"},"content":{"rendered":"\n<p class=\"has-text-align-center\"><strong>ICH KANN NICHT SINGEN!<br>ICH SPIELE KEIN INSTRUMENT!<br>ICH BIN NICHT MUSIKALISCH!<\/strong><\/p>\n\n\n\n<p class=\"has-text-align-center\"><strong>PERFEKT! <\/strong><\/p>\n\n\n\n<p class=\"has-text-align-center\"><strong>SIE BRINGEN ALLE NOTWENDIGEN KOMPETENZEN FU\u0308R DIESE ZUSATZQUALIFIKATION MIT.<\/strong><\/p>\n\n\n<p>Viele Elemente des Bereichs <strong>Musische Bildung<\/strong> sind ideal dazu geeignet, bedeutsame Zielsetzungen der allgemeinen Schule und der sonderp\u00e4dagogischen F\u00f6rderschwerpunkte zu unterst\u00fctzen. Der Einsatz von musischen Elementen bereichert alle F\u00e4cher und dar\u00fcber hinaus das Schulleben insgesamt und hat positive Wirkungen im kognitiven und emotional-sozialen Bereich. Die M\u00f6glichkeiten sind hier fast unersch\u00f6pflich, beispielhaft genannt seien der Ganztag, der Pausen- und Freizeitbereich und Arbeitsgemeinschaften.<\/p>\n<p><strong>Termine: <\/strong><\/p>\n<p><strong>Bestehender Durchgang: 27.09.25, 11.10.25 <\/strong>(jeweils 10:00h bis 18:00h) und<strong> 28.01.26 <\/strong>(12:45h bis 16:00h).<strong><br \/><\/strong><\/p>\n<p><strong>Neuer Durchgang: 07.03.26, 14.03.26 <\/strong>(jeweils 10:00h bis 18:00h) und<strong> 12.06.26 <\/strong>(14:00h bis 18:00h).<\/p>\n<p><strong>Bitte beachten Sie:<\/strong><\/p>\n<p>Eine Anmeldung ist\u00a0ab sofort wieder m\u00f6glich.<\/p>\n<p>Hier gelangen Sie zur <strong><a href=\"https:\/\/wordpress.nibis.de\/semsopos\/files\/ZQ-Musik-Kurzinformation_2026_I.pdf\">Kurzinformation ZQ Musik<\/a><a href=\"https:\/\/wordpress.nibis.de\/semsopos\/files\/ZQ-Musik-Kurzinformation_2025_II.pdf\">.<\/a><\/strong><\/p>\n<p>Hier finden Sie das <strong><a href=\"https:\/\/wordpress.nibis.de\/semsopos\/files\/2025-Anmeldung_Zusatzqualifikation_Musik.docx\">Anmeldeformular<\/a><\/strong><strong>.<\/strong><\/p>\n\n\n<p><\/p>\n\n\n","protected":false},"excerpt":{"rendered":"<p>ICH KANN NICHT SINGEN!ICH SPIELE KEIN INSTRUMENT!ICH BIN NICHT MUSIKALISCH! PERFEKT! SIE BRINGEN ALLE NOTWENDIGEN KOMPETENZEN FU\u0308R DIESE ZUSATZQUALIFIKATION MIT. Viele Elemente des Bereichs Musische Bildung sind ideal dazu geeignet, bedeutsame Zielsetzungen der allgemeinen Schule und der sonderp\u00e4dagogischen F\u00f6rderschwerpunkte zu unterst\u00fctzen. Der Einsatz von musischen Elementen bereichert alle F\u00e4cher und dar\u00fcber hinaus das Schulleben insgesamt [&hellip;]<\/p>\n","protected":false},"author":1287,"featured_media":0,"parent":0,"menu_order":0,"comment_status":"closed","ping_status":"closed","template":"","meta":{"footnotes":""},"class_list":["post-2643","page","type-page","status-publish","hentry"],"_links":{"self":[{"href":"https:\/\/wordpress.nibis.de\/semsopos\/wp-json\/wp\/v2\/pages\/2643","targetHints":{"allow":["GET"]}}],"collection":[{"href":"https:\/\/wordpress.nibis.de\/semsopos\/wp-json\/wp\/v2\/pages"}],"about":[{"href":"https:\/\/wordpress.nibis.de\/semsopos\/wp-json\/wp\/v2\/types\/page"}],"author":[{"embeddable":true,"href":"https:\/\/wordpress.nibis.de\/semsopos\/wp-json\/wp\/v2\/users\/1287"}],"replies":[{"embeddable":true,"href":"https:\/\/wordpress.nibis.de\/semsopos\/wp-json\/wp\/v2\/comments?post=2643"}],"version-history":[{"count":32,"href":"https:\/\/wordpress.nibis.de\/semsopos\/wp-json\/wp\/v2\/pages\/2643\/revisions"}],"predecessor-version":[{"id":7008,"href":"https:\/\/wordpress.nibis.de\/semsopos\/wp-json\/wp\/v2\/pages\/2643\/revisions\/7008"}],"wp:attachment":[{"href":"https:\/\/wordpress.nibis.de\/semsopos\/wp-json\/wp\/v2\/media?parent=2643"}],"curies":[{"name":"wp","href":"https:\/\/api.w.org\/{rel}","templated":true}]}}