{"id":45,"date":"2013-06-19T15:29:38","date_gmt":"2013-06-19T13:29:38","guid":{"rendered":"http:\/\/wordpress.nibis.de\/semsopos\/?page_id=45"},"modified":"2024-02-22T11:19:30","modified_gmt":"2024-02-22T10:19:30","slug":"deutsch","status":"publish","type":"page","link":"https:\/\/wordpress.nibis.de\/semsopos\/deutsch\/","title":{"rendered":"Deutsch"},"content":{"rendered":"<p><img decoding=\"async\" class=\"aligncenter\" src=\"http:\/\/wordpress.nibis.de\/semsopos\/files\/Deutsch.jpg\" \/><\/p>\n<p>\u201eDem Fach Deutsch kommt in der Schule \u00fcber die Vermittlung \u00e4sthetischer, literatur- und kulturgeschichtlicher Bildung hinaus eine Schl\u00fcsselrolle zu, da die Beherrschung der deutschen Sprache, der Erwerb grundlegender Lese- und Schreibf\u00e4higkeiten und der situationsangemessene, sachgerechte und zielgerichtete Gebrauch von Wort und Schrift Voraussetzungen f\u00fcr den Lernerfolg auch in nahezu allen anderen Unterrichtsf\u00e4chern sind.\u201c <em>www.kmk.org<\/em><\/p>\n<p>Dieser Einsch\u00e4tzung der Kultusministerkonferenz f\u00fchlen sich die Seminarleiter\/innen<\/p>\n<ul>\n<li><strong>\u00a0Christina Fischer <\/strong>(Standort Osnabr\u00fcck)<\/li>\n<li><strong>\u00a0Josef Gravel <\/strong>(Standort Osnabr\u00fcck)<\/li>\n<li><strong>\u00a0Dirtje J\u00fcrgens <\/strong>(Standort Aurich)<\/li>\n<\/ul>\n<p>verpflichtet.<\/p>\n<p>Unter Ber\u00fccksichtigung der<\/p>\n<ul>\n<li><strong>APVO<\/strong><\/li>\n<\/ul>\n<p>und der<\/p>\n<ul>\n<li><strong>konstitutiven fachspezifischen Kompetenzen des <a href=\"https:\/\/wordpress.nibis.de\/semsopos\/files\/2020-09-Seminarlehrplan_Deutsch-1.pdf\" target=\"_blank\" rel=\"noopener noreferrer\">Seminarlehrplans<\/a><\/strong><\/li>\n<\/ul>\n<p><strong>\u00a0<\/strong>sind folgende Aspekte:<\/p>\n<h1><strong>Grundlagen unserer Arbeit im Deutsch-Seminar:\u00a0<\/strong><\/h1>\n<ul>\n<li>Fachdidaktische Grundlagen auf Basis der vier inhaltsbezogenen Kompetenzbereiche der relevanten KCs<\/li>\n<li>Auseinandersetzung mit aktueller Fachliteratur<\/li>\n<li>Planung von Unterricht, der den individuellen Kompetenzerwerb unterst\u00fctzt<\/li>\n<li>Aktive inhaltliche Mitarbeit im Seminar<\/li>\n<\/ul>\n<h1><strong>M\u00f6gliche Inhalte von Seminarsitzungen:<\/strong><\/h1>\n<p>Handlungs- und produktionsorientierter Literaturunterricht<\/p>\n<ul>\n<li>Lyrik<\/li>\n<li>Ganzschriften<\/li>\n<li>M\u00e4rchen<\/li>\n<\/ul>\n<p>Wortschatzarbeit<\/p>\n<p>Grammatik<\/p>\n<p>Kreatives Schreiben<\/p>\n<p>Schriftspracherwerb<\/p>\n<ul>\n<li>Lesen<\/li>\n<li>Schreiben<\/li>\n<li>Richtig schreiben<\/li>\n<li>Erweiterter Lesebegriff<\/li>\n<\/ul>\n<p>Sprechen und Zuh\u00f6ren<\/p>\n<p>Beurteilen und Bewerten<\/p>\n<p>Lesef\u00f6rderung<\/p>\n<p>Texte planen, schreiben und \u00fcberarbeiten<\/p>\n<p>Gebrauchstexte<\/p>\n<p>Adaption von Unterrichtsmaterial<\/p>\n<p>Material- und Ideenb\u00f6rse<\/p>\n<p>Diagnostik<\/p>\n<p>Zur zeitlichen Planung der Seminarsitzungen verweisen wir auf den <a href=\"http:\/\/wordpress.nibis.de\/semsopos\/organisationsplan-osnabrueck\/\" target=\"_blank\" rel=\"noopener noreferrer\"><strong>Organisationsplan<\/strong><\/a>.<\/p>\n","protected":false},"excerpt":{"rendered":"<p>\u201eDem Fach Deutsch kommt in der Schule \u00fcber die Vermittlung \u00e4sthetischer, literatur- und kulturgeschichtlicher Bildung hinaus eine Schl\u00fcsselrolle zu, da die Beherrschung der deutschen Sprache, der Erwerb grundlegender Lese- und Schreibf\u00e4higkeiten und der situationsangemessene, sachgerechte und zielgerichtete Gebrauch von Wort und Schrift Voraussetzungen f\u00fcr den Lernerfolg auch in nahezu allen anderen Unterrichtsf\u00e4chern sind.\u201c www.kmk.org Dieser [&hellip;]<\/p>\n","protected":false},"author":177,"featured_media":0,"parent":0,"menu_order":0,"comment_status":"closed","ping_status":"closed","template":"","meta":{"footnotes":""},"class_list":["post-45","page","type-page","status-publish","hentry"],"_links":{"self":[{"href":"https:\/\/wordpress.nibis.de\/semsopos\/wp-json\/wp\/v2\/pages\/45","targetHints":{"allow":["GET"]}}],"collection":[{"href":"https:\/\/wordpress.nibis.de\/semsopos\/wp-json\/wp\/v2\/pages"}],"about":[{"href":"https:\/\/wordpress.nibis.de\/semsopos\/wp-json\/wp\/v2\/types\/page"}],"author":[{"embeddable":true,"href":"https:\/\/wordpress.nibis.de\/semsopos\/wp-json\/wp\/v2\/users\/177"}],"replies":[{"embeddable":true,"href":"https:\/\/wordpress.nibis.de\/semsopos\/wp-json\/wp\/v2\/comments?post=45"}],"version-history":[{"count":21,"href":"https:\/\/wordpress.nibis.de\/semsopos\/wp-json\/wp\/v2\/pages\/45\/revisions"}],"predecessor-version":[{"id":5917,"href":"https:\/\/wordpress.nibis.de\/semsopos\/wp-json\/wp\/v2\/pages\/45\/revisions\/5917"}],"wp:attachment":[{"href":"https:\/\/wordpress.nibis.de\/semsopos\/wp-json\/wp\/v2\/media?parent=45"}],"curies":[{"name":"wp","href":"https:\/\/api.w.org\/{rel}","templated":true}]}}