{"id":49,"date":"2013-06-19T15:30:32","date_gmt":"2013-06-19T13:30:32","guid":{"rendered":"http:\/\/wordpress.nibis.de\/semsopos\/?page_id=49"},"modified":"2024-02-15T15:26:02","modified_gmt":"2024-02-15T14:26:02","slug":"sport","status":"publish","type":"page","link":"https:\/\/wordpress.nibis.de\/semsopos\/sport\/","title":{"rendered":"Sport"},"content":{"rendered":"<h2>Laufen lernt man laufend \u2013 Theorie und Praxis werden eins<\/h2>\n<p>Gerhard Uhlenbruck, deutscher Immunbiologe<\/p>\n<p><strong>Leitung des Seminars Sport: J\u00f6rg Elbel<\/strong><\/p>\n<p>Seit 2000 F\u00f6rderschullehrer an der Herman-Nohl-Schule Osnabr\u00fcck mit dem Schwerpunkt Emotionale und Soziale Entwicklung.<\/p>\n<p>Die fachdidaktische Ausbildung im Fach Sport orientiert sich an den in der <a href=\"http:\/\/wordpress.nibis.de\/semsopos\/apvo\/\" target=\"_blank\" rel=\"noopener noreferrer\"><strong>APVO<\/strong><\/a> festgelegten Kompetenzbereichen.<\/p>\n<p>Der Schwerpunkt liegt hier in der theoretischen und praktischen Auseinandersetzung mit Sportinhalten aus den verschiedenen Erfahrungs- und Lernfeldern des Schulsports.\u00a0 Dabei werden\u00a0 die Schwerpunkte praxisorientiert in und au\u00dferhalb der Sporthalle ausprobiert und theoretisch reflektiert.<\/p>\n<p>Ber\u00fccksichtigung finden hierbei insbesondere unterrichtliche Erfordernisse, welche sich aus sonderp\u00e4dagogischen Unterst\u00fctzungsbedarfen und anderen Aspekten von Heterogenit\u00e4t ergeben.<\/p>\n<p>Hier finden Sie das <a href=\"https:\/\/wordpress.nibis.de\/semsopos\/files\/Seminarcurriculum-Sport-2020-2.pdf\" target=\"_blank\" rel=\"noopener noreferrer\"><strong>seminarinterne Curriculum f\u00fcr das Fach Sport<\/strong><\/a>. Grundlage hierf\u00fcr ist das landesweite Curriculum Sport GHRSo. In der letzten Spalte der \u00dcbersicht sind <strong>fachspezifische <\/strong>Anforderungen bzw. Aufgabenfelder bezogen auf die Seminararbeit und Unterricht sowie Unterrichtsbesuche konkretisiert.<\/p>\n<p>Zu den <em>Kerncurricula<\/em> und den <em>Materialien f\u00fcr einen kompetenzorientierten Unterricht<\/em> geht es <strong>hier<\/strong>:<\/p>\n<p><a href=\"https:\/\/wordpress.nibis.de\/semsopos\/files\/KC-HS-Sport-2017.pdf\" target=\"_blank\" rel=\"noopener noreferrer\"><strong>Kerncurriculum Sport SEK I<\/strong><\/a><\/p>\n<p><a href=\"https:\/\/wordpress.nibis.de\/semsopos\/files\/KC_GS_Sport_2020-1.pdf\" target=\"_blank\" rel=\"noopener noreferrer\"><strong>Kerncurriculum Sport Grundschule (01\/ 2021)<\/strong><\/a><\/p>\n<p><strong><a href=\"https:\/\/voris.wolterskluwer-online.de\/browse\/document\/5642ec27-7a3a-3d44-a7fd-83267ce4c79c\" target=\"_blank\" rel=\"noopener\">Bestimmungen f\u00fcr den Schulsport (01\/ 2024)<\/a><\/strong><\/p>\n<p><a href=\"http:\/\/db2.nibis.de\/1db\/cuvo\/datei\/mat_foe.pdf\" target=\"_blank\" rel=\"noopener noreferrer\"><strong>Materialien f\u00fcr einen kompetenzorientierten Unterricht im F\u00f6rderschwerpunkt Lernen<\/strong><\/a><\/p>\n<p>Die Termine f\u00fcr die Seminarveranstaltungen an den Standorten Aurich und Osnabr\u00fcck k\u00f6nnen Sie dem <a href=\"http:\/\/wordpress.nibis.de\/semsopos\/organisationsplan-osnabrueck\/\" target=\"_blank\" rel=\"noopener noreferrer\"><strong>Organisationsplan<\/strong><\/a> entnehmen.<\/p>\n\n","protected":false},"excerpt":{"rendered":"<p>Laufen lernt man laufend \u2013 Theorie und Praxis werden eins Gerhard Uhlenbruck, deutscher Immunbiologe Leitung des Seminars Sport: J\u00f6rg Elbel Seit 2000 F\u00f6rderschullehrer an der Herman-Nohl-Schule Osnabr\u00fcck mit dem Schwerpunkt Emotionale und Soziale Entwicklung. Die fachdidaktische Ausbildung im Fach Sport orientiert sich an den in der APVO festgelegten Kompetenzbereichen. Der Schwerpunkt liegt hier in der [&hellip;]<\/p>\n","protected":false},"author":177,"featured_media":0,"parent":0,"menu_order":0,"comment_status":"closed","ping_status":"closed","template":"","meta":{"footnotes":""},"class_list":["post-49","page","type-page","status-publish","hentry"],"_links":{"self":[{"href":"https:\/\/wordpress.nibis.de\/semsopos\/wp-json\/wp\/v2\/pages\/49","targetHints":{"allow":["GET"]}}],"collection":[{"href":"https:\/\/wordpress.nibis.de\/semsopos\/wp-json\/wp\/v2\/pages"}],"about":[{"href":"https:\/\/wordpress.nibis.de\/semsopos\/wp-json\/wp\/v2\/types\/page"}],"author":[{"embeddable":true,"href":"https:\/\/wordpress.nibis.de\/semsopos\/wp-json\/wp\/v2\/users\/177"}],"replies":[{"embeddable":true,"href":"https:\/\/wordpress.nibis.de\/semsopos\/wp-json\/wp\/v2\/comments?post=49"}],"version-history":[{"count":83,"href":"https:\/\/wordpress.nibis.de\/semsopos\/wp-json\/wp\/v2\/pages\/49\/revisions"}],"predecessor-version":[{"id":5899,"href":"https:\/\/wordpress.nibis.de\/semsopos\/wp-json\/wp\/v2\/pages\/49\/revisions\/5899"}],"wp:attachment":[{"href":"https:\/\/wordpress.nibis.de\/semsopos\/wp-json\/wp\/v2\/media?parent=49"}],"curies":[{"name":"wp","href":"https:\/\/api.w.org\/{rel}","templated":true}]}}