{"id":502,"date":"2013-11-15T15:06:20","date_gmt":"2013-11-15T14:06:20","guid":{"rendered":"http:\/\/wordpress.nibis.de\/semsopos\/?page_id=502"},"modified":"2017-07-31T13:02:14","modified_gmt":"2017-07-31T11:02:14","slug":"kerncurricula","status":"publish","type":"page","link":"https:\/\/wordpress.nibis.de\/semsopos\/kerncurricula\/","title":{"rendered":"Kerncurricula"},"content":{"rendered":"<p>Die Kerncurricula f\u00fcr alle Schulformen und alle F\u00e4cher gibt es\u00a0 kostenlos zum Download und als Printversion gegen Bezahlung.<\/p>\n<p>Hier kommen Sie zur <a href=\"http:\/\/www.nibis.de\/nibis.php?menid=3790\" target=\"_blank\" rel=\"noopener\">Datenbank des Nieders\u00e4chsischen Bildungsservers<\/a>. Sie k\u00f6nnen durch gezielte Auswahl einzelne Kerncurricula herunterladen.<\/p>\n<p>Hier kommen Sie direkt zur Bestellm\u00f6glichkeit der gedruckten Kerncurricula:\u00a0 <a href=\"http:\/\/shop.unidruck.de\/shop.aspx?QPX=aWM9MTAwMXwxMDAwMzoxMDAxMw==\" target=\"_blank\" rel=\"noopener\">UNIDRUCK<\/a><\/p>\n<p>&nbsp;<\/p>\n<p>&nbsp;<\/p>\n","protected":false},"excerpt":{"rendered":"<p>Die Kerncurricula f\u00fcr alle Schulformen und alle F\u00e4cher gibt es\u00a0 kostenlos zum Download und als Printversion gegen Bezahlung. Hier kommen Sie zur Datenbank des Nieders\u00e4chsischen Bildungsservers. Sie k\u00f6nnen durch gezielte Auswahl einzelne Kerncurricula herunterladen. Hier kommen Sie direkt zur Bestellm\u00f6glichkeit der gedruckten Kerncurricula:\u00a0 UNIDRUCK &nbsp; &nbsp;<\/p>\n","protected":false},"author":177,"featured_media":0,"parent":0,"menu_order":0,"comment_status":"closed","ping_status":"closed","template":"","meta":{"footnotes":""},"class_list":["post-502","page","type-page","status-publish","hentry"],"_links":{"self":[{"href":"https:\/\/wordpress.nibis.de\/semsopos\/wp-json\/wp\/v2\/pages\/502","targetHints":{"allow":["GET"]}}],"collection":[{"href":"https:\/\/wordpress.nibis.de\/semsopos\/wp-json\/wp\/v2\/pages"}],"about":[{"href":"https:\/\/wordpress.nibis.de\/semsopos\/wp-json\/wp\/v2\/types\/page"}],"author":[{"embeddable":true,"href":"https:\/\/wordpress.nibis.de\/semsopos\/wp-json\/wp\/v2\/users\/177"}],"replies":[{"embeddable":true,"href":"https:\/\/wordpress.nibis.de\/semsopos\/wp-json\/wp\/v2\/comments?post=502"}],"version-history":[{"count":8,"href":"https:\/\/wordpress.nibis.de\/semsopos\/wp-json\/wp\/v2\/pages\/502\/revisions"}],"predecessor-version":[{"id":2284,"href":"https:\/\/wordpress.nibis.de\/semsopos\/wp-json\/wp\/v2\/pages\/502\/revisions\/2284"}],"wp:attachment":[{"href":"https:\/\/wordpress.nibis.de\/semsopos\/wp-json\/wp\/v2\/media?parent=502"}],"curies":[{"name":"wp","href":"https:\/\/api.w.org\/{rel}","templated":true}]}}