{"id":58,"date":"2013-06-19T15:34:05","date_gmt":"2013-06-19T13:34:05","guid":{"rendered":"http:\/\/wordpress.nibis.de\/semsopos\/?page_id=58"},"modified":"2025-07-25T14:43:50","modified_gmt":"2025-07-25T12:43:50","slug":"padagogik-bei-beeintrachtigungen-des-schulischen-lernens","status":"publish","type":"page","link":"https:\/\/wordpress.nibis.de\/semsopos\/padagogik-bei-beeintrachtigungen-des-schulischen-lernens\/","title":{"rendered":"P\u00e4dagogik bei Beeintr\u00e4chtigungen des schulischen Lernens"},"content":{"rendered":"<h4>1. Namen der Fachseminarleiterinnen und Fachseminarleiter:<\/h4>\n<ul>\n<li><strong>Gerit Gordian<\/strong>, Standort Osnabr\u00fcck<\/li>\n<li><strong>Mathias Gruber<\/strong>, Standort Osnabr\u00fcck<\/li>\n<li><strong>Katrin M\u00f6llers<\/strong>, Standort Osnabr\u00fcck<\/li>\n<li><strong>Mareike Vahrson<\/strong>, Standort Osnabr\u00fcck<\/li>\n<\/ul>\n<ul>\n<li><strong>Dr. Carolina B\u00f6rries<\/strong>, Standort Aurich<\/li>\n<li><strong>Ulrike Braje<\/strong>, Standort Aurich<\/li>\n<\/ul>\n<h4>2. Rechtliche Bez\u00fcge:<\/h4>\n<p>Links zu:<\/p>\n<ul>\n<li>Erlass \u201e<a href=\"https:\/\/www.mk.niedersachsen.de\/startseite\/schule\/unsere_schulen\/allgemein_bildende_schulen\/foerderschule-6268.html\" target=\"_blank\" rel=\"noopener noreferrer\">sonderp\u00e4dagogische F\u00f6rderung<\/a>\u201c<\/li>\n<li><a title=\"Kerncurricula\" href=\"http:\/\/wordpress.nibis.de\/semsopos\/kerncurricula\/\" target=\"_blank\" rel=\"noopener noreferrer\">Materialien f\u00fcr einen kompetenzorientierten Unterricht f\u00fcr den F\u00f6rderschwerpunkt Lernen<\/a><\/li>\n<\/ul>\n<h4>3. Inhalte:<\/h4>\n<p>Auf der Basis der Vorgaben der APVO stehen unter Ber\u00fccksichtigung der Kompetenzbereiche \u201eUnterrichten \u2013 Erziehen \u2013 Beurteilen, Beraten und Unterst\u00fctzen, Diagnostizieren und F\u00f6rdern\u201c folgende Schwerpunkte im Fokus:<\/p>\n<ul>\n<li><strong>F\u00f6rderdiagnostik<\/strong> (im Rahmen von Gutachtenerstellung, F\u00f6rderplan, F\u00f6rderaspekt, Diagnostik im F\u00f6S LE)<\/li>\n<li><strong>Classroom-Management<\/strong><\/li>\n<li><strong>Unterrichtsst\u00f6rungen im Kontext LE<\/strong><\/li>\n<li><strong>Wahrnehmungsleistungen und Wahrnehmungsst\u00f6rungen<\/strong> (theoretische Grundlagen, Auswirkungen auf das schulische Lernen, Kompensationsm\u00f6glichkeiten)<\/li>\n<li><strong>Effektive Lernf\u00f6rderung<\/strong> (Kooperative Lernformen, Lernstrategien, Methodenlernen, Selbstgesteuertes Lernen)<\/li>\n<li><strong>Individuelle Lernbegleitung und Leistungsmessung <\/strong>(Zeugniserlass, Bewertungsverfahren, Nachteilsausgleich, Eingangsdiagnostik, Aufgabenkonstruktionen, Kompetenzraster\/Lerntageb\u00fccher)<\/li>\n<li><strong>Lernf\u00f6rderliche Prinzipien im Unterricht <\/strong>(Funktionen von Unterrichtsphasen, Handlungs- und Produktorientierung, EIS, Phasen\u00fcberg\u00e4nge, sprachsensibler Unterricht)<\/li>\n<li><strong>Au\u00dferschulische Kooperationspartner; regionaler Bezug <\/strong>(Ma\u00dfnahmen f\u00fcr Schulverweigerer, Arbeitsfelder des Kinderschutzbundes, p\u00e4dagogische Arbeit in der KJP, Jugendamt)<\/li>\n<\/ul>\n<p>Die Auswahl der Seminarthemen orientiert sich au\u00dferdem an den aktuellen und konkreten Bed\u00fcrfnissen der Teilnehmerinnen und Teilnehmer.<\/p>\n<p>Hier finden Sie das <a href=\"https:\/\/wordpress.nibis.de\/semsopos\/files\/Seminarlehrplan-LEKEA-Stand-25.-April-2018-1.pdf\" target=\"_blank\" rel=\"noopener noreferrer\"><strong>Seminarcurriculum im F\u00f6rderschwerpunkt Lernen.<\/strong><\/a><\/p>\n<h4>4. Organisation<\/h4>\n<p style=\"text-align: justify\">Die Termine f\u00fcr die Seminarveranstaltungen an den Standorten Aurich und Osnabr\u00fcck k\u00f6nnen Sie dem <a href=\"http:\/\/wordpress.nibis.de\/semsopos\/organisationsplan-osnabrueck\/\" target=\"_blank\" rel=\"noopener noreferrer\"><strong>Orgaplan<\/strong><\/a> entnehmen.<\/p>\n","protected":false},"excerpt":{"rendered":"<p>1. Namen der Fachseminarleiterinnen und Fachseminarleiter: Gerit Gordian, Standort Osnabr\u00fcck Mathias Gruber, Standort Osnabr\u00fcck Katrin M\u00f6llers, Standort Osnabr\u00fcck Mareike Vahrson, Standort Osnabr\u00fcck Dr. Carolina B\u00f6rries, Standort Aurich Ulrike Braje, Standort Aurich 2. Rechtliche Bez\u00fcge: Links zu: Erlass \u201esonderp\u00e4dagogische F\u00f6rderung\u201c Materialien f\u00fcr einen kompetenzorientierten Unterricht f\u00fcr den F\u00f6rderschwerpunkt Lernen 3. Inhalte: Auf der Basis der Vorgaben [&hellip;]<\/p>\n","protected":false},"author":177,"featured_media":0,"parent":0,"menu_order":0,"comment_status":"closed","ping_status":"closed","template":"","meta":{"footnotes":""},"class_list":["post-58","page","type-page","status-publish","hentry"],"_links":{"self":[{"href":"https:\/\/wordpress.nibis.de\/semsopos\/wp-json\/wp\/v2\/pages\/58","targetHints":{"allow":["GET"]}}],"collection":[{"href":"https:\/\/wordpress.nibis.de\/semsopos\/wp-json\/wp\/v2\/pages"}],"about":[{"href":"https:\/\/wordpress.nibis.de\/semsopos\/wp-json\/wp\/v2\/types\/page"}],"author":[{"embeddable":true,"href":"https:\/\/wordpress.nibis.de\/semsopos\/wp-json\/wp\/v2\/users\/177"}],"replies":[{"embeddable":true,"href":"https:\/\/wordpress.nibis.de\/semsopos\/wp-json\/wp\/v2\/comments?post=58"}],"version-history":[{"count":36,"href":"https:\/\/wordpress.nibis.de\/semsopos\/wp-json\/wp\/v2\/pages\/58\/revisions"}],"predecessor-version":[{"id":6616,"href":"https:\/\/wordpress.nibis.de\/semsopos\/wp-json\/wp\/v2\/pages\/58\/revisions\/6616"}],"wp:attachment":[{"href":"https:\/\/wordpress.nibis.de\/semsopos\/wp-json\/wp\/v2\/media?parent=58"}],"curies":[{"name":"wp","href":"https:\/\/api.w.org\/{rel}","templated":true}]}}