{"id":6726,"date":"2025-12-05T17:39:53","date_gmt":"2025-12-05T16:39:53","guid":{"rendered":"https:\/\/wordpress.nibis.de\/semsopos\/?page_id=6726"},"modified":"2026-01-06T17:45:08","modified_gmt":"2026-01-06T16:45:08","slug":"allgemeine-hinweise-lbq","status":"publish","type":"page","link":"https:\/\/wordpress.nibis.de\/semsopos\/allgemeine-hinweise-lbq\/","title":{"rendered":"Allgemeine Hinweise LBQ"},"content":{"rendered":"\n<p>Seit dem 30.09.2024 gibt es an unserem Seminar wieder die M\u00f6glichkeit an einer berufsbegleitenden Qualifizierung f\u00fcr Lehrkr\u00e4fte, die bereits in der sonderp\u00e4dagogischen F\u00f6rderung t\u00e4tig sind und nicht \u00fcber die Lehrbef\u00e4higung f\u00fcr das Lehramt f\u00fcr Sonderp\u00e4dagogik verf\u00fcgen, teilzunehmen. Informationen zur Qualifizierungsma\u00dfnahme und zum Bewerbungsverfahren sind dem <a href=\"https:\/\/www.mk.niedersachsen.de\/startseite\/service\/schulverwaltungsblatt\/schulverwaltungsblatt_amtlicher_teil\/schulverwaltungsblatt-amtlicher-teil-6525.html\">SVBL 11\/2025<\/a> zu entnehmen (Bezug: Erlass des MK vom 14.03.2014 \u2013 35-84 112\/211).<\/p>\n\n\n","protected":false},"excerpt":{"rendered":"<p>Seit dem 30.09.2024 gibt es an unserem Seminar wieder die M\u00f6glichkeit an einer berufsbegleitenden Qualifizierung f\u00fcr Lehrkr\u00e4fte, die bereits in der sonderp\u00e4dagogischen F\u00f6rderung t\u00e4tig sind und nicht \u00fcber die Lehrbef\u00e4higung f\u00fcr das Lehramt f\u00fcr Sonderp\u00e4dagogik verf\u00fcgen, teilzunehmen. Informationen zur Qualifizierungsma\u00dfnahme und zum Bewerbungsverfahren sind dem SVBL 11\/2025 zu entnehmen (Bezug: Erlass des MK vom 14.03.2014 [&hellip;]<\/p>\n","protected":false},"author":9194068,"featured_media":0,"parent":0,"menu_order":0,"comment_status":"closed","ping_status":"closed","template":"","meta":{"footnotes":""},"class_list":["post-6726","page","type-page","status-publish","hentry"],"_links":{"self":[{"href":"https:\/\/wordpress.nibis.de\/semsopos\/wp-json\/wp\/v2\/pages\/6726","targetHints":{"allow":["GET"]}}],"collection":[{"href":"https:\/\/wordpress.nibis.de\/semsopos\/wp-json\/wp\/v2\/pages"}],"about":[{"href":"https:\/\/wordpress.nibis.de\/semsopos\/wp-json\/wp\/v2\/types\/page"}],"author":[{"embeddable":true,"href":"https:\/\/wordpress.nibis.de\/semsopos\/wp-json\/wp\/v2\/users\/9194068"}],"replies":[{"embeddable":true,"href":"https:\/\/wordpress.nibis.de\/semsopos\/wp-json\/wp\/v2\/comments?post=6726"}],"version-history":[{"count":3,"href":"https:\/\/wordpress.nibis.de\/semsopos\/wp-json\/wp\/v2\/pages\/6726\/revisions"}],"predecessor-version":[{"id":7003,"href":"https:\/\/wordpress.nibis.de\/semsopos\/wp-json\/wp\/v2\/pages\/6726\/revisions\/7003"}],"wp:attachment":[{"href":"https:\/\/wordpress.nibis.de\/semsopos\/wp-json\/wp\/v2\/media?parent=6726"}],"curies":[{"name":"wp","href":"https:\/\/api.w.org\/{rel}","templated":true}]}}