{"id":1666,"date":"2021-05-10T21:04:03","date_gmt":"2021-05-10T19:04:03","guid":{"rendered":"https:\/\/wordpress.nibis.de\/sib\/?page_id=1666"},"modified":"2021-05-10T21:09:25","modified_gmt":"2021-05-10T19:09:25","slug":"projekt-werkstatt","status":"publish","type":"page","link":"https:\/\/wordpress.nibis.de\/sib\/projekte\/projekt-werkstatt\/","title":{"rendered":"Projekt-Werkstatt"},"content":{"rendered":"\n<p><\/p>\n\n\n\n<p>Arbeitest du gerne mit Holz, Metall, Ton, Werkzeug und Maschinen?<br>Kannst du dir vorstellen, gemeinsam mit einem Team Ideen zu entwickeln, Entw\u00fcrfe anzufertigen und diese in praktischer Arbeit umzusetzen?<br>Hast du Spa\u00df am Werken und arbeitest gerne mit den H\u00e4nden?<br><br>Dann bist du bei uns genau richtig!<br><br>Die Projektwerkstatt der Schule im Bockfeld versteht sich als hausinterner Dienstleister.<br>Wie in einer kleinen Firma, nehmen wir Auftr\u00e4ge entgegen, planen die Durchf\u00fchrung und setzen die Theorie in die Praxis um. \u00dcber das Ausf\u00fchren von Reparaturarbeiten, das Herstellen von Werkprodukten und deren Verkauf, den Umgang mit Maschinen, Kundenbetreuung und Beratung, den Einkauf ben\u00f6tigter Materialien bis hin zur einfachen Buchf\u00fchrung ist alles im T\u00e4tigkeitsbereich der Projektwerkstatt vorhanden.&nbsp;<\/p>\n\n\n\n<p>Es gibt viele Aufgaben:<\/p>\n\n\n\n<ul class=\"wp-block-list\"><li>Wir f\u00fchren Reparaturarbeiten aus.<\/li><li>Wir stellen Werkprodukte her.<\/li><li>Wir entwickeln gemeinsam Ideen.<\/li><li>Wir planen Arbeits- und Handlungsschritte.<\/li><li>Wir f\u00fchren mit L\u00e4ngeneinheiten (mm, cm, m) einfache Rechnungen durch.<\/li><li>Wir erlernen Sicherheitsma\u00dfnahmen beim Umgang mit Werkzeugen und Maschinen.<\/li><li>Wir bedienen Maschinen und Werkzeuge.<\/li><li>Wir betreuen und beraten Kunden.<\/li><li>Wir verkaufen hergestellte Produkte.<\/li><li>Wir kaufen ben\u00f6tigte Materialien ein.<\/li><li>Wir gehen mit Geld um.<\/li><\/ul>\n\n\n\n<p>Die Projekt-Werkstatt trifft sich dienstags im Werkraum.<\/p>\n","protected":false},"excerpt":{"rendered":"<p>Arbeitest du gerne mit Holz, Metall, Ton, Werkzeug und Maschinen?Kannst du dir vorstellen, gemeinsam mit einem Team Ideen zu entwickeln, Entw\u00fcrfe anzufertigen und diese in praktischer Arbeit umzusetzen?Hast du Spa\u00df am Werken und arbeitest gerne mit den H\u00e4nden? Dann bist du bei uns genau richtig! Die Projektwerkstatt der Schule im Bockfeld versteht sich als hausinterner &hellip; <a href=\"https:\/\/wordpress.nibis.de\/sib\/projekte\/projekt-werkstatt\/\" class=\"more-link\"><span class=\"screen-reader-text\">Projekt-Werkstatt<\/span> weiterlesen <span class=\"meta-nav\">&rarr;<\/span><\/a><\/p>\n","protected":false},"author":9192613,"featured_media":0,"parent":30,"menu_order":0,"comment_status":"closed","ping_status":"closed","template":"","meta":{"footnotes":""},"class_list":["post-1666","page","type-page","status-publish","hentry"],"_links":{"self":[{"href":"https:\/\/wordpress.nibis.de\/sib\/wp-json\/wp\/v2\/pages\/1666","targetHints":{"allow":["GET"]}}],"collection":[{"href":"https:\/\/wordpress.nibis.de\/sib\/wp-json\/wp\/v2\/pages"}],"about":[{"href":"https:\/\/wordpress.nibis.de\/sib\/wp-json\/wp\/v2\/types\/page"}],"author":[{"embeddable":true,"href":"https:\/\/wordpress.nibis.de\/sib\/wp-json\/wp\/v2\/users\/9192613"}],"replies":[{"embeddable":true,"href":"https:\/\/wordpress.nibis.de\/sib\/wp-json\/wp\/v2\/comments?post=1666"}],"version-history":[{"count":1,"href":"https:\/\/wordpress.nibis.de\/sib\/wp-json\/wp\/v2\/pages\/1666\/revisions"}],"predecessor-version":[{"id":1667,"href":"https:\/\/wordpress.nibis.de\/sib\/wp-json\/wp\/v2\/pages\/1666\/revisions\/1667"}],"up":[{"embeddable":true,"href":"https:\/\/wordpress.nibis.de\/sib\/wp-json\/wp\/v2\/pages\/30"}],"wp:attachment":[{"href":"https:\/\/wordpress.nibis.de\/sib\/wp-json\/wp\/v2\/media?parent=1666"}],"curies":[{"name":"wp","href":"https:\/\/api.w.org\/{rel}","templated":true}]}}