{"id":1669,"date":"2021-05-10T21:06:08","date_gmt":"2021-05-10T19:06:08","guid":{"rendered":"https:\/\/wordpress.nibis.de\/sib\/?page_id=1669"},"modified":"2021-05-10T21:15:21","modified_gmt":"2021-05-10T19:15:21","slug":"naehwerkstatt-2","status":"publish","type":"page","link":"https:\/\/wordpress.nibis.de\/sib\/projekte\/naehwerkstatt-2\/","title":{"rendered":"N\u00e4hwerkstatt"},"content":{"rendered":"\n<figure class=\"wp-block-gallery columns-2 is-cropped wp-block-gallery-1 is-layout-flex wp-block-gallery-is-layout-flex\"><ul class=\"blocks-gallery-grid\"><li class=\"blocks-gallery-item\"><figure><img loading=\"lazy\" decoding=\"async\" width=\"1200\" height=\"675\" src=\"https:\/\/wordpress.nibis.de\/sib\/files\/2021\/05\/20151124_120551-1200x675.jpg\" alt=\"\" data-id=\"1674\" data-link=\"https:\/\/wordpress.nibis.de\/sib\/projekte\/naehwerkstatt-2\/20151124_120551\/\" class=\"wp-image-1674\" srcset=\"https:\/\/wordpress.nibis.de\/sib\/files\/2021\/05\/20151124_120551-1200x675.jpg 1200w, https:\/\/wordpress.nibis.de\/sib\/files\/2021\/05\/20151124_120551-850x478.jpg 850w, https:\/\/wordpress.nibis.de\/sib\/files\/2021\/05\/20151124_120551-250x141.jpg 250w\" sizes=\"auto, (max-width: 1200px) 100vw, 1200px\" \/><\/figure><\/li><li class=\"blocks-gallery-item\"><figure><img loading=\"lazy\" decoding=\"async\" width=\"1200\" height=\"675\" src=\"https:\/\/wordpress.nibis.de\/sib\/files\/2021\/05\/20151124_105906-1200x675.jpg\" alt=\"\" data-id=\"1675\" data-full-url=\"https:\/\/wordpress.nibis.de\/sib\/files\/2021\/05\/20151124_105906.jpg\" data-link=\"https:\/\/wordpress.nibis.de\/sib\/projekte\/naehwerkstatt-2\/20151124_105906\/\" class=\"wp-image-1675\" srcset=\"https:\/\/wordpress.nibis.de\/sib\/files\/2021\/05\/20151124_105906-1200x675.jpg 1200w, https:\/\/wordpress.nibis.de\/sib\/files\/2021\/05\/20151124_105906-850x478.jpg 850w, https:\/\/wordpress.nibis.de\/sib\/files\/2021\/05\/20151124_105906-250x141.jpg 250w\" sizes=\"auto, (max-width: 1200px) 100vw, 1200px\" \/><\/figure><\/li><\/ul><\/figure>\n\n\n\n<p>Hallo, wir sind die N\u00e4hwerkstatt! &nbsp;<\/p>\n\n\n\n<p>In der N\u00e4hwerkstatt werden einfache N\u00e4hauftr\u00e4ge angenommen sowie Ausbesserungsarbeiten ausgef\u00fchrt. Ob Kn\u00f6pfe ann\u00e4hen oder Hosen k\u00fcrzen &#8211; f\u00fcr uns kein Problem! Des Weiteren werden f\u00fcr den Verkauf unterschiedliche Gebrauchsobjekte serienm\u00e4\u00dfig gefertigt: Kissen, Utensilos, Taschen, Untersetzer, Weihnachtsbaumschmuck, Rucks\u00e4cke uvm! Wir arbeiten nach einem festen Arbeitsplan und orientieren uns an den vorgegebenen Arbeitsschritten. Die gefertigten Produkte werden bis zu drei Mal im Jahr an einem Stand verkauft.&nbsp;<\/p>\n\n\n\n<p>Das selbst\u00e4ndige Arbeiten nach Arbeitsplan steht in der N\u00e4hwerkstatt im Vordergrund. In der Praxis werden Zuschnitt, B\u00fcgeln und Stecken vertieft und der Umgang mit Nadel und Faden gefestigt. Beim N\u00e4hmaschinenn\u00e4hen werden N\u00e4hgeschwindigkeit sowie knappkantiges und f\u00fc\u00dfchenbreites Richtungsn\u00e4hen besonders ber\u00fccksichtigt.&nbsp;<\/p>\n\n\n\n<p>Regelm\u00e4\u00dfig ver\u00f6ffentlichen wir in unserer Verkaufswerbung die neuesten Objekte.&nbsp;<\/p>\n\n\n\n<p>Also schaut mal rein woran wir so arbeiten!<\/p>\n\n\n\n<ul class=\"wp-block-list\"><li>Wir \u00fcbernehmen einfache N\u00e4hauftr\u00e4ge.<\/li><li>Wir f\u00fchren Ausbesserungsarbeiten aus: Kn\u00f6pfe ann\u00e4hen, Hosen k\u00fcrzen\u2026<\/li><li>Wir fertigen unterschiedliche Gebrauchsobjekte:&nbsp;<\/li><\/ul>\n\n\n\n<p>Schl\u00fcsselanh\u00e4nger, Kissen, Taschen, Untersetzer, Rucks\u00e4cke, Utensilos\u2026<\/p>\n\n\n\n<ul class=\"wp-block-list\"><li>Wir schneiden Stoffe zu.<\/li><li>Wir n\u00e4hen von Hand mit Nadel und Faden.<\/li><li>Wir n\u00e4hen mit der N\u00e4hmaschine.<\/li><li>Wir verkaufen hergestellte Produkte.<\/li><li>Wir legen Preise fest nach Material und Arbeitszeit.<\/li><li>Wir f\u00fchren Buch \u00fcber Einnahmen und Ausgaben.<\/li><\/ul>\n\n\n\n<p>Eure N\u00e4hwerkstatt<\/p>\n\n\n\n<p>Die N\u00e4hwerkstatt trifft sich dienstags im Textilraum.<\/p>\n","protected":false},"excerpt":{"rendered":"<p>Hallo, wir sind die N\u00e4hwerkstatt! &nbsp; In der N\u00e4hwerkstatt werden einfache N\u00e4hauftr\u00e4ge angenommen sowie Ausbesserungsarbeiten ausgef\u00fchrt. Ob Kn\u00f6pfe ann\u00e4hen oder Hosen k\u00fcrzen &#8211; f\u00fcr uns kein Problem! Des Weiteren werden f\u00fcr den Verkauf unterschiedliche Gebrauchsobjekte serienm\u00e4\u00dfig gefertigt: Kissen, Utensilos, Taschen, Untersetzer, Weihnachtsbaumschmuck, Rucks\u00e4cke uvm! Wir arbeiten nach einem festen Arbeitsplan und orientieren uns an den &hellip; <a href=\"https:\/\/wordpress.nibis.de\/sib\/projekte\/naehwerkstatt-2\/\" class=\"more-link\"><span class=\"screen-reader-text\">N\u00e4hwerkstatt<\/span> weiterlesen <span class=\"meta-nav\">&rarr;<\/span><\/a><\/p>\n","protected":false},"author":9192613,"featured_media":0,"parent":30,"menu_order":0,"comment_status":"closed","ping_status":"closed","template":"","meta":{"footnotes":""},"class_list":["post-1669","page","type-page","status-publish","hentry"],"_links":{"self":[{"href":"https:\/\/wordpress.nibis.de\/sib\/wp-json\/wp\/v2\/pages\/1669","targetHints":{"allow":["GET"]}}],"collection":[{"href":"https:\/\/wordpress.nibis.de\/sib\/wp-json\/wp\/v2\/pages"}],"about":[{"href":"https:\/\/wordpress.nibis.de\/sib\/wp-json\/wp\/v2\/types\/page"}],"author":[{"embeddable":true,"href":"https:\/\/wordpress.nibis.de\/sib\/wp-json\/wp\/v2\/users\/9192613"}],"replies":[{"embeddable":true,"href":"https:\/\/wordpress.nibis.de\/sib\/wp-json\/wp\/v2\/comments?post=1669"}],"version-history":[{"count":2,"href":"https:\/\/wordpress.nibis.de\/sib\/wp-json\/wp\/v2\/pages\/1669\/revisions"}],"predecessor-version":[{"id":1676,"href":"https:\/\/wordpress.nibis.de\/sib\/wp-json\/wp\/v2\/pages\/1669\/revisions\/1676"}],"up":[{"embeddable":true,"href":"https:\/\/wordpress.nibis.de\/sib\/wp-json\/wp\/v2\/pages\/30"}],"wp:attachment":[{"href":"https:\/\/wordpress.nibis.de\/sib\/wp-json\/wp\/v2\/media?parent=1669"}],"curies":[{"name":"wp","href":"https:\/\/api.w.org\/{rel}","templated":true}]}}