{"id":269,"date":"2018-11-03T14:52:11","date_gmt":"2018-11-03T13:52:11","guid":{"rendered":"http:\/\/wordpress.nibis.de\/sib\/?page_id=269"},"modified":"2018-11-03T14:53:09","modified_gmt":"2018-11-03T13:53:09","slug":"berufsschule","status":"publish","type":"page","link":"https:\/\/wordpress.nibis.de\/sib\/projekte\/berufsschule\/","title":{"rendered":"Berufsschule"},"content":{"rendered":"<p style=\"text-align: justify\">Dienstagmorgens fahren wir immer mit dem Stadtbus zur BBS Walter-Gropius- Schule.<br \/>\nDort teilen wir uns in 2 Gruppen auf: Holztechnik und B\u00e4ckerei.<\/p>\n<p style=\"text-align: justify\">In diesen Bereichen unterrichten uns Fachlehrer (Handwerksmeister) der BBS zusammen mit Lehrern\/p\u00e4dagogischen Mitarbeitern aus dem Bockfeld.<br \/>\nWir arbeiten dort viel mit den H\u00e4nden und oft auch mit Profimaschinen aus dem Handwerk.<br \/>\nIm Bereich Holztechnik haben wir bisher:<br \/>\nCajons, Zauberkreuze, Tischtennisschl\u00e4ger, Fr\u00fchst\u00fccksbrettchen, Wikingerst\u00fchle, Grillzangen, Solit\u00e4rspiele, Holzdeko\u2026 hergestellt.<\/p>\n<div id='gallery-1' class='gallery galleryid-269 gallery-columns-3 gallery-size-thumbnail'><figure class='gallery-item'>\n\t\t\t<div class='gallery-icon landscape'>\n\t\t\t\t<a href='https:\/\/wordpress.nibis.de\/sib\/projekte\/berufsschule\/bbs-6\/'><img loading=\"lazy\" decoding=\"async\" width=\"141\" height=\"141\" src=\"https:\/\/wordpress.nibis.de\/sib\/files\/2018\/11\/BBS-6-150x150.png\" class=\"attachment-thumbnail size-thumbnail\" alt=\"\" \/><\/a>\n\t\t\t<\/div><\/figure><figure class='gallery-item'>\n\t\t\t<div class='gallery-icon landscape'>\n\t\t\t\t<a href='https:\/\/wordpress.nibis.de\/sib\/projekte\/berufsschule\/bbs-5\/'><img loading=\"lazy\" decoding=\"async\" width=\"141\" height=\"141\" src=\"https:\/\/wordpress.nibis.de\/sib\/files\/2018\/11\/BBS-5-150x150.png\" class=\"attachment-thumbnail size-thumbnail\" alt=\"\" \/><\/a>\n\t\t\t<\/div><\/figure><figure class='gallery-item'>\n\t\t\t<div class='gallery-icon landscape'>\n\t\t\t\t<a href='https:\/\/wordpress.nibis.de\/sib\/projekte\/berufsschule\/bbs-4\/'><img loading=\"lazy\" decoding=\"async\" width=\"141\" height=\"141\" src=\"https:\/\/wordpress.nibis.de\/sib\/files\/2018\/11\/BBS-4-150x150.png\" class=\"attachment-thumbnail size-thumbnail\" alt=\"\" \/><\/a>\n\t\t\t<\/div><\/figure><figure class='gallery-item'>\n\t\t\t<div class='gallery-icon landscape'>\n\t\t\t\t<a href='https:\/\/wordpress.nibis.de\/sib\/projekte\/berufsschule\/bbs-3\/'><img loading=\"lazy\" decoding=\"async\" width=\"141\" height=\"141\" src=\"https:\/\/wordpress.nibis.de\/sib\/files\/2018\/11\/BBS-3-150x150.png\" class=\"attachment-thumbnail size-thumbnail\" alt=\"\" \/><\/a>\n\t\t\t<\/div><\/figure><figure class='gallery-item'>\n\t\t\t<div class='gallery-icon landscape'>\n\t\t\t\t<a href='https:\/\/wordpress.nibis.de\/sib\/projekte\/berufsschule\/bbs-2\/'><img loading=\"lazy\" decoding=\"async\" width=\"141\" height=\"141\" src=\"https:\/\/wordpress.nibis.de\/sib\/files\/2018\/11\/BBS-2-150x150.png\" class=\"attachment-thumbnail size-thumbnail\" alt=\"\" \/><\/a>\n\t\t\t<\/div><\/figure><figure class='gallery-item'>\n\t\t\t<div class='gallery-icon landscape'>\n\t\t\t\t<a href='https:\/\/wordpress.nibis.de\/sib\/projekte\/berufsschule\/bbs-1\/'><img loading=\"lazy\" decoding=\"async\" width=\"141\" height=\"141\" src=\"https:\/\/wordpress.nibis.de\/sib\/files\/2018\/11\/BBS-1-150x150.png\" class=\"attachment-thumbnail size-thumbnail\" alt=\"\" \/><\/a>\n\t\t\t<\/div><\/figure><figure class='gallery-item'>\n\t\t\t<div class='gallery-icon landscape'>\n\t\t\t\t<a href='https:\/\/wordpress.nibis.de\/sib\/projekte\/berufsschule\/bbs-9\/'><img loading=\"lazy\" decoding=\"async\" width=\"141\" height=\"141\" src=\"https:\/\/wordpress.nibis.de\/sib\/files\/2018\/11\/BBS-9-150x150.png\" class=\"attachment-thumbnail size-thumbnail\" alt=\"\" \/><\/a>\n\t\t\t<\/div><\/figure><figure class='gallery-item'>\n\t\t\t<div class='gallery-icon landscape'>\n\t\t\t\t<a href='https:\/\/wordpress.nibis.de\/sib\/projekte\/berufsschule\/bbs-11\/'><img loading=\"lazy\" decoding=\"async\" width=\"141\" height=\"141\" src=\"https:\/\/wordpress.nibis.de\/sib\/files\/2018\/11\/BBS-11-150x150.png\" class=\"attachment-thumbnail size-thumbnail\" alt=\"\" \/><\/a>\n\t\t\t<\/div><\/figure><figure class='gallery-item'>\n\t\t\t<div class='gallery-icon landscape'>\n\t\t\t\t<a href='https:\/\/wordpress.nibis.de\/sib\/projekte\/berufsschule\/bbs-12\/'><img loading=\"lazy\" decoding=\"async\" width=\"141\" height=\"141\" src=\"https:\/\/wordpress.nibis.de\/sib\/files\/2018\/11\/BBS-12-150x150.png\" class=\"attachment-thumbnail size-thumbnail\" alt=\"\" \/><\/a>\n\t\t\t<\/div><\/figure>\n\t\t<\/div>\n\n<p style=\"text-align: justify\">Im Bereich B\u00e4ckerei haben wir bisher:<br \/>\nBr\u00f6tchen, Hexenh\u00e4user aus Lebkuchen, Kekse, Pralinen, Stollen, Kleingeb\u00e4cke, Brote, Berliner Krapfen\u2026 gebacken.<br \/>\nIn der BBS gibt es 3 gro\u00dfe Pausen, die wir oft in der Cafeteria verbringen. Die Cafeteria hat jede Pause ge\u00f6ffnet und hat ein reichhaltiges Angebot an warmen und kalten Speisen und Getr\u00e4nken.<\/p>\n<div id='gallery-2' class='gallery galleryid-269 gallery-columns-3 gallery-size-thumbnail'><figure class='gallery-item'>\n\t\t\t<div class='gallery-icon landscape'>\n\t\t\t\t<a href='https:\/\/wordpress.nibis.de\/sib\/projekte\/berufsschule\/bbs-8\/'><img loading=\"lazy\" decoding=\"async\" width=\"141\" height=\"141\" src=\"https:\/\/wordpress.nibis.de\/sib\/files\/2018\/11\/BBS-8-150x150.png\" class=\"attachment-thumbnail size-thumbnail\" alt=\"\" \/><\/a>\n\t\t\t<\/div><\/figure><figure class='gallery-item'>\n\t\t\t<div class='gallery-icon landscape'>\n\t\t\t\t<a href='https:\/\/wordpress.nibis.de\/sib\/projekte\/berufsschule\/bbs-13\/'><img loading=\"lazy\" decoding=\"async\" width=\"141\" height=\"141\" src=\"https:\/\/wordpress.nibis.de\/sib\/files\/2018\/11\/BBS-13-150x150.png\" class=\"attachment-thumbnail size-thumbnail\" alt=\"\" \/><\/a>\n\t\t\t<\/div><\/figure>\n\t\t<\/div>\n\n<p>Unser Unterrichtstag geht dort immer von 9-14 Uhr, weil wir mit den Stadtbussen fahren und um 14:45 Uhr wieder in der Schule im Bockfeld sein m\u00fcssen.<\/p>\n","protected":false},"excerpt":{"rendered":"<p>Dienstagmorgens fahren wir immer mit dem Stadtbus zur BBS Walter-Gropius- Schule. Dort teilen wir uns in 2 Gruppen auf: Holztechnik und B\u00e4ckerei. In diesen Bereichen unterrichten uns Fachlehrer (Handwerksmeister) der BBS zusammen mit Lehrern\/p\u00e4dagogischen Mitarbeitern aus dem Bockfeld. Wir arbeiten dort viel mit den H\u00e4nden und oft auch mit Profimaschinen aus dem Handwerk. Im Bereich &hellip; <a href=\"https:\/\/wordpress.nibis.de\/sib\/projekte\/berufsschule\/\" class=\"more-link\"><span class=\"screen-reader-text\">Berufsschule<\/span> weiterlesen <span class=\"meta-nav\">&rarr;<\/span><\/a><\/p>\n","protected":false},"author":9192613,"featured_media":0,"parent":30,"menu_order":0,"comment_status":"closed","ping_status":"closed","template":"","meta":{"footnotes":""},"class_list":["post-269","page","type-page","status-publish","hentry"],"_links":{"self":[{"href":"https:\/\/wordpress.nibis.de\/sib\/wp-json\/wp\/v2\/pages\/269","targetHints":{"allow":["GET"]}}],"collection":[{"href":"https:\/\/wordpress.nibis.de\/sib\/wp-json\/wp\/v2\/pages"}],"about":[{"href":"https:\/\/wordpress.nibis.de\/sib\/wp-json\/wp\/v2\/types\/page"}],"author":[{"embeddable":true,"href":"https:\/\/wordpress.nibis.de\/sib\/wp-json\/wp\/v2\/users\/9192613"}],"replies":[{"embeddable":true,"href":"https:\/\/wordpress.nibis.de\/sib\/wp-json\/wp\/v2\/comments?post=269"}],"version-history":[{"count":3,"href":"https:\/\/wordpress.nibis.de\/sib\/wp-json\/wp\/v2\/pages\/269\/revisions"}],"predecessor-version":[{"id":284,"href":"https:\/\/wordpress.nibis.de\/sib\/wp-json\/wp\/v2\/pages\/269\/revisions\/284"}],"up":[{"embeddable":true,"href":"https:\/\/wordpress.nibis.de\/sib\/wp-json\/wp\/v2\/pages\/30"}],"wp:attachment":[{"href":"https:\/\/wordpress.nibis.de\/sib\/wp-json\/wp\/v2\/media?parent=269"}],"curies":[{"name":"wp","href":"https:\/\/api.w.org\/{rel}","templated":true}]}}