{"id":305,"date":"2018-11-03T15:10:29","date_gmt":"2018-11-03T14:10:29","guid":{"rendered":"http:\/\/wordpress.nibis.de\/sib\/?page_id=305"},"modified":"2023-08-29T16:12:59","modified_gmt":"2023-08-29T14:12:59","slug":"garten","status":"publish","type":"page","link":"https:\/\/wordpress.nibis.de\/sib\/projekte\/garten\/","title":{"rendered":"Garten"},"content":{"rendered":"<p><span style=\"font-size: 18pt\">Moin moin aus dem Garten!!!<\/span><\/p>\n<p>Unsere Schule hat einen eigenen Schulgarten, der in der Kolonie der &#8222;Gartenfreunde Berggarten e.V.&#8220; gleich in der Nachbarschaft liegt.<br \/>Wir versorgen unseren Garten rund um das Jahr.<br \/>In der Erntezeit haben wir z.B. unsere \u00c4pfel geerntet und dann zum Mosten gebracht. Daf\u00fcr haben wir leckeren Apfelsaft bekommen!<br \/>Im Winter sorgen wir f\u00fcr Futter f\u00fcr die V\u00f6gel und bereiten alles f\u00fcr das neue Gartenjahr vor.<br \/>Wir ziehen unsere eigenen Gem\u00fcsepflanzen vor und setzen diese, wenn es Zeit wird, in die vorbereiteten Beete.<\/p>\n\n\n<p><a href=\"https:\/\/padlet.com\/henningrosahl\/milpa-project-milpa-projekt-95i607x9qi1ck3sp\">https:\/\/padlet.com\/henningrosahl\/milpa-project-milpa-projekt-95i607x9qi1ck3sp<\/a><\/p>\n","protected":false},"excerpt":{"rendered":"<p>Moin moin aus dem Garten!!! Unsere Schule hat einen eigenen Schulgarten, der in der Kolonie der &#8222;Gartenfreunde Berggarten e.V.&#8220; gleich in der Nachbarschaft liegt.Wir versorgen unseren Garten rund um das Jahr.In der Erntezeit haben wir z.B. unsere \u00c4pfel geerntet und dann zum Mosten gebracht. Daf\u00fcr haben wir leckeren Apfelsaft bekommen!Im Winter sorgen wir f\u00fcr Futter &hellip; <a href=\"https:\/\/wordpress.nibis.de\/sib\/projekte\/garten\/\" class=\"more-link\"><span class=\"screen-reader-text\">Garten<\/span> weiterlesen <span class=\"meta-nav\">&rarr;<\/span><\/a><\/p>\n","protected":false},"author":9192613,"featured_media":0,"parent":30,"menu_order":0,"comment_status":"closed","ping_status":"closed","template":"","meta":{"footnotes":""},"class_list":["post-305","page","type-page","status-publish","hentry"],"_links":{"self":[{"href":"https:\/\/wordpress.nibis.de\/sib\/wp-json\/wp\/v2\/pages\/305","targetHints":{"allow":["GET"]}}],"collection":[{"href":"https:\/\/wordpress.nibis.de\/sib\/wp-json\/wp\/v2\/pages"}],"about":[{"href":"https:\/\/wordpress.nibis.de\/sib\/wp-json\/wp\/v2\/types\/page"}],"author":[{"embeddable":true,"href":"https:\/\/wordpress.nibis.de\/sib\/wp-json\/wp\/v2\/users\/9192613"}],"replies":[{"embeddable":true,"href":"https:\/\/wordpress.nibis.de\/sib\/wp-json\/wp\/v2\/comments?post=305"}],"version-history":[{"count":2,"href":"https:\/\/wordpress.nibis.de\/sib\/wp-json\/wp\/v2\/pages\/305\/revisions"}],"predecessor-version":[{"id":2128,"href":"https:\/\/wordpress.nibis.de\/sib\/wp-json\/wp\/v2\/pages\/305\/revisions\/2128"}],"up":[{"embeddable":true,"href":"https:\/\/wordpress.nibis.de\/sib\/wp-json\/wp\/v2\/pages\/30"}],"wp:attachment":[{"href":"https:\/\/wordpress.nibis.de\/sib\/wp-json\/wp\/v2\/media?parent=305"}],"curies":[{"name":"wp","href":"https:\/\/api.w.org\/{rel}","templated":true}]}}