{"id":308,"date":"2018-11-03T15:11:59","date_gmt":"2018-11-03T14:11:59","guid":{"rendered":"http:\/\/wordpress.nibis.de\/sib\/?page_id=308"},"modified":"2021-05-10T21:35:14","modified_gmt":"2021-05-10T19:35:14","slug":"waesche","status":"publish","type":"page","link":"https:\/\/wordpress.nibis.de\/sib\/projekte\/waesche\/","title":{"rendered":"W\u00e4sche"},"content":{"rendered":"\n<p>W\u00e4sche- und B\u00fcgelservice<\/p>\n\n\n\n<p>Im Projekt \u201eW\u00e4sche- und B\u00fcgelservice\u201c machen wir viele unterschiedliche Arbeiten:<\/p>\n\n\n\n<figure class=\"wp-block-gallery columns-3 is-cropped wp-block-gallery-1 is-layout-flex wp-block-gallery-is-layout-flex\"><ul class=\"blocks-gallery-grid\"><li class=\"blocks-gallery-item\"><figure><img loading=\"lazy\" decoding=\"async\" width=\"768\" height=\"675\" src=\"https:\/\/wordpress.nibis.de\/sib\/files\/2021\/05\/20210205_084218-768x675.jpg\" alt=\"\" data-id=\"1677\" data-full-url=\"https:\/\/wordpress.nibis.de\/sib\/files\/2021\/05\/20210205_084218.jpg\" data-link=\"https:\/\/wordpress.nibis.de\/sib\/projekte\/waesche\/20210205_084218\/\" class=\"wp-image-1677\" \/><\/figure><\/li><li class=\"blocks-gallery-item\"><figure><img loading=\"lazy\" decoding=\"async\" width=\"768\" height=\"675\" src=\"https:\/\/wordpress.nibis.de\/sib\/files\/2021\/05\/20210203_092323-768x675.jpg\" alt=\"\" data-id=\"1678\" data-full-url=\"https:\/\/wordpress.nibis.de\/sib\/files\/2021\/05\/20210203_092323.jpg\" data-link=\"https:\/\/wordpress.nibis.de\/sib\/projekte\/waesche\/20210203_092323\/\" class=\"wp-image-1678\" \/><\/figure><\/li><li class=\"blocks-gallery-item\"><figure><img loading=\"lazy\" decoding=\"async\" width=\"1200\" height=\"675\" src=\"https:\/\/wordpress.nibis.de\/sib\/files\/2021\/05\/20210205_085444-1200x675.jpg\" alt=\"\" data-id=\"1679\" data-full-url=\"https:\/\/wordpress.nibis.de\/sib\/files\/2021\/05\/20210205_085444.jpg\" data-link=\"https:\/\/wordpress.nibis.de\/sib\/projekte\/waesche\/20210205_085444\/\" class=\"wp-image-1679\" srcset=\"https:\/\/wordpress.nibis.de\/sib\/files\/2021\/05\/20210205_085444-1200x675.jpg 1200w, https:\/\/wordpress.nibis.de\/sib\/files\/2021\/05\/20210205_085444-850x478.jpg 850w, https:\/\/wordpress.nibis.de\/sib\/files\/2021\/05\/20210205_085444-250x141.jpg 250w\" sizes=\"auto, (max-width: 1200px) 100vw, 1200px\" \/><\/figure><\/li><li class=\"blocks-gallery-item\"><figure><img loading=\"lazy\" decoding=\"async\" width=\"768\" height=\"675\" src=\"https:\/\/wordpress.nibis.de\/sib\/files\/2021\/05\/20210203_085449-768x675.jpg\" alt=\"\" data-id=\"1680\" data-full-url=\"https:\/\/wordpress.nibis.de\/sib\/files\/2021\/05\/20210203_085449.jpg\" data-link=\"https:\/\/wordpress.nibis.de\/sib\/projekte\/waesche\/20210203_085449\/\" class=\"wp-image-1680\" \/><\/figure><\/li><li class=\"blocks-gallery-item\"><figure><img loading=\"lazy\" decoding=\"async\" width=\"768\" height=\"675\" src=\"https:\/\/wordpress.nibis.de\/sib\/files\/2021\/05\/20210203_085928-768x675.jpg\" alt=\"\" data-id=\"1681\" data-full-url=\"https:\/\/wordpress.nibis.de\/sib\/files\/2021\/05\/20210203_085928.jpg\" data-link=\"https:\/\/wordpress.nibis.de\/sib\/projekte\/waesche\/20210203_085928\/\" class=\"wp-image-1681\" \/><\/figure><\/li><li class=\"blocks-gallery-item\"><figure><img loading=\"lazy\" decoding=\"async\" width=\"768\" height=\"675\" src=\"https:\/\/wordpress.nibis.de\/sib\/files\/2021\/05\/20210203_085352-768x675.jpg\" alt=\"\" data-id=\"1682\" data-full-url=\"https:\/\/wordpress.nibis.de\/sib\/files\/2021\/05\/20210203_085352.jpg\" data-link=\"https:\/\/wordpress.nibis.de\/sib\/projekte\/waesche\/20210203_085352\/\" class=\"wp-image-1682\" \/><\/figure><\/li><li class=\"blocks-gallery-item\"><figure><img loading=\"lazy\" decoding=\"async\" width=\"768\" height=\"675\" src=\"https:\/\/wordpress.nibis.de\/sib\/files\/2021\/05\/20210203_085316-768x675.jpg\" alt=\"\" data-id=\"1683\" data-full-url=\"https:\/\/wordpress.nibis.de\/sib\/files\/2021\/05\/20210203_085316.jpg\" data-link=\"https:\/\/wordpress.nibis.de\/sib\/projekte\/waesche\/20210203_085316\/\" class=\"wp-image-1683\" \/><\/figure><\/li><li class=\"blocks-gallery-item\"><figure><img loading=\"lazy\" decoding=\"async\" width=\"768\" height=\"675\" src=\"https:\/\/wordpress.nibis.de\/sib\/files\/2021\/05\/20210203_085347-768x675.jpg\" alt=\"\" data-id=\"1684\" data-full-url=\"https:\/\/wordpress.nibis.de\/sib\/files\/2021\/05\/20210203_085347.jpg\" data-link=\"https:\/\/wordpress.nibis.de\/sib\/projekte\/waesche\/20210203_085347\/\" class=\"wp-image-1684\" \/><\/figure><\/li><\/ul><\/figure>\n\n\n\n<ul class=\"wp-block-list\"><li>Wir machen den w\u00f6chentlichen Hausw\u00e4schetausch.<\/li><li>Wir sortieren W\u00e4sche nach Farben.<\/li><li>Wir z\u00e4hlen Lappen und Geschirrt\u00fccher ab.<\/li><li>Wir mangeln oder b\u00fcgeln W\u00e4sche.<\/li><li>Wir sortieren kaputte W\u00e4sche aus.<\/li><li>Wir n\u00e4hen kaputte Aufh\u00e4nger mit der N\u00e4hmaschine an.<\/li><li>Wir bef\u00fcllen und bedienen die Waschmaschine.<\/li><li>Wir k\u00fcmmern uns um die Fundsachen der Schule.<\/li><li>Wir lernen selbst\u00e4ndiges und richtiges Arbeiten im Team.<\/li><li>Wir bedienen unsere Kunden.<\/li><\/ul>\n","protected":false},"excerpt":{"rendered":"<p>W\u00e4sche- und B\u00fcgelservice Im Projekt \u201eW\u00e4sche- und B\u00fcgelservice\u201c machen wir viele unterschiedliche Arbeiten: Wir machen den w\u00f6chentlichen Hausw\u00e4schetausch. Wir sortieren W\u00e4sche nach Farben. Wir z\u00e4hlen Lappen und Geschirrt\u00fccher ab. Wir mangeln oder b\u00fcgeln W\u00e4sche. Wir sortieren kaputte W\u00e4sche aus. Wir n\u00e4hen kaputte Aufh\u00e4nger mit der N\u00e4hmaschine an. Wir bef\u00fcllen und bedienen die Waschmaschine. Wir k\u00fcmmern &hellip; <a href=\"https:\/\/wordpress.nibis.de\/sib\/projekte\/waesche\/\" class=\"more-link\"><span class=\"screen-reader-text\">W\u00e4sche<\/span> weiterlesen <span class=\"meta-nav\">&rarr;<\/span><\/a><\/p>\n","protected":false},"author":9192613,"featured_media":0,"parent":30,"menu_order":0,"comment_status":"closed","ping_status":"closed","template":"","meta":{"footnotes":""},"class_list":["post-308","page","type-page","status-publish","hentry"],"_links":{"self":[{"href":"https:\/\/wordpress.nibis.de\/sib\/wp-json\/wp\/v2\/pages\/308","targetHints":{"allow":["GET"]}}],"collection":[{"href":"https:\/\/wordpress.nibis.de\/sib\/wp-json\/wp\/v2\/pages"}],"about":[{"href":"https:\/\/wordpress.nibis.de\/sib\/wp-json\/wp\/v2\/types\/page"}],"author":[{"embeddable":true,"href":"https:\/\/wordpress.nibis.de\/sib\/wp-json\/wp\/v2\/users\/9192613"}],"replies":[{"embeddable":true,"href":"https:\/\/wordpress.nibis.de\/sib\/wp-json\/wp\/v2\/comments?post=308"}],"version-history":[{"count":4,"href":"https:\/\/wordpress.nibis.de\/sib\/wp-json\/wp\/v2\/pages\/308\/revisions"}],"predecessor-version":[{"id":1685,"href":"https:\/\/wordpress.nibis.de\/sib\/wp-json\/wp\/v2\/pages\/308\/revisions\/1685"}],"up":[{"embeddable":true,"href":"https:\/\/wordpress.nibis.de\/sib\/wp-json\/wp\/v2\/pages\/30"}],"wp:attachment":[{"href":"https:\/\/wordpress.nibis.de\/sib\/wp-json\/wp\/v2\/media?parent=308"}],"curies":[{"name":"wp","href":"https:\/\/api.w.org\/{rel}","templated":true}]}}