{"id":32,"date":"2018-08-14T16:17:24","date_gmt":"2018-08-14T14:17:24","guid":{"rendered":"http:\/\/wordpress.nibis.de\/sib\/?page_id=32"},"modified":"2025-08-20T20:46:58","modified_gmt":"2025-08-20T18:46:58","slug":"inklusion","status":"publish","type":"page","link":"https:\/\/wordpress.nibis.de\/sib\/inklusion\/","title":{"rendered":"Inklusion"},"content":{"rendered":"<p style=\"text-align: justify\">In Niedersachsen ist\u00a0 mit dem Schuljahr 2013\/2014 die inklusive Schule verbindlich eingef\u00fchrt worden.<\/p>\n<p style=\"text-align: justify\">Als F\u00f6rderzentrum f\u00fcr Sonderp\u00e4dagogik unterrichten wir nicht nur die Kinder und Jugendlichen im Schulgeb\u00e4ude\u00a0 \u201cIm Bockfelde\u201d. Unsere F\u00f6rderschullehrkr\u00e4fte unterst\u00fctzen auch die F\u00f6rderung und Unterrichtung\u00a0 von Sch\u00fclern und Sch\u00fclerinnen an vielen anderen Grund- und weiterf\u00fchrenden Schulen. Unser Einzugsgebiet erstreckt sich \u00fcber die Stadt sowie Teile des Landkreises Hildesheim.<\/p>\n<p style=\"text-align: justify\">Ziel unserer gemeinsamen Arbeit ist, die inklusive und wohnortnahe Beschulung aller Sch\u00fcler und Sch\u00fclerinnen zu unterst\u00fctzen und eine bestm\u00f6gliche F\u00f6rderung umzusetzen. Gemeinsam mit den Lehrkr\u00e4ften der jeweiligen Schule unterrichten wir Klassen sowie kleinere Lerngruppen oder f\u00f6rdern einzelne Kinder und Jugendliche individuell. Dar\u00fcber hinaus beraten und unterst\u00fctzen wir die Lehrkr\u00e4fte in sonderp\u00e4dagogischen Fragestellungen und arbeiten mit\u00a0 Eltern und anderen au\u00dferschulischen Personen und Einrichtungen zusammen.<\/p>\n<p style=\"text-align: justify\">Bei Fragen zu unserer Arbeit im Rahmen der Inklusion wenden Sie sich bitte an die F\u00f6rderschullehrkraft Ihrer \u00f6rtlichen Schule, die dortige Schulleitung oder an die Leitung der Schule im Bockfeld.<\/p>\n","protected":false},"excerpt":{"rendered":"<p>In Niedersachsen ist\u00a0 mit dem Schuljahr 2013\/2014 die inklusive Schule verbindlich eingef\u00fchrt worden. Als F\u00f6rderzentrum f\u00fcr Sonderp\u00e4dagogik unterrichten wir nicht nur die Kinder und Jugendlichen im Schulgeb\u00e4ude\u00a0 \u201cIm Bockfelde\u201d. Unsere F\u00f6rderschullehrkr\u00e4fte unterst\u00fctzen auch die F\u00f6rderung und Unterrichtung\u00a0 von Sch\u00fclern und Sch\u00fclerinnen an vielen anderen Grund- und weiterf\u00fchrenden Schulen. Unser Einzugsgebiet erstreckt sich \u00fcber die Stadt &hellip; <a href=\"https:\/\/wordpress.nibis.de\/sib\/inklusion\/\" class=\"more-link\"><span class=\"screen-reader-text\">Inklusion<\/span> weiterlesen <span class=\"meta-nav\">&rarr;<\/span><\/a><\/p>\n","protected":false},"author":9192613,"featured_media":0,"parent":0,"menu_order":0,"comment_status":"closed","ping_status":"closed","template":"","meta":{"footnotes":""},"class_list":["post-32","page","type-page","status-publish","hentry"],"_links":{"self":[{"href":"https:\/\/wordpress.nibis.de\/sib\/wp-json\/wp\/v2\/pages\/32","targetHints":{"allow":["GET"]}}],"collection":[{"href":"https:\/\/wordpress.nibis.de\/sib\/wp-json\/wp\/v2\/pages"}],"about":[{"href":"https:\/\/wordpress.nibis.de\/sib\/wp-json\/wp\/v2\/types\/page"}],"author":[{"embeddable":true,"href":"https:\/\/wordpress.nibis.de\/sib\/wp-json\/wp\/v2\/users\/9192613"}],"replies":[{"embeddable":true,"href":"https:\/\/wordpress.nibis.de\/sib\/wp-json\/wp\/v2\/comments?post=32"}],"version-history":[{"count":4,"href":"https:\/\/wordpress.nibis.de\/sib\/wp-json\/wp\/v2\/pages\/32\/revisions"}],"predecessor-version":[{"id":2279,"href":"https:\/\/wordpress.nibis.de\/sib\/wp-json\/wp\/v2\/pages\/32\/revisions\/2279"}],"wp:attachment":[{"href":"https:\/\/wordpress.nibis.de\/sib\/wp-json\/wp\/v2\/media?parent=32"}],"curies":[{"name":"wp","href":"https:\/\/api.w.org\/{rel}","templated":true}]}}