{"id":329,"date":"2018-11-03T15:22:28","date_gmt":"2018-11-03T14:22:28","guid":{"rendered":"http:\/\/wordpress.nibis.de\/sib\/?page_id=329"},"modified":"2022-09-08T17:33:42","modified_gmt":"2022-09-08T15:33:42","slug":"klettern","status":"publish","type":"page","link":"https:\/\/wordpress.nibis.de\/sib\/archiv\/schuljahr-2019-2020\/klettern\/","title":{"rendered":"Klettern"},"content":{"rendered":"<p style=\"text-align: justify\">In der AG Klettern k\u00f6nnen die Grundlagen und -techniken des Sportkletterns erlebt, erprobt und erlernt werden. Neben dem Bouldern, also dem Klettern in Bodenn\u00e4he ohne Seilsicherung, wird nat\u00fcrlich auch das Topropeklettern trainiert. Beim Topropeklettern steigt der Kletterer in die H\u00f6he, ist aber die ganze Zeit von oben mit dem Seil gesichert und kann so gefahrlos die Spannung in der H\u00f6he genie\u00dfen. Au\u00dferdem ist das Topropeklettern die perfekte Methode, Grundtechniken und den Umgang mit dem Material kennen zu lernen.<br \/>\nParallel zum Klettern an der Wand, werden Ger\u00e4teparcours angeboten, um den Kletterern die M\u00f6glichkeit zu bieten, ihr Geschick und ihre F\u00e4higkeiten in den Bereichen Gleichgewicht, Koordination, Kraft und Kraftausdauer zu festigen und auszubauen.<br \/>\nDurch das breitgef\u00e4cherte Angebot, k\u00f6nnen die Teilnehmer auf einem individuellen Leistungslevel trainieren, die Bewegungssicherheit im Bereich des Kletterns erweitern und evtl. \u00c4ngste vor der H\u00f6he schrittweise abbauen.<br \/>\nNeben vielen Spiel- und \u00dcbungsformen rund um das Sportklettern, soll nat\u00fcrlich der Spa\u00df an der Bewegung im Vordergrund der AG stehen.<br \/>\nBerg frei! Die Kletter AG!<\/p>\n<div id='gallery-1' class='gallery galleryid-329 gallery-columns-2 gallery-size-thumbnail'><figure class='gallery-item'>\n\t\t\t<div class='gallery-icon portrait'>\n\t\t\t\t<a href='https:\/\/wordpress.nibis.de\/sib\/archiv\/schuljahr-2019-2020\/klettern\/klettern-1-2\/'><img loading=\"lazy\" decoding=\"async\" width=\"250\" height=\"141\" src=\"https:\/\/wordpress.nibis.de\/sib\/files\/2019\/03\/Klettern-1-250x141.jpg\" class=\"attachment-thumbnail size-thumbnail\" alt=\"\" \/><\/a>\n\t\t\t<\/div><\/figure><figure class='gallery-item'>\n\t\t\t<div class='gallery-icon landscape'>\n\t\t\t\t<a href='https:\/\/wordpress.nibis.de\/sib\/archiv\/schuljahr-2019-2020\/klettern\/klettern-2-2\/'><img loading=\"lazy\" decoding=\"async\" width=\"250\" height=\"141\" src=\"https:\/\/wordpress.nibis.de\/sib\/files\/2019\/03\/Klettern-2-250x141.jpg\" class=\"attachment-thumbnail size-thumbnail\" alt=\"\" \/><\/a>\n\t\t\t<\/div><\/figure><figure class='gallery-item'>\n\t\t\t<div class='gallery-icon portrait'>\n\t\t\t\t<a href='https:\/\/wordpress.nibis.de\/sib\/archiv\/schuljahr-2019-2020\/klettern\/klettern-3-2\/'><img loading=\"lazy\" decoding=\"async\" width=\"250\" height=\"141\" src=\"https:\/\/wordpress.nibis.de\/sib\/files\/2019\/03\/Klettern-3-250x141.jpg\" class=\"attachment-thumbnail size-thumbnail\" alt=\"\" \/><\/a>\n\t\t\t<\/div><\/figure><figure class='gallery-item'>\n\t\t\t<div class='gallery-icon landscape'>\n\t\t\t\t<a href='https:\/\/wordpress.nibis.de\/sib\/archiv\/schuljahr-2019-2020\/klettern\/klettern-4\/'><img loading=\"lazy\" decoding=\"async\" width=\"250\" height=\"141\" src=\"https:\/\/wordpress.nibis.de\/sib\/files\/2019\/03\/Klettern-4-250x141.jpg\" class=\"attachment-thumbnail size-thumbnail\" alt=\"\" \/><\/a>\n\t\t\t<\/div><\/figure><figure class='gallery-item'>\n\t\t\t<div class='gallery-icon portrait'>\n\t\t\t\t<a href='https:\/\/wordpress.nibis.de\/sib\/archiv\/schuljahr-2019-2020\/klettern\/klettern-5\/'><img loading=\"lazy\" decoding=\"async\" width=\"250\" height=\"141\" src=\"https:\/\/wordpress.nibis.de\/sib\/files\/2019\/03\/Klettern-5-250x141.jpg\" class=\"attachment-thumbnail size-thumbnail\" alt=\"\" \/><\/a>\n\t\t\t<\/div><\/figure><figure class='gallery-item'>\n\t\t\t<div class='gallery-icon landscape'>\n\t\t\t\t<a href='https:\/\/wordpress.nibis.de\/sib\/archiv\/schuljahr-2019-2020\/klettern\/klettern-6\/'><img loading=\"lazy\" decoding=\"async\" width=\"250\" height=\"141\" src=\"https:\/\/wordpress.nibis.de\/sib\/files\/2019\/03\/Klettern-6-250x141.jpg\" class=\"attachment-thumbnail size-thumbnail\" alt=\"\" srcset=\"https:\/\/wordpress.nibis.de\/sib\/files\/2019\/03\/Klettern-6-250x141.jpg 250w, https:\/\/wordpress.nibis.de\/sib\/files\/2019\/03\/Klettern-6-850x478.jpg 850w\" sizes=\"auto, (max-width: 250px) 100vw, 250px\" \/><\/a>\n\t\t\t<\/div><\/figure>\n\t\t<\/div>\n\n","protected":false},"excerpt":{"rendered":"<p>In der AG Klettern k\u00f6nnen die Grundlagen und -techniken des Sportkletterns erlebt, erprobt und erlernt werden. Neben dem Bouldern, also dem Klettern in Bodenn\u00e4he ohne Seilsicherung, wird nat\u00fcrlich auch das Topropeklettern trainiert. Beim Topropeklettern steigt der Kletterer in die H\u00f6he, ist aber die ganze Zeit von oben mit dem Seil gesichert und kann so gefahrlos &hellip; <a href=\"https:\/\/wordpress.nibis.de\/sib\/archiv\/schuljahr-2019-2020\/klettern\/\" class=\"more-link\"><span class=\"screen-reader-text\">Klettern<\/span> weiterlesen <span class=\"meta-nav\">&rarr;<\/span><\/a><\/p>\n","protected":false},"author":9192613,"featured_media":0,"parent":1353,"menu_order":0,"comment_status":"closed","ping_status":"closed","template":"","meta":{"footnotes":""},"class_list":["post-329","page","type-page","status-publish","hentry"],"_links":{"self":[{"href":"https:\/\/wordpress.nibis.de\/sib\/wp-json\/wp\/v2\/pages\/329","targetHints":{"allow":["GET"]}}],"collection":[{"href":"https:\/\/wordpress.nibis.de\/sib\/wp-json\/wp\/v2\/pages"}],"about":[{"href":"https:\/\/wordpress.nibis.de\/sib\/wp-json\/wp\/v2\/types\/page"}],"author":[{"embeddable":true,"href":"https:\/\/wordpress.nibis.de\/sib\/wp-json\/wp\/v2\/users\/9192613"}],"replies":[{"embeddable":true,"href":"https:\/\/wordpress.nibis.de\/sib\/wp-json\/wp\/v2\/comments?post=329"}],"version-history":[{"count":2,"href":"https:\/\/wordpress.nibis.de\/sib\/wp-json\/wp\/v2\/pages\/329\/revisions"}],"predecessor-version":[{"id":650,"href":"https:\/\/wordpress.nibis.de\/sib\/wp-json\/wp\/v2\/pages\/329\/revisions\/650"}],"up":[{"embeddable":true,"href":"https:\/\/wordpress.nibis.de\/sib\/wp-json\/wp\/v2\/pages\/1353"}],"wp:attachment":[{"href":"https:\/\/wordpress.nibis.de\/sib\/wp-json\/wp\/v2\/media?parent=329"}],"curies":[{"name":"wp","href":"https:\/\/api.w.org\/{rel}","templated":true}]}}

<p style="text-align: justify">In der AG Klettern können die Grundlagen und -techniken des Sportkletterns erlebt, erprobt und erlernt werden. Neben dem Bouldern, also dem Klettern in Bodennähe ohne Seilsicherung, wird natürlich auch das Topropeklettern trainiert. Beim Topropeklettern steigt der Kletterer in die Höhe, ist aber die ganze Zeit von oben mit dem Seil gesichert und kann so gefahrlos die Spannung in der Höhe genießen. Außerdem ist das Topropeklettern die perfekte Methode, Grundtechniken und den Umgang mit dem Material kennen zu lernen.<br />
Parallel zum Klettern an der Wand, werden Geräteparcours angeboten, um den Kletterern die Möglichkeit zu bieten, ihr Geschick und ihre Fähigkeiten in den Bereichen Gleichgewicht, Koordination, Kraft und Kraftausdauer zu festigen und auszubauen.<br />
Durch das breitgefächerte Angebot, können die Teilnehmer auf einem individuellen Leistungslevel trainieren, die Bewegungssicherheit im Bereich des Kletterns erweitern und evtl. Ängste vor der Höhe schrittweise abbauen.<br />
Neben vielen Spiel- und Übungsformen rund um das Sportklettern, soll natürlich der Spaß an der Bewegung im Vordergrund der AG stehen.<br />
Berg frei! Die Kletter AG!</p>
<div id='gallery-1' class='gallery galleryid-329 gallery-columns-2 gallery-size-thumbnail'><figure class='gallery-item'>
			<div class='gallery-icon portrait'>
				<a href='https://wordpress.nibis.de/sib/archiv/schuljahr-2019-2020/klettern/klettern-1-2/'><img loading="lazy" decoding="async" width="250" height="141" src="https://wordpress.nibis.de/sib/files/2019/03/Klettern-1-250x141.jpg" class="attachment-thumbnail size-thumbnail" alt="" /></a>
			</div></figure><figure class='gallery-item'>
			<div class='gallery-icon landscape'>
				<a href='https://wordpress.nibis.de/sib/archiv/schuljahr-2019-2020/klettern/klettern-2-2/'><img loading="lazy" decoding="async" width="250" height="141" src="https://wordpress.nibis.de/sib/files/2019/03/Klettern-2-250x141.jpg" class="attachment-thumbnail size-thumbnail" alt="" /></a>
			</div></figure><figure class='gallery-item'>
			<div class='gallery-icon portrait'>
				<a href='https://wordpress.nibis.de/sib/archiv/schuljahr-2019-2020/klettern/klettern-3-2/'><img loading="lazy" decoding="async" width="250" height="141" src="https://wordpress.nibis.de/sib/files/2019/03/Klettern-3-250x141.jpg" class="attachment-thumbnail size-thumbnail" alt="" /></a>
			</div></figure><figure class='gallery-item'>
			<div class='gallery-icon landscape'>
				<a href='https://wordpress.nibis.de/sib/archiv/schuljahr-2019-2020/klettern/klettern-4/'><img loading="lazy" decoding="async" width="250" height="141" src="https://wordpress.nibis.de/sib/files/2019/03/Klettern-4-250x141.jpg" class="attachment-thumbnail size-thumbnail" alt="" /></a>
			</div></figure><figure class='gallery-item'>
			<div class='gallery-icon portrait'>
				<a href='https://wordpress.nibis.de/sib/archiv/schuljahr-2019-2020/klettern/klettern-5/'><img loading="lazy" decoding="async" width="250" height="141" src="https://wordpress.nibis.de/sib/files/2019/03/Klettern-5-250x141.jpg" class="attachment-thumbnail size-thumbnail" alt="" /></a>
			</div></figure><figure class='gallery-item'>
			<div class='gallery-icon landscape'>
				<a href='https://wordpress.nibis.de/sib/archiv/schuljahr-2019-2020/klettern/klettern-6/'><img loading="lazy" decoding="async" width="250" height="141" src="https://wordpress.nibis.de/sib/files/2019/03/Klettern-6-250x141.jpg" class="attachment-thumbnail size-thumbnail" alt="" srcset="https://wordpress.nibis.de/sib/files/2019/03/Klettern-6-250x141.jpg 250w, https://wordpress.nibis.de/sib/files/2019/03/Klettern-6-850x478.jpg 850w" sizes="auto, (max-width: 250px) 100vw, 250px" /></a>
			</div></figure>
		</div>

<p>In der AG Klettern können die Grundlagen und -techniken des Sportkletterns erlebt, erprobt und erlernt werden. Neben dem Bouldern, also dem Klettern in Bodennähe ohne Seilsicherung, wird natürlich auch das Topropeklettern trainiert. Beim Topropeklettern steigt der Kletterer in die Höhe, ist aber die ganze Zeit von oben mit dem Seil gesichert und kann so gefahrlos &hellip; <a href="https://wordpress.nibis.de/sib/archiv/schuljahr-2019-2020/klettern/" class="more-link"><span class="screen-reader-text">Klettern</span> weiterlesen <span class="meta-nav">&rarr;</span></a></p>
