{"id":855,"date":"2019-04-04T23:05:22","date_gmt":"2019-04-04T21:05:22","guid":{"rendered":"https:\/\/wordpress.nibis.de\/sib\/?page_id=855"},"modified":"2020-09-28T20:59:22","modified_gmt":"2020-09-28T18:59:22","slug":"kg-3","status":"publish","type":"page","link":"https:\/\/wordpress.nibis.de\/sib\/archiv\/schuljahr-2018-2019\/kg-3\/","title":{"rendered":"KG 3 2018\/2019"},"content":{"rendered":"\n<p>Hallo,<\/p>\n\n\n\n<p>wir sind die KG 3. <\/p>\n\n\n\n<p>Wir m\u00f6gen gerne B\u00fccher. Deshalb\nhaben wir die Stadtb\u00fccherei besucht. Dort hatten wir uns f\u00fcr eine F\u00fchrung\nangemeldet. Toll daran war, dass wir eine Stunde lang die B\u00fccherei f\u00fcr uns ganz\nalleine hatten. So konnten wir uns alles in Ruhe anschauen. Zuerst hat uns die\nFrau von der Bibliothek die Regeln in der B\u00fccherei erkl\u00e4rt. Die meisten davon\nkannten wir schon\u2026<\/p>\n\n\n\n<p>Danach hat sie uns gezeigt wie man B\u00fccher und andere Sachen ausleiht und sie wieder zur\u00fcck gibt. Die R\u00fcckgabemaschine fanden wir ziemlich cool! Die B\u00fccher laufen da \u00fcber ein Flie\u00dfband und werden automatisch sortiert. Man kann B\u00fccher auch \u00fcber einen Schlitz am Eingang der Bibliothek zur\u00fcck geben. Dazu muss die B\u00fccherei nicht mal offen sein!<\/p>\n\n\n\n<p>Dann sind wir zur Infotheke\ngegangen. Hier kann man immer hin gehen wenn man Fragen hat oder wenn man z.B.\nein Spiel zur\u00fcck geben m\u00f6chte.<\/p>\n\n\n\n<p>Die Frau aus der Bibliothek hat\nnoch ein Spiel mit uns gespielt und ein paar interessante B\u00fccher gezeigt. <\/p>\n\n\n\n<p>Zum Schluss durften wir uns noch\nselbst in der B\u00fccherei umgucken und ein Buch aussuchen. Jeder hat sein Buch mit\nder eigenen nagelneuen B\u00fcchereikarte ausgeliehen. <\/p>\n\n\n\n<p>Wir freuen uns schon auf den n\u00e4chsten Besuch in der B\u00fccherei. &nbsp;&nbsp;&nbsp;&nbsp;&nbsp;&nbsp;&nbsp;&nbsp;&nbsp;&nbsp;&nbsp; <strong>Eure KG 3<\/strong><\/p>\n\n\n\n<figure class=\"wp-block-gallery columns-2 is-cropped wp-block-gallery-1 is-layout-flex wp-block-gallery-is-layout-flex\"><ul class=\"blocks-gallery-grid\"><li class=\"blocks-gallery-item\"><figure><img loading=\"lazy\" decoding=\"async\" width=\"357\" height=\"477\" src=\"https:\/\/wordpress.nibis.de\/sib\/files\/2019\/04\/grafik-2.png\" alt=\"\" data-id=\"858\" data-link=\"https:\/\/wordpress.nibis.de\/sib\/?attachment_id=858\" class=\"wp-image-858\" \/><\/figure><\/li><li class=\"blocks-gallery-item\"><figure><img loading=\"lazy\" decoding=\"async\" width=\"402\" height=\"302\" src=\"https:\/\/wordpress.nibis.de\/sib\/files\/2019\/04\/grafik-1.png\" alt=\"\" data-id=\"857\" data-link=\"https:\/\/wordpress.nibis.de\/sib\/?attachment_id=857\" class=\"wp-image-857\" \/><\/figure><\/li><\/ul><\/figure>\n\n\n\n<p>Hallo,<\/p>\n\n\n\n<p>wir waren bei\nder Berufsfeuerwehr in Hildesheim. Dort haben wir die Feuerwehrautos gesehen. <\/p>\n\n\n\n<p>Es gab einen\nProbealarm. Ein Feuerwehrmann ist dann eine Stange herunter gerutscht. <\/p>\n\n\n\n<p>Und dann gab es tats\u00e4chlich einen echten Alarm. Wir mussten schnell aus der Fahrzeughalle rennen, damit die Feuerwehrleute Platz haben. Aber zum Gl\u00fcck war der Alarm nur f\u00fcr einen Feuerwehr-Krankenwagen\u2026 Wenn ihr die Feuerwehrwache auch mal sehen wollt, k\u00f6nnt ihr euch dort anmelden. <\/p>\n\n\n\n<figure class=\"wp-block-image\"><img loading=\"lazy\" decoding=\"async\" width=\"596\" height=\"425\" src=\"https:\/\/wordpress.nibis.de\/sib\/files\/2019\/04\/grafik.png\" alt=\"\" class=\"wp-image-856\" \/><\/figure>\n","protected":false},"excerpt":{"rendered":"<p>Hallo, wir sind die KG 3. Wir m\u00f6gen gerne B\u00fccher. Deshalb haben wir die Stadtb\u00fccherei besucht. Dort hatten wir uns f\u00fcr eine F\u00fchrung angemeldet. Toll daran war, dass wir eine Stunde lang die B\u00fccherei f\u00fcr uns ganz alleine hatten. So konnten wir uns alles in Ruhe anschauen. Zuerst hat uns die Frau von der Bibliothek &hellip; <a href=\"https:\/\/wordpress.nibis.de\/sib\/archiv\/schuljahr-2018-2019\/kg-3\/\" class=\"more-link\"><span class=\"screen-reader-text\">KG 3 2018\/2019<\/span> weiterlesen <span class=\"meta-nav\">&rarr;<\/span><\/a><\/p>\n","protected":false},"author":9192613,"featured_media":0,"parent":1096,"menu_order":0,"comment_status":"closed","ping_status":"closed","template":"","meta":{"footnotes":""},"class_list":["post-855","page","type-page","status-publish","hentry"],"_links":{"self":[{"href":"https:\/\/wordpress.nibis.de\/sib\/wp-json\/wp\/v2\/pages\/855","targetHints":{"allow":["GET"]}}],"collection":[{"href":"https:\/\/wordpress.nibis.de\/sib\/wp-json\/wp\/v2\/pages"}],"about":[{"href":"https:\/\/wordpress.nibis.de\/sib\/wp-json\/wp\/v2\/types\/page"}],"author":[{"embeddable":true,"href":"https:\/\/wordpress.nibis.de\/sib\/wp-json\/wp\/v2\/users\/9192613"}],"replies":[{"embeddable":true,"href":"https:\/\/wordpress.nibis.de\/sib\/wp-json\/wp\/v2\/comments?post=855"}],"version-history":[{"count":3,"href":"https:\/\/wordpress.nibis.de\/sib\/wp-json\/wp\/v2\/pages\/855\/revisions"}],"predecessor-version":[{"id":1346,"href":"https:\/\/wordpress.nibis.de\/sib\/wp-json\/wp\/v2\/pages\/855\/revisions\/1346"}],"up":[{"embeddable":true,"href":"https:\/\/wordpress.nibis.de\/sib\/wp-json\/wp\/v2\/pages\/1096"}],"wp:attachment":[{"href":"https:\/\/wordpress.nibis.de\/sib\/wp-json\/wp\/v2\/media?parent=855"}],"curies":[{"name":"wp","href":"https:\/\/api.w.org\/{rel}","templated":true}]}}