{"id":1099,"date":"2023-07-18T08:07:08","date_gmt":"2023-07-18T06:07:08","guid":{"rendered":"https:\/\/wordpress.nibis.de\/sltagung\/?page_id=1099"},"modified":"2025-03-27T10:28:59","modified_gmt":"2025-03-27T09:28:59","slug":"gallery-walk","status":"publish","type":"page","link":"https:\/\/wordpress.nibis.de\/sltagung\/gallery-walk\/","title":{"rendered":"ZZZ_Gallery Walk"},"content":{"rendered":"\n<p>Sehr geehrte Damen und Herren,<\/p>\n<p>auf dieser Seite werden Ihnen die Themen der St\u00e4nder der &#8218;Mini-Messe&#8216; des ersten Veranstaltungstages pr\u00e4sentiert.\u00a0<\/p>\n<p>Sie werden im Rahmen einer ausgiebigeren Pause Gelegenheit erhalten, diese Angebote zu entdecken und dar\u00fcber in den Austausch zu kommen.\u00a0<\/p>\n<p>Wir w\u00fcnschen Ihnen viel Vergn\u00fcgen und interessante Anregungen.<\/p>\n<h3><strong>Stand 1: <\/strong><strong>Das NLQ stellt vor: Bildungsportal Niedersachsen und OpenELEC<\/strong><\/h3>\n<p><img loading=\"lazy\" decoding=\"async\" class=\" wp-image-1537 alignleft\" src=\"https:\/\/wordpress.nibis.de\/sltagung\/files\/2023\/08\/bildungsportal-300x261.png\" alt=\"\" width=\"391\" height=\"340\" srcset=\"https:\/\/wordpress.nibis.de\/sltagung\/files\/2023\/08\/bildungsportal-300x261.png 300w, https:\/\/wordpress.nibis.de\/sltagung\/files\/2023\/08\/bildungsportal-768x667.png 768w, https:\/\/wordpress.nibis.de\/sltagung\/files\/2023\/08\/bildungsportal-311x270.png 311w, https:\/\/wordpress.nibis.de\/sltagung\/files\/2023\/08\/bildungsportal.png 848w\" sizes=\"auto, (max-width: 391px) 100vw, 391px\" \/>Das Nieders\u00e4chsische Landesinstitut f\u00fcr schulische Qualit\u00e4tsentwicklung steht f\u00fcr Fragen zu allen Angeboten des NLQ zur Verf\u00fcgung.<\/p>\n<p>Schwerpunktm\u00e4\u00dfig wird ein Blick in das Bildungsportal Niedersachsen sowie in die Lernplattform OpenELEC geworfen.<\/p>\n<p>Die neuen Zielgruppenseiten f\u00fcr Schulleitungen sowie neue Portale im Bildungsportal Niedersachsen wie \u201eGanztagsschule\u201c oder \u201eBildung in der digitalen Welt\u201c werden vorgestellt.<\/p>\n<p>\u00a0<\/p>\n<p><img loading=\"lazy\" decoding=\"async\" class=\" wp-image-1538 alignright\" src=\"https:\/\/wordpress.nibis.de\/sltagung\/files\/2023\/08\/Elec-300x128.png\" alt=\"\" width=\"539\" height=\"230\" srcset=\"https:\/\/wordpress.nibis.de\/sltagung\/files\/2023\/08\/Elec-300x128.png 300w, https:\/\/wordpress.nibis.de\/sltagung\/files\/2023\/08\/Elec-768x328.png 768w, https:\/\/wordpress.nibis.de\/sltagung\/files\/2023\/08\/Elec-604x258.png 604w, https:\/\/wordpress.nibis.de\/sltagung\/files\/2023\/08\/Elec.png 987w\" sizes=\"auto, (max-width: 539px) 100vw, 539px\" \/><\/p>\n<p>In der OpenELEC k\u00f6nnen frei zug\u00e4ngliche Moodle-Kurse zum Beispiel \u201eDigitale Methoden und neue\u00a0Wege in der Beruflichen Orientierung\u201c oder \u201e#LernenMitKI\u201c direkt vor Ort an bereitgestellten ipads erprobt werden.<\/p>\n<h3><strong>Stand 2: <\/strong><strong style=\"font-size: revert;color: initial\">Gemeinsam Schule entwickeln: Das Projekt TrICo<\/strong><\/h3>\n<p>Wie sieht die Schule in der Zukunft aus? Wie k\u00f6nnen Schulen aktuellen Herausforderungen begegnen und innovative Strategien entwickeln? Wie kann Schule zu einem Ort des Wandels werden, an dem Lehrende und Lernende lernen Probleme zu l\u00f6sen?<\/p>\n<p>Diesen und \u00e4hnlichen Fragen wollen sich in den kommenden Jahren <strong>F\u00fchrungskr\u00e4fte aus Schulen<\/strong>, au\u00dferschulischen Bildungseinrichtungen, Wirtschaft, \u00f6ffentlicher Verwaltung und Administration sowie Wissenschaftler*innen der Leuphana widmen, sich austauschen und gemeinsam Wege finden, L\u00f6sungen erarbeiten und ausprobieren. Und zwar gemeinsam in der <strong>Community <\/strong><strong>\u201eSchulentwicklung und Leadership<\/strong><strong>\u201c<\/strong> im Rahmen des Projekts TrICo.<\/p>\n<p>Mit dem Projekt <strong>\u201eTrICo \u2013 Transformation durch Innovation und Kooperation in Communities\u201c <\/strong>verfolgt die Leuphana-Universit\u00e4t L\u00fcneburg das Ziel, vier Communities zu den Themenfeldern \u201eNachhaltige Produktion\u201d, \u201eSchulentwicklung und Leadership\u201c, \u201eSocial Innovation und Entrepreneurship\u201c sowie \u201eKunst und Kultur\u201c aufzubauen. Die Communities sollen dazu beitragen, die anstehenden gro\u00dfen gesellschaftlichen Transformationsprozesse erfolgreich zu bew\u00e4ltigen und das Innovations- und Transfergeschehen in der Metropolregion Hamburg und in Niedersachsen signifikant zu verbessern.<\/p>\n<p>Wir sind mit dem Aufbau der <strong>Community <\/strong><strong>\u201eSchulentwicklung und Leadership\u201c <\/strong>bereits gestartet und freuen uns \u00fcber weitere Mitglieder und Mitstreitende.<\/p>\n<p>Wenn Sie mehr \u00fcber uns wissen wollen, kommen Sie doch zu diesem Stand.<\/p>\n\n\n\n<div class=\"wp-block-image\"><figure class=\"aligncenter size-large is-resized\"><img loading=\"lazy\" decoding=\"async\" src=\"https:\/\/wordpress.nibis.de\/sltagung\/files\/2023\/07\/TrICo_Grafik_FINAL-1024x576.jpg\" alt=\"\" class=\"wp-image-1358\" width=\"560\" height=\"314\" srcset=\"https:\/\/wordpress.nibis.de\/sltagung\/files\/2023\/07\/TrICo_Grafik_FINAL-1024x576.jpg 1024w, https:\/\/wordpress.nibis.de\/sltagung\/files\/2023\/07\/TrICo_Grafik_FINAL-300x169.jpg 300w, https:\/\/wordpress.nibis.de\/sltagung\/files\/2023\/07\/TrICo_Grafik_FINAL-768x432.jpg 768w, https:\/\/wordpress.nibis.de\/sltagung\/files\/2023\/07\/TrICo_Grafik_FINAL-1536x864.jpg 1536w, https:\/\/wordpress.nibis.de\/sltagung\/files\/2023\/07\/TrICo_Grafik_FINAL-2048x1152.jpg 2048w, https:\/\/wordpress.nibis.de\/sltagung\/files\/2023\/07\/TrICo_Grafik_FINAL-480x270.jpg 480w\" sizes=\"auto, (max-width: 560px) 100vw, 560px\" \/><figcaption>Das TriCo Innovations\u00f6kosystem f\u00fcr den Ideen, Wissen- und Technologietransfer<\/figcaption><\/figure><\/div>\n\n\n\n<div class=\"wp-block-image\"><figure class=\"aligncenter size-full is-resized\"><img loading=\"lazy\" decoding=\"async\" src=\"https:\/\/wordpress.nibis.de\/sltagung\/files\/2023\/07\/Sponsorenlogos.png\" alt=\"\" class=\"wp-image-1363\" width=\"271\" height=\"48\" srcset=\"https:\/\/wordpress.nibis.de\/sltagung\/files\/2023\/07\/Sponsorenlogos.png 750w, https:\/\/wordpress.nibis.de\/sltagung\/files\/2023\/07\/Sponsorenlogos-300x53.png 300w, https:\/\/wordpress.nibis.de\/sltagung\/files\/2023\/07\/Sponsorenlogos-604x106.png 604w\" sizes=\"auto, (max-width: 271px) 100vw, 271px\" \/><\/figure><\/div>\n\n\n\n<h5><strong>Folgende Projektmitglieder von TrICo &#8211; Schulentwicklung &amp; Leadership, Leuphana Universit\u00e4t L\u00fcneburg hei\u00dfen Sie willkommen: <\/strong><strong>J\u00fcrgen Frentz, Lisa Hofmann, Prof. Dr. Marc Kleinknecht, Sia Marsch, Prof. Dr. Marcus Pietsch, Hariet Schellig<\/strong><\/h5>\n<h3><strong>Stand 3: SPLINT-Software, Friedo Scharf von Inklusion-Digital GmbH<\/strong><\/h3>\n<p>Das Nieders\u00e4chsische Kultusministerium, die Regionalen Landes\u00e4mter f\u00fcr Schule und Bildung sowie das Nieders\u00e4chsische Landesamt f\u00fcr schulische Qualit\u00e4tsentwicklung haben das Angebot an digitalen Anwendungen ausgebaut. Diese 11 neuen Digital-Tools aus &#8218;STARTKLAR in die Zukunft&#8216; stehen den Nieders\u00e4chsischen Schulen aktuell kostenfrei zur Verf\u00fcgung.<\/p>\n<p>Die Software &#8218;SPLINT&#8216; geh\u00f6rt zu diesen Angeboten und ist f\u00fcr den Einsatz in der F\u00f6rderdiagnostik,- planung in der inklusiven Schule entwickelt worden.\u00a0<\/p>\n<p>Friedo Scharf hat diese Software entwickelt, stellt diese gerne vor und beantwortet Fragen. <img loading=\"lazy\" decoding=\"async\" class=\"wp-image-1348 aligncenter\" src=\"https:\/\/wordpress.nibis.de\/sltagung\/files\/2023\/07\/Splint-1-300x140.png\" alt=\"\" width=\"546\" height=\"255\" srcset=\"https:\/\/wordpress.nibis.de\/sltagung\/files\/2023\/07\/Splint-1-300x140.png 300w, https:\/\/wordpress.nibis.de\/sltagung\/files\/2023\/07\/Splint-1.png 401w\" sizes=\"auto, (max-width: 546px) 100vw, 546px\" \/><\/p>\n<h3><strong>Stand 4: Podcast, Svenja H\u00f6xbroe und Felix Roscher, Leibniz School of Education\u00a0<\/strong><\/h3>\n<p>D<img loading=\"lazy\" decoding=\"async\" class=\" wp-image-1415 alignleft\" src=\"https:\/\/wordpress.nibis.de\/sltagung\/files\/2023\/08\/Uniplus-Podcast-Logo_ueberarbeitet-1-300x300.jpg\" alt=\"\" width=\"367\" height=\"367\" srcset=\"https:\/\/wordpress.nibis.de\/sltagung\/files\/2023\/08\/Uniplus-Podcast-Logo_ueberarbeitet-1-300x300.jpg 300w, https:\/\/wordpress.nibis.de\/sltagung\/files\/2023\/08\/Uniplus-Podcast-Logo_ueberarbeitet-1-1024x1024.jpg 1024w, https:\/\/wordpress.nibis.de\/sltagung\/files\/2023\/08\/Uniplus-Podcast-Logo_ueberarbeitet-1-150x150.jpg 150w, https:\/\/wordpress.nibis.de\/sltagung\/files\/2023\/08\/Uniplus-Podcast-Logo_ueberarbeitet-1-768x768.jpg 768w, https:\/\/wordpress.nibis.de\/sltagung\/files\/2023\/08\/Uniplus-Podcast-Logo_ueberarbeitet-1-1536x1536.jpg 1536w, https:\/\/wordpress.nibis.de\/sltagung\/files\/2023\/08\/Uniplus-Podcast-Logo_ueberarbeitet-1-2048x2048.jpg 2048w, https:\/\/wordpress.nibis.de\/sltagung\/files\/2023\/08\/Uniplus-Podcast-Logo_ueberarbeitet-1-270x270.jpg 270w\" sizes=\"auto, (max-width: 367px) 100vw, 367px\" \/>as Kompetenzzentrum Hannover (uniplus) wird den uniplus-Podcast \u201eFortbildung macht Schule\u201c pr\u00e4sentieren. Unser Podcast-Team stellt in jeder Folge aktuelle Themen und Partner*innen aus der\u00a0Lebenswelt von Lehrkr\u00e4ften, Sch\u00fclerinnen und Sch\u00fclern und allen an Schule beteiligten Personen vor \u2013 und manchmal wird dabei der Podcast selbst zur Fortbildung. Bisher sind 16 Folgen ver\u00f6ffentlicht zu Themen wie DaZ, Trauma, Mobbingpr\u00e4vention und -intervention; nicht zu vergessen die Sonderserie \u201ePolizei macht Schule\u201c, in der das Pr\u00e4ventionsteam der Polizeiinspektion Hannover aufkl\u00e4rt und auch Handlungsempfehlungen gibt.<\/p>\n","protected":false},"excerpt":{"rendered":"<p>Sehr geehrte Damen und Herren, auf dieser Seite werden Ihnen die Themen der St\u00e4nder der &#8218;Mini-Messe&#8216; des ersten Veranstaltungstages pr\u00e4sentiert.\u00a0 Sie werden im Rahmen einer ausgiebigeren Pause Gelegenheit erhalten, diese Angebote zu entdecken und dar\u00fcber in den Austausch zu kommen.\u00a0 Wir w\u00fcnschen Ihnen viel Vergn\u00fcgen und interessante Anregungen. Stand 1: Das NLQ stellt vor: Bildungsportal Niedersachsen und OpenELEC Das Nieders\u00e4chsische Landesinstitut f\u00fcr schulische Qualit\u00e4tsentwicklung steht f\u00fcr Fragen zu allen Angeboten des NLQ zur Verf\u00fcgung. Schwerpunktm\u00e4\u00dfig wird ein Blick in das&#8230;<\/p>\n<p class=\"read-more\"><a class=\"btn btn-default\" href=\"https:\/\/wordpress.nibis.de\/sltagung\/gallery-walk\/\">Weiterlesen<span class=\"screen-reader-text\"> Weiterlesen<\/span><\/a><\/p>\n","protected":false},"author":9193395,"featured_media":0,"parent":0,"menu_order":0,"comment_status":"closed","ping_status":"closed","template":"","meta":{"footnotes":""},"class_list":["post-1099","page","type-page","status-publish","hentry"],"_links":{"self":[{"href":"https:\/\/wordpress.nibis.de\/sltagung\/wp-json\/wp\/v2\/pages\/1099","targetHints":{"allow":["GET"]}}],"collection":[{"href":"https:\/\/wordpress.nibis.de\/sltagung\/wp-json\/wp\/v2\/pages"}],"about":[{"href":"https:\/\/wordpress.nibis.de\/sltagung\/wp-json\/wp\/v2\/types\/page"}],"author":[{"embeddable":true,"href":"https:\/\/wordpress.nibis.de\/sltagung\/wp-json\/wp\/v2\/users\/9193395"}],"replies":[{"embeddable":true,"href":"https:\/\/wordpress.nibis.de\/sltagung\/wp-json\/wp\/v2\/comments?post=1099"}],"version-history":[{"count":31,"href":"https:\/\/wordpress.nibis.de\/sltagung\/wp-json\/wp\/v2\/pages\/1099\/revisions"}],"predecessor-version":[{"id":1968,"href":"https:\/\/wordpress.nibis.de\/sltagung\/wp-json\/wp\/v2\/pages\/1099\/revisions\/1968"}],"wp:attachment":[{"href":"https:\/\/wordpress.nibis.de\/sltagung\/wp-json\/wp\/v2\/media?parent=1099"}],"curies":[{"name":"wp","href":"https:\/\/api.w.org\/{rel}","templated":true}]}}

<p>Sehr geehrte Damen und Herren,</p>
<p>auf dieser Seite werden Ihnen die Themen der Ständer der &#8218;Mini-Messe&#8216; des ersten Veranstaltungstages präsentiert. </p>
<p>Sie werden im Rahmen einer ausgiebigeren Pause Gelegenheit erhalten, diese Angebote zu entdecken und darüber in den Austausch zu kommen. </p>
<p>Wir wünschen Ihnen viel Vergnügen und interessante Anregungen.</p>
<h3><strong>Stand 1: </strong><strong>Das NLQ stellt vor: Bildungsportal Niedersachsen und OpenELEC</strong></h3>
<p><img loading="lazy" decoding="async" class=" wp-image-1537 alignleft" src="https://wordpress.nibis.de/sltagung/files/2023/08/bildungsportal-300x261.png" alt="" width="391" height="340" srcset="https://wordpress.nibis.de/sltagung/files/2023/08/bildungsportal-300x261.png 300w, https://wordpress.nibis.de/sltagung/files/2023/08/bildungsportal-768x667.png 768w, https://wordpress.nibis.de/sltagung/files/2023/08/bildungsportal-311x270.png 311w, https://wordpress.nibis.de/sltagung/files/2023/08/bildungsportal.png 848w" sizes="auto, (max-width: 391px) 100vw, 391px" />Das Niedersächsische Landesinstitut für schulische Qualitätsentwicklung steht für Fragen zu allen Angeboten des NLQ zur Verfügung.</p>
<p>Schwerpunktmäßig wird ein Blick in das Bildungsportal Niedersachsen sowie in die Lernplattform OpenELEC geworfen.</p>
<p>Die neuen Zielgruppenseiten für Schulleitungen sowie neue Portale im Bildungsportal Niedersachsen wie „Ganztagsschule“ oder „Bildung in der digitalen Welt“ werden vorgestellt.</p>
<p> </p>
<p><img loading="lazy" decoding="async" class=" wp-image-1538 alignright" src="https://wordpress.nibis.de/sltagung/files/2023/08/Elec-300x128.png" alt="" width="539" height="230" srcset="https://wordpress.nibis.de/sltagung/files/2023/08/Elec-300x128.png 300w, https://wordpress.nibis.de/sltagung/files/2023/08/Elec-768x328.png 768w, https://wordpress.nibis.de/sltagung/files/2023/08/Elec-604x258.png 604w, https://wordpress.nibis.de/sltagung/files/2023/08/Elec.png 987w" sizes="auto, (max-width: 539px) 100vw, 539px" /></p>
<p>In der OpenELEC können frei zugängliche Moodle-Kurse zum Beispiel „Digitale Methoden und neue Wege in der Beruflichen Orientierung“ oder „#LernenMitKI“ direkt vor Ort an bereitgestellten ipads erprobt werden.</p>
<h3><strong>Stand 2: </strong><strong style="font-size: revert;color: initial">Gemeinsam Schule entwickeln: Das Projekt TrICo</strong></h3>
<p>Wie sieht die Schule in der Zukunft aus? Wie können Schulen aktuellen Herausforderungen begegnen und innovative Strategien entwickeln? Wie kann Schule zu einem Ort des Wandels werden, an dem Lehrende und Lernende lernen Probleme zu lösen?</p>
<p>Diesen und ähnlichen Fragen wollen sich in den kommenden Jahren <strong>Führungskräfte aus Schulen</strong>, außerschulischen Bildungseinrichtungen, Wirtschaft, öffentlicher Verwaltung und Administration sowie Wissenschaftler*innen der Leuphana widmen, sich austauschen und gemeinsam Wege finden, Lösungen erarbeiten und ausprobieren. Und zwar gemeinsam in der <strong>Community </strong><strong>„Schulentwicklung und Leadership</strong><strong>“</strong> im Rahmen des Projekts TrICo.</p>
<p>Mit dem Projekt <strong>„TrICo – Transformation durch Innovation und Kooperation in Communities“ </strong>verfolgt die Leuphana-Universität Lüneburg das Ziel, vier Communities zu den Themenfeldern „Nachhaltige Produktion”, „Schulentwicklung und Leadership“, „Social Innovation und Entrepreneurship“ sowie „Kunst und Kultur“ aufzubauen. Die Communities sollen dazu beitragen, die anstehenden großen gesellschaftlichen Transformationsprozesse erfolgreich zu bewältigen und das Innovations- und Transfergeschehen in der Metropolregion Hamburg und in Niedersachsen signifikant zu verbessern.</p>
<p>Wir sind mit dem Aufbau der <strong>Community </strong><strong>„Schulentwicklung und Leadership“ </strong>bereits gestartet und freuen uns über weitere Mitglieder und Mitstreitende.</p>
<p>Wenn Sie mehr über uns wissen wollen, kommen Sie doch zu diesem Stand.</p>



<div class="wp-block-image"><figure class="aligncenter size-large is-resized"><img loading="lazy" decoding="async" src="https://wordpress.nibis.de/sltagung/files/2023/07/TrICo_Grafik_FINAL-1024x576.jpg" alt="" class="wp-image-1358" width="560" height="314" srcset="https://wordpress.nibis.de/sltagung/files/2023/07/TrICo_Grafik_FINAL-1024x576.jpg 1024w, https://wordpress.nibis.de/sltagung/files/2023/07/TrICo_Grafik_FINAL-300x169.jpg 300w, https://wordpress.nibis.de/sltagung/files/2023/07/TrICo_Grafik_FINAL-768x432.jpg 768w, https://wordpress.nibis.de/sltagung/files/2023/07/TrICo_Grafik_FINAL-1536x864.jpg 1536w, https://wordpress.nibis.de/sltagung/files/2023/07/TrICo_Grafik_FINAL-2048x1152.jpg 2048w, https://wordpress.nibis.de/sltagung/files/2023/07/TrICo_Grafik_FINAL-480x270.jpg 480w" sizes="auto, (max-width: 560px) 100vw, 560px" /><figcaption>Das TriCo Innovationsökosystem für den Ideen, Wissen- und Technologietransfer</figcaption></figure></div>



<div class="wp-block-image"><figure class="aligncenter size-full is-resized"><img loading="lazy" decoding="async" src="https://wordpress.nibis.de/sltagung/files/2023/07/Sponsorenlogos.png" alt="" class="wp-image-1363" width="271" height="48" srcset="https://wordpress.nibis.de/sltagung/files/2023/07/Sponsorenlogos.png 750w, https://wordpress.nibis.de/sltagung/files/2023/07/Sponsorenlogos-300x53.png 300w, https://wordpress.nibis.de/sltagung/files/2023/07/Sponsorenlogos-604x106.png 604w" sizes="auto, (max-width: 271px) 100vw, 271px" /></figure></div>



<h5><strong>Folgende Projektmitglieder von TrICo &#8211; Schulentwicklung &amp; Leadership, Leuphana Universität Lüneburg heißen Sie willkommen: </strong><strong>Jürgen Frentz, Lisa Hofmann, Prof. Dr. Marc Kleinknecht, Sia Marsch, Prof. Dr. Marcus Pietsch, Hariet Schellig</strong></h5>
<h3><strong>Stand 3: SPLINT-Software, Friedo Scharf von Inklusion-Digital GmbH</strong></h3>
<p>Das Niedersächsische Kultusministerium, die Regionalen Landesämter für Schule und Bildung sowie das Niedersächsische Landesamt für schulische Qualitätsentwicklung haben das Angebot an digitalen Anwendungen ausgebaut. Diese 11 neuen Digital-Tools aus &#8218;STARTKLAR in die Zukunft&#8216; stehen den Niedersächsischen Schulen aktuell kostenfrei zur Verfügung.</p>
<p>Die Software &#8218;SPLINT&#8216; gehört zu diesen Angeboten und ist für den Einsatz in der Förderdiagnostik,- planung in der inklusiven Schule entwickelt worden. </p>
<p>Friedo Scharf hat diese Software entwickelt, stellt diese gerne vor und beantwortet Fragen. <img loading="lazy" decoding="async" class="wp-image-1348 aligncenter" src="https://wordpress.nibis.de/sltagung/files/2023/07/Splint-1-300x140.png" alt="" width="546" height="255" srcset="https://wordpress.nibis.de/sltagung/files/2023/07/Splint-1-300x140.png 300w, https://wordpress.nibis.de/sltagung/files/2023/07/Splint-1.png 401w" sizes="auto, (max-width: 546px) 100vw, 546px" /></p>
<h3><strong>Stand 4: Podcast, Svenja Höxbroe und Felix Roscher, Leibniz School of Education </strong></h3>
<p>D<img loading="lazy" decoding="async" class=" wp-image-1415 alignleft" src="https://wordpress.nibis.de/sltagung/files/2023/08/Uniplus-Podcast-Logo_ueberarbeitet-1-300x300.jpg" alt="" width="367" height="367" srcset="https://wordpress.nibis.de/sltagung/files/2023/08/Uniplus-Podcast-Logo_ueberarbeitet-1-300x300.jpg 300w, https://wordpress.nibis.de/sltagung/files/2023/08/Uniplus-Podcast-Logo_ueberarbeitet-1-1024x1024.jpg 1024w, https://wordpress.nibis.de/sltagung/files/2023/08/Uniplus-Podcast-Logo_ueberarbeitet-1-150x150.jpg 150w, https://wordpress.nibis.de/sltagung/files/2023/08/Uniplus-Podcast-Logo_ueberarbeitet-1-768x768.jpg 768w, https://wordpress.nibis.de/sltagung/files/2023/08/Uniplus-Podcast-Logo_ueberarbeitet-1-1536x1536.jpg 1536w, https://wordpress.nibis.de/sltagung/files/2023/08/Uniplus-Podcast-Logo_ueberarbeitet-1-2048x2048.jpg 2048w, https://wordpress.nibis.de/sltagung/files/2023/08/Uniplus-Podcast-Logo_ueberarbeitet-1-270x270.jpg 270w" sizes="auto, (max-width: 367px) 100vw, 367px" />as Kompetenzzentrum Hannover (uniplus) wird den uniplus-Podcast „Fortbildung macht Schule“ präsentieren. Unser Podcast-Team stellt in jeder Folge aktuelle Themen und Partner*innen aus der Lebenswelt von Lehrkräften, Schülerinnen und Schülern und allen an Schule beteiligten Personen vor – und manchmal wird dabei der Podcast selbst zur Fortbildung. Bisher sind 16 Folgen veröffentlicht zu Themen wie DaZ, Trauma, Mobbingprävention und -intervention; nicht zu vergessen die Sonderserie „Polizei macht Schule“, in der das Präventionsteam der Polizeiinspektion Hannover aufklärt und auch Handlungsempfehlungen gibt.</p>

<p>Sehr geehrte Damen und Herren, auf dieser Seite werden Ihnen die Themen der Ständer der &#8218;Mini-Messe&#8216; des ersten Veranstaltungstages präsentiert.  Sie werden im Rahmen einer ausgiebigeren Pause Gelegenheit erhalten, diese Angebote zu entdecken und darüber in den Austausch zu kommen.  Wir wünschen Ihnen viel Vergnügen und interessante Anregungen. Stand 1: Das NLQ stellt vor: Bildungsportal Niedersachsen und OpenELEC Das Niedersächsische Landesinstitut für schulische Qualitätsentwicklung steht für Fragen zu allen Angeboten des NLQ zur Verfügung. Schwerpunktmäßig wird ein Blick in das&#8230;</p>
<p class="read-more"><a class="btn btn-default" href="https://wordpress.nibis.de/sltagung/gallery-walk/">Weiterlesen<span class="screen-reader-text"> Weiterlesen</span></a></p>
