{"id":1735,"date":"2024-09-03T12:02:19","date_gmt":"2024-09-03T10:02:19","guid":{"rendered":"https:\/\/wordpress.nibis.de\/sltagung\/?page_id=1735"},"modified":"2025-06-10T12:16:37","modified_gmt":"2025-06-10T10:16:37","slug":"praxis-mit-digitalisierung-und-ki-fuer-schulleitung-und-verwaltung","status":"publish","type":"page","link":"https:\/\/wordpress.nibis.de\/sltagung\/praxis-mit-digitalisierung-und-ki-fuer-schulleitung-und-verwaltung\/","title":{"rendered":"Praxis mit Digitalisierung und KI f\u00fcr Schulleitung und Verwaltung"},"content":{"rendered":"\n<p>Die Veranstaltung \u201ePraxis mit Digitalisierung und KI f\u00fcr Schulleitung und Verwaltung \u2013 Smarte Schulverwaltung (NEO)\u201c richtet sich an Schulleitungen, stellvertretende Schulleitungen und didaktische Leitungen, die ihre Verwaltungsprozesse effizienter gestalten m\u00f6chten.<\/p>\n<p>Carsten Huge, Schulleiter an der Oberschule Gehrden, wird Sie durch den Nachmittag f\u00fchren. Mit seiner langj\u00e4hrigen Erfahrung in der Schulleitung und seiner Expertise im Bereich \u201eLehren und Lernen digital\u201c bietet er wertvolle Einblicke und praktische Tipps.<\/p>\n<p>Die Veranstaltung beginnt mit der Vorstellung der Plattform Smarte Schulverwaltung Niedersachsen SSVN-NEO. Carsten Huge zeigt, wie diese innovative Plattform entwickelt wurde, um die Verwaltung in Schulen zu optimieren. Anschlie\u00dfend werden konkrete Praxisbeispiele pr\u00e4sentiert, die verdeutlichen, wie SSVN-NEO genutzt werden kann, um Effizienzsteigerungen in der t\u00e4glichen Verwaltungsarbeit zu erzielen.<\/p>\n<p>Ein zentraler Bestandteil der Veranstaltung ist der Erfahrungsaustausch. Diskutieren Sie mit Ihren Kolleginnen und Kollegen \u00fcber Herausforderungen und L\u00f6sungsans\u00e4tze im Umgang mit Digitalisierung und KI in der Schulverwaltung. Dieser Austausch bietet die M\u00f6glichkeit, von den Erfahrungen anderer zu profitieren und gemeinsam L\u00f6sungen zu entwickeln.<\/p>\n<p>Dar\u00fcber hinaus wird die Integration von Digitalisierung und KI in den Verwaltungsalltag thematisiert. Carsten Huge f\u00fchrt eine Diskussion dar\u00fcber, wie diese Technologien nachhaltig eingebunden werden k\u00f6nnen und welche Anpassungen daf\u00fcr notwendig sind.<\/p>\n<p>Abschlie\u00dfend entwickeln die Teilnehmenden gemeinsam einen Aktionsplan, der konkrete Schritte zur Implementierung der erlernten Konzepte und Technologien in der eigenen Schule aufzeigt. Dieser Plan dient als praktische Anleitung, um die n\u00e4chsten Schritte direkt umsetzen zu k\u00f6nnen.\u00a0<\/p>\n<p>Nutzen Sie diese Gelegenheit, um die Digitalisierung Ihrer Schulverwaltung voranzutreiben und sich mit Gleichgesinnten auszutauschen. Melden Sie sich jetzt an und gestalten Sie die Zukunft der Schulverwaltung aktiv mit!<\/p>\n<p><i>Hinweise: F\u00fcr die Teilnahme an der Veranstaltung entstehen Ihnen keine Kosten. Der Impulsvortrag von Carsten Huge wird zu Dokumentationszwecken videografiert.<\/i><\/p>\n","protected":false},"excerpt":{"rendered":"<p>Die Veranstaltung \u201ePraxis mit Digitalisierung und KI f\u00fcr Schulleitung und Verwaltung \u2013 Smarte Schulverwaltung (NEO)\u201c richtet sich an Schulleitungen, stellvertretende Schulleitungen und didaktische Leitungen, die ihre Verwaltungsprozesse effizienter gestalten m\u00f6chten. Carsten Huge, Schulleiter an der Oberschule Gehrden, wird Sie durch den Nachmittag f\u00fchren. Mit seiner langj\u00e4hrigen Erfahrung in der Schulleitung und seiner Expertise im Bereich \u201eLehren und Lernen digital\u201c bietet er wertvolle Einblicke und praktische Tipps. Die Veranstaltung beginnt mit der Vorstellung der Plattform Smarte Schulverwaltung Niedersachsen SSVN-NEO. Carsten Huge&#8230;<\/p>\n<p class=\"read-more\"><a class=\"btn btn-default\" href=\"https:\/\/wordpress.nibis.de\/sltagung\/praxis-mit-digitalisierung-und-ki-fuer-schulleitung-und-verwaltung\/\">Weiterlesen<span class=\"screen-reader-text\"> Weiterlesen<\/span><\/a><\/p>\n","protected":false},"author":9193395,"featured_media":0,"parent":0,"menu_order":0,"comment_status":"closed","ping_status":"closed","template":"","meta":{"footnotes":""},"class_list":["post-1735","page","type-page","status-publish","hentry"],"_links":{"self":[{"href":"https:\/\/wordpress.nibis.de\/sltagung\/wp-json\/wp\/v2\/pages\/1735","targetHints":{"allow":["GET"]}}],"collection":[{"href":"https:\/\/wordpress.nibis.de\/sltagung\/wp-json\/wp\/v2\/pages"}],"about":[{"href":"https:\/\/wordpress.nibis.de\/sltagung\/wp-json\/wp\/v2\/types\/page"}],"author":[{"embeddable":true,"href":"https:\/\/wordpress.nibis.de\/sltagung\/wp-json\/wp\/v2\/users\/9193395"}],"replies":[{"embeddable":true,"href":"https:\/\/wordpress.nibis.de\/sltagung\/wp-json\/wp\/v2\/comments?post=1735"}],"version-history":[{"count":5,"href":"https:\/\/wordpress.nibis.de\/sltagung\/wp-json\/wp\/v2\/pages\/1735\/revisions"}],"predecessor-version":[{"id":2228,"href":"https:\/\/wordpress.nibis.de\/sltagung\/wp-json\/wp\/v2\/pages\/1735\/revisions\/2228"}],"wp:attachment":[{"href":"https:\/\/wordpress.nibis.de\/sltagung\/wp-json\/wp\/v2\/media?parent=1735"}],"curies":[{"name":"wp","href":"https:\/\/api.w.org\/{rel}","templated":true}]}}