{"id":1839,"date":"2025-02-27T11:34:56","date_gmt":"2025-02-27T10:34:56","guid":{"rendered":"https:\/\/wordpress.nibis.de\/sltagung\/?page_id=1839"},"modified":"2025-04-24T15:13:37","modified_gmt":"2025-04-24T13:13:37","slug":"niedersaechsische-schulleitungstagung-2025","status":"publish","type":"page","link":"https:\/\/wordpress.nibis.de\/sltagung\/niedersaechsische-schulleitungstagung-2025\/","title":{"rendered":"Nieders\u00e4chsische Schulleitungstagung 2025"},"content":{"rendered":"\n<hr class=\"wp-block-separator\" \/>\n\n\n\n<h2 class=\"has-text-align-center wp-block-heading\"><strong>Wie st\u00e4rken wir unsere Demokratie? <\/strong><\/h2>\n\n\n\n<h2 class=\"has-text-align-center wp-block-heading\"><strong>Schule zwischen digitaler Eruption und gesellschaftlicher Spaltung \u2013 Fakten, Impulse, Praxis<\/strong><br><br><strong>Termin:<\/strong> 28. und 29. August 2025<br><strong>Ort:<\/strong> Hotel Park Soltau<\/h2>\n\n\n\n<hr class=\"wp-block-separator\" \/>\n\n\n\n<p>Die Nieders\u00e4chsische Schulleitungstagung bringt Schulleitungen aus ganz Niedersachsen zusammen, um sich gemeinsam mit Expertinnen und Experten aus Wissenschaft und Praxis mit den zentralen Herausforderungen unserer Zeit auseinanderzusetzen. Im Mittelpunkt stehen:<\/p>\n<ul>\n<li>Demokratiebildung in Schule und Gesellschaft<\/li>\n<li>Digitale Transformation und deren Auswirkungen auf Meinungsbildung<\/li>\n<li>Umgang mit gesellschaftlicher Spaltung und Polarisierung<\/li>\n<\/ul>\n<p>Freuen Sie sich auf fundierte Fachimpulse, lebendige Diskussionen, praxisnahe Workshops und intensiven kollegialen Austausch.<\/p>\n<p><strong>Hinweis zur Workshop-Auswahl<\/strong><\/p>\n<p>F\u00fcr die beiden Workshop-Phasen am <strong>28. August<\/strong> bitten wir Sie, <strong>bereits bei der Anmeldung zwei Workshop-Angebote<\/strong>\u00a0auszuw\u00e4hlen.<br \/>Eine \u00dcbersicht der Workshops finden Sie auf dieser Website unter dem Men\u00fcpunkt<\/p>\n<p style=\"text-align: center\"><a href=\"https:\/\/schulleitungstagung.nibis.de\/programm-der-tagung-2025\/\"><strong>\u201eProgramm\u201c<\/strong><\/a>.<\/p>\n<p><br \/>Die Auswahl ist Teil des Anmeldeprozesses und <strong>verbindlich<\/strong>.<\/p>\n<p><strong>Teilnahmebeitrag &amp; Abrechnung<\/strong><\/p>\n<p>F\u00fcr die Teilnahme wird ein Kostenbeitrag in H\u00f6he von <strong>120,- \u20ac<\/strong> erhoben. Dies beinhaltet die Tagungspauschale, inklusive Verpflegung (<strong>excl. \u00dcbernachtungskosten<\/strong>).<br \/>Die Abrechnung erfolgt <strong>nach der Veranstaltung \u00fcber eine Rechnung des NLQ<\/strong>.<\/p>\n<p><strong>\u00dcbernachtung<\/strong><\/p>\n<p>Bitte geben Sie Ihre <strong>\u00dcbernachtungsw\u00fcnsche im Rahmen der Anmeldung<\/strong> an.<br \/>Die <strong>meisten Zimmer stehen im Hotel Park Soltau<\/strong> zur Verf\u00fcgung. Sollte das Zimmerkontingent dort ersch\u00f6pft sein, werden automatisch Zimmer im <strong>Soltauer Hof<\/strong> reserviert.<br \/>Bei Angabe eines \u00dcbernachtungswunsches werden zur Rechnungsabwicklung Ihre Rechnungsdaten an den Hotel Park Soltau weitergeleitet.<\/p>\n<p>Die \u00dcbernachtungskosten werden vom <b>Tagungshaus <\/b>direkt erhoben und variieren:<\/p>\n<table style=\"width: 100%;height: 216px\" width=\"528\">\n<thead>\n<tr style=\"height: 72px\">\n<td style=\"height: 72px\">\n<p><strong>Leistung<\/strong><\/p>\n<\/td>\n<td style=\"height: 72px\">\n<p><strong>Preis<\/strong><\/p>\n<\/td>\n<\/tr>\n<\/thead>\n<tbody>\n<tr style=\"height: 72px\">\n<td style=\"height: 72px\">\n<p><strong>\u00dcbernachtung im Hotel Park Soltau<\/strong><\/p>\n<\/td>\n<td style=\"height: 72px\">\n<p>85,40\u202f\u20ac EZ<\/p>\n<\/td>\n<\/tr>\n<tr style=\"height: 72px\">\n<td style=\"height: 72px\">\n<p><strong>\u00dcbernachtung im Soltauer Hof<\/strong><\/p>\n<\/td>\n<td style=\"height: 72px\">\n<p>73,50\u202f\u20ac EZ<\/p>\n<\/td>\n<\/tr>\n<\/tbody>\n<\/table>\n\n\n\n<p>\u00a0<\/p>\n<p><strong>Anmeldung<\/strong><\/p>\n<p style=\"text-align: center\"><strong><a href=\"https:\/\/nlc.info\/app\/edb\/event\/42683\">Hier geht es zur Anmeldung.<\/a><\/strong><\/p>\n<p>\u00a0<\/p>\n<p>Wir freuen uns sehr, Sie im August 2025 zur Schulleitungstagung begr\u00fc\u00dfen zu d\u00fcrfen!<\/p>\n<p>\u00a0<\/p>\n<p>Ihr NLQ-Team<\/p>\n","protected":false},"excerpt":{"rendered":"<p>Wie st\u00e4rken wir unsere Demokratie? Schule zwischen digitaler Eruption und gesellschaftlicher Spaltung \u2013 Fakten, Impulse, Praxis Termin: 28. und 29. August 2025Ort: Hotel Park Soltau Die Nieders\u00e4chsische Schulleitungstagung bringt Schulleitungen aus ganz Niedersachsen zusammen, um sich gemeinsam mit Expertinnen und Experten aus Wissenschaft und Praxis mit den zentralen Herausforderungen unserer Zeit auseinanderzusetzen. Im Mittelpunkt stehen: Demokratiebildung in Schule und Gesellschaft Digitale Transformation und deren Auswirkungen auf Meinungsbildung Umgang mit gesellschaftlicher Spaltung und Polarisierung Freuen Sie sich auf fundierte Fachimpulse, lebendige&#8230;<\/p>\n<p class=\"read-more\"><a class=\"btn btn-default\" href=\"https:\/\/wordpress.nibis.de\/sltagung\/niedersaechsische-schulleitungstagung-2025\/\">Weiterlesen<span class=\"screen-reader-text\"> Weiterlesen<\/span><\/a><\/p>\n","protected":false},"author":9193395,"featured_media":0,"parent":0,"menu_order":0,"comment_status":"closed","ping_status":"closed","template":"","meta":{"footnotes":""},"class_list":["post-1839","page","type-page","status-publish","hentry"],"_links":{"self":[{"href":"https:\/\/wordpress.nibis.de\/sltagung\/wp-json\/wp\/v2\/pages\/1839","targetHints":{"allow":["GET"]}}],"collection":[{"href":"https:\/\/wordpress.nibis.de\/sltagung\/wp-json\/wp\/v2\/pages"}],"about":[{"href":"https:\/\/wordpress.nibis.de\/sltagung\/wp-json\/wp\/v2\/types\/page"}],"author":[{"embeddable":true,"href":"https:\/\/wordpress.nibis.de\/sltagung\/wp-json\/wp\/v2\/users\/9193395"}],"replies":[{"embeddable":true,"href":"https:\/\/wordpress.nibis.de\/sltagung\/wp-json\/wp\/v2\/comments?post=1839"}],"version-history":[{"count":37,"href":"https:\/\/wordpress.nibis.de\/sltagung\/wp-json\/wp\/v2\/pages\/1839\/revisions"}],"predecessor-version":[{"id":2211,"href":"https:\/\/wordpress.nibis.de\/sltagung\/wp-json\/wp\/v2\/pages\/1839\/revisions\/2211"}],"wp:attachment":[{"href":"https:\/\/wordpress.nibis.de\/sltagung\/wp-json\/wp\/v2\/media?parent=1839"}],"curies":[{"name":"wp","href":"https:\/\/api.w.org\/{rel}","templated":true}]}}

Niedersächsische Schulleitungstagung 2025

<hr class="wp-block-separator" />



<h2 class="has-text-align-center wp-block-heading"><strong>Wie stärken wir unsere Demokratie? </strong></h2>



<h2 class="has-text-align-center wp-block-heading"><strong>Schule zwischen digitaler Eruption und gesellschaftlicher Spaltung – Fakten, Impulse, Praxis</strong><br><br><strong>Termin:</strong> 28. und 29. August 2025<br><strong>Ort:</strong> Hotel Park Soltau</h2>



<hr class="wp-block-separator" />



<p>Die Niedersächsische Schulleitungstagung bringt Schulleitungen aus ganz Niedersachsen zusammen, um sich gemeinsam mit Expertinnen und Experten aus Wissenschaft und Praxis mit den zentralen Herausforderungen unserer Zeit auseinanderzusetzen. Im Mittelpunkt stehen:</p>
<ul>
<li>Demokratiebildung in Schule und Gesellschaft</li>
<li>Digitale Transformation und deren Auswirkungen auf Meinungsbildung</li>
<li>Umgang mit gesellschaftlicher Spaltung und Polarisierung</li>
</ul>
<p>Freuen Sie sich auf fundierte Fachimpulse, lebendige Diskussionen, praxisnahe Workshops und intensiven kollegialen Austausch.</p>
<p><strong>Hinweis zur Workshop-Auswahl</strong></p>
<p>Für die beiden Workshop-Phasen am <strong>28. August</strong> bitten wir Sie, <strong>bereits bei der Anmeldung zwei Workshop-Angebote</strong> auszuwählen.<br />Eine Übersicht der Workshops finden Sie auf dieser Website unter dem Menüpunkt</p>
<p style="text-align: center"><a href="https://schulleitungstagung.nibis.de/programm-der-tagung-2025/"><strong>„Programm“</strong></a>.</p>
<p><br />Die Auswahl ist Teil des Anmeldeprozesses und <strong>verbindlich</strong>.</p>
<p><strong>Teilnahmebeitrag &amp; Abrechnung</strong></p>
<p>Für die Teilnahme wird ein Kostenbeitrag in Höhe von <strong>120,- €</strong> erhoben. Dies beinhaltet die Tagungspauschale, inklusive Verpflegung (<strong>excl. Übernachtungskosten</strong>).<br />Die Abrechnung erfolgt <strong>nach der Veranstaltung über eine Rechnung des NLQ</strong>.</p>
<p><strong>Übernachtung</strong></p>
<p>Bitte geben Sie Ihre <strong>Übernachtungswünsche im Rahmen der Anmeldung</strong> an.<br />Die <strong>meisten Zimmer stehen im Hotel Park Soltau</strong> zur Verfügung. Sollte das Zimmerkontingent dort erschöpft sein, werden automatisch Zimmer im <strong>Soltauer Hof</strong> reserviert.<br />Bei Angabe eines Übernachtungswunsches werden zur Rechnungsabwicklung Ihre Rechnungsdaten an den Hotel Park Soltau weitergeleitet.</p>
<p>Die Übernachtungskosten werden vom <b>Tagungshaus </b>direkt erhoben und variieren:</p>
<table style="width: 100%;height: 216px" width="528">
<thead>
<tr style="height: 72px">
<td style="height: 72px">
<p><strong>Leistung</strong></p>
</td>
<td style="height: 72px">
<p><strong>Preis</strong></p>
</td>
</tr>
</thead>
<tbody>
<tr style="height: 72px">
<td style="height: 72px">
<p><strong>Übernachtung im Hotel Park Soltau</strong></p>
</td>
<td style="height: 72px">
<p>85,40 € EZ</p>
</td>
</tr>
<tr style="height: 72px">
<td style="height: 72px">
<p><strong>Übernachtung im Soltauer Hof</strong></p>
</td>
<td style="height: 72px">
<p>73,50 € EZ</p>
</td>
</tr>
</tbody>
</table>



<p> </p>
<p><strong>Anmeldung</strong></p>
<p style="text-align: center"><strong><a href="https://nlc.info/app/edb/event/42683">Hier geht es zur Anmeldung.</a></strong></p>
<p> </p>
<p>Wir freuen uns sehr, Sie im August 2025 zur Schulleitungstagung begrüßen zu dürfen!</p>
<p> </p>
<p>Ihr NLQ-Team</p>

<p>Wie stärken wir unsere Demokratie? Schule zwischen digitaler Eruption und gesellschaftlicher Spaltung – Fakten, Impulse, Praxis Termin: 28. und 29. August 2025Ort: Hotel Park Soltau Die Niedersächsische Schulleitungstagung bringt Schulleitungen aus ganz Niedersachsen zusammen, um sich gemeinsam mit Expertinnen und Experten aus Wissenschaft und Praxis mit den zentralen Herausforderungen unserer Zeit auseinanderzusetzen. Im Mittelpunkt stehen: Demokratiebildung in Schule und Gesellschaft Digitale Transformation und deren Auswirkungen auf Meinungsbildung Umgang mit gesellschaftlicher Spaltung und Polarisierung Freuen Sie sich auf fundierte Fachimpulse, lebendige&#8230;</p>
<p class="read-more"><a class="btn btn-default" href="https://wordpress.nibis.de/sltagung/niedersaechsische-schulleitungstagung-2025/">Weiterlesen<span class="screen-reader-text"> Weiterlesen</span></a></p>
