{"id":2000,"date":"2025-03-31T09:49:05","date_gmt":"2025-03-31T07:49:05","guid":{"rendered":"https:\/\/wordpress.nibis.de\/sltagung\/?page_id=2000"},"modified":"2025-08-26T11:48:35","modified_gmt":"2025-08-26T09:48:35","slug":"ki-und-demokratie-kritik-und-nutzung-von-ki-als-thema-der-demokratiebildung","status":"publish","type":"page","link":"https:\/\/wordpress.nibis.de\/sltagung\/ki-und-demokratie-kritik-und-nutzung-von-ki-als-thema-der-demokratiebildung\/","title":{"rendered":"KI und Demokratie \u2013 Kritik und Nutzung von KI als Thema der Demokratiebildung"},"content":{"rendered":"\n<h2>Raum: Stuttgart<\/h2>\n\n\n\n<p><img loading=\"lazy\" decoding=\"async\" class=\"size-medium wp-image-2015 alignleft\" src=\"https:\/\/wordpress.nibis.de\/sltagung\/files\/2025\/03\/Foto-WB-199x300.png\" alt=\"\" width=\"199\" height=\"300\" srcset=\"https:\/\/wordpress.nibis.de\/sltagung\/files\/2025\/03\/Foto-WB-199x300.png 199w, https:\/\/wordpress.nibis.de\/sltagung\/files\/2025\/03\/Foto-WB-179x270.png 179w, https:\/\/wordpress.nibis.de\/sltagung\/files\/2025\/03\/Foto-WB.png 265w\" sizes=\"auto, (max-width: 199px) 100vw, 199px\" \/>Das Thema KI und Schule ist medial nicht mehr wegzudenken. Was bedeutet die schnelle Entwicklung dieser disruptiven Technologie f\u00fcr die Aus- und Weiterbildung von Lehrkr\u00e4ften? Was sind kritische KI-Kompetenzen? Wie l\u00e4sst sich eine KI-spezifische kritische Medienbildung als Teil von Demokratiebildung entwickeln? Diese und weitere Fragen werden interaktiv diskutiert. Dabei geht es insbesondere um die Perspektive der Lehrkr\u00e4fte und der Schulen. In diesem Kontext werden Ergebnisse aus dem Erasmus+-Projekt &#8222;K\u00fcnstliche Intelligenz und die Ausgestaltung der Demokratie&#8220; pr\u00e4sentiert. Dieses Projekt entwickelt ein Fortbildungskonzept f\u00fcr kritische KI-Kompetenzen von Lehrkr\u00e4ften und unterst\u00fctzt Schulen im Umgang mit diesem komplexen Themenfeld.<\/p>\n<p>Dr. <strong>Wolfgang Beutel<\/strong> ist Vertretungsprofessor f\u00fcr Didaktik der politischen Bildung und Direktor am Institut f\u00fcr Didaktik der Demokratie der Leibniz Universit\u00e4t Hannover. Er ist Mitglied in der Auswahljury des Deutschen Schulpreises.<\/p>\n<p>\u00a0<\/p>\n<p><img loading=\"lazy\" decoding=\"async\" class=\"size-medium wp-image-2269 alignleft\" src=\"https:\/\/wordpress.nibis.de\/sltagung\/files\/2025\/06\/Frey_Lena-214x300.jpg\" alt=\"\" width=\"214\" height=\"300\" srcset=\"https:\/\/wordpress.nibis.de\/sltagung\/files\/2025\/06\/Frey_Lena-214x300.jpg 214w, https:\/\/wordpress.nibis.de\/sltagung\/files\/2025\/06\/Frey_Lena-731x1024.jpg 731w, https:\/\/wordpress.nibis.de\/sltagung\/files\/2025\/06\/Frey_Lena-768x1076.jpg 768w, https:\/\/wordpress.nibis.de\/sltagung\/files\/2025\/06\/Frey_Lena-193x270.jpg 193w, https:\/\/wordpress.nibis.de\/sltagung\/files\/2025\/06\/Frey_Lena.jpg 929w\" sizes=\"auto, (max-width: 214px) 100vw, 214px\" \/><\/p>\n<p><strong>Lena Frey<\/strong> (B.A.) ist wissenschaftliche Mitarbeitende am Institut f\u00fcr Didaktik der Demokratie der Leibniz Universit\u00e4t Hannover. Sie unterst\u00fctzt das Erasmus+-gef\u00f6rderte Kooperationsprojekt AI.D \u2013 Artificial Intelligence and the Shaping of Democracy.<\/p>\n","protected":false},"excerpt":{"rendered":"<p>Raum: Stuttgart Das Thema KI und Schule ist medial nicht mehr wegzudenken. Was bedeutet die schnelle Entwicklung dieser disruptiven Technologie f\u00fcr die Aus- und Weiterbildung von Lehrkr\u00e4ften? Was sind kritische KI-Kompetenzen? Wie l\u00e4sst sich eine KI-spezifische kritische Medienbildung als Teil von Demokratiebildung entwickeln? Diese und weitere Fragen werden interaktiv diskutiert. Dabei geht es insbesondere um die Perspektive der Lehrkr\u00e4fte und der Schulen. In diesem Kontext werden Ergebnisse aus dem Erasmus+-Projekt &#8222;K\u00fcnstliche Intelligenz und die Ausgestaltung der Demokratie&#8220; pr\u00e4sentiert. Dieses Projekt&#8230;<\/p>\n<p class=\"read-more\"><a class=\"btn btn-default\" href=\"https:\/\/wordpress.nibis.de\/sltagung\/ki-und-demokratie-kritik-und-nutzung-von-ki-als-thema-der-demokratiebildung\/\">Weiterlesen<span class=\"screen-reader-text\"> Weiterlesen<\/span><\/a><\/p>\n","protected":false},"author":9193395,"featured_media":0,"parent":0,"menu_order":0,"comment_status":"closed","ping_status":"closed","template":"","meta":{"footnotes":""},"class_list":["post-2000","page","type-page","status-publish","hentry"],"_links":{"self":[{"href":"https:\/\/wordpress.nibis.de\/sltagung\/wp-json\/wp\/v2\/pages\/2000","targetHints":{"allow":["GET"]}}],"collection":[{"href":"https:\/\/wordpress.nibis.de\/sltagung\/wp-json\/wp\/v2\/pages"}],"about":[{"href":"https:\/\/wordpress.nibis.de\/sltagung\/wp-json\/wp\/v2\/types\/page"}],"author":[{"embeddable":true,"href":"https:\/\/wordpress.nibis.de\/sltagung\/wp-json\/wp\/v2\/users\/9193395"}],"replies":[{"embeddable":true,"href":"https:\/\/wordpress.nibis.de\/sltagung\/wp-json\/wp\/v2\/comments?post=2000"}],"version-history":[{"count":4,"href":"https:\/\/wordpress.nibis.de\/sltagung\/wp-json\/wp\/v2\/pages\/2000\/revisions"}],"predecessor-version":[{"id":2305,"href":"https:\/\/wordpress.nibis.de\/sltagung\/wp-json\/wp\/v2\/pages\/2000\/revisions\/2305"}],"wp:attachment":[{"href":"https:\/\/wordpress.nibis.de\/sltagung\/wp-json\/wp\/v2\/media?parent=2000"}],"curies":[{"name":"wp","href":"https:\/\/api.w.org\/{rel}","templated":true}]}}

<h2>Raum: Stuttgart</h2>



<p><img loading="lazy" decoding="async" class="size-medium wp-image-2015 alignleft" src="https://wordpress.nibis.de/sltagung/files/2025/03/Foto-WB-199x300.png" alt="" width="199" height="300" srcset="https://wordpress.nibis.de/sltagung/files/2025/03/Foto-WB-199x300.png 199w, https://wordpress.nibis.de/sltagung/files/2025/03/Foto-WB-179x270.png 179w, https://wordpress.nibis.de/sltagung/files/2025/03/Foto-WB.png 265w" sizes="auto, (max-width: 199px) 100vw, 199px" />Das Thema KI und Schule ist medial nicht mehr wegzudenken. Was bedeutet die schnelle Entwicklung dieser disruptiven Technologie für die Aus- und Weiterbildung von Lehrkräften? Was sind kritische KI-Kompetenzen? Wie lässt sich eine KI-spezifische kritische Medienbildung als Teil von Demokratiebildung entwickeln? Diese und weitere Fragen werden interaktiv diskutiert. Dabei geht es insbesondere um die Perspektive der Lehrkräfte und der Schulen. In diesem Kontext werden Ergebnisse aus dem Erasmus+-Projekt &#8222;Künstliche Intelligenz und die Ausgestaltung der Demokratie&#8220; präsentiert. Dieses Projekt entwickelt ein Fortbildungskonzept für kritische KI-Kompetenzen von Lehrkräften und unterstützt Schulen im Umgang mit diesem komplexen Themenfeld.</p>
<p>Dr. <strong>Wolfgang Beutel</strong> ist Vertretungsprofessor für Didaktik der politischen Bildung und Direktor am Institut für Didaktik der Demokratie der Leibniz Universität Hannover. Er ist Mitglied in der Auswahljury des Deutschen Schulpreises.</p>
<p> </p>
<p><img loading="lazy" decoding="async" class="size-medium wp-image-2269 alignleft" src="https://wordpress.nibis.de/sltagung/files/2025/06/Frey_Lena-214x300.jpg" alt="" width="214" height="300" srcset="https://wordpress.nibis.de/sltagung/files/2025/06/Frey_Lena-214x300.jpg 214w, https://wordpress.nibis.de/sltagung/files/2025/06/Frey_Lena-731x1024.jpg 731w, https://wordpress.nibis.de/sltagung/files/2025/06/Frey_Lena-768x1076.jpg 768w, https://wordpress.nibis.de/sltagung/files/2025/06/Frey_Lena-193x270.jpg 193w, https://wordpress.nibis.de/sltagung/files/2025/06/Frey_Lena.jpg 929w" sizes="auto, (max-width: 214px) 100vw, 214px" /></p>
<p><strong>Lena Frey</strong> (B.A.) ist wissenschaftliche Mitarbeitende am Institut für Didaktik der Demokratie der Leibniz Universität Hannover. Sie unterstützt das Erasmus+-geförderte Kooperationsprojekt AI.D – Artificial Intelligence and the Shaping of Democracy.</p>

<p>Raum: Stuttgart Das Thema KI und Schule ist medial nicht mehr wegzudenken. Was bedeutet die schnelle Entwicklung dieser disruptiven Technologie für die Aus- und Weiterbildung von Lehrkräften? Was sind kritische KI-Kompetenzen? Wie lässt sich eine KI-spezifische kritische Medienbildung als Teil von Demokratiebildung entwickeln? Diese und weitere Fragen werden interaktiv diskutiert. Dabei geht es insbesondere um die Perspektive der Lehrkräfte und der Schulen. In diesem Kontext werden Ergebnisse aus dem Erasmus+-Projekt &#8222;Künstliche Intelligenz und die Ausgestaltung der Demokratie&#8220; präsentiert. Dieses Projekt&#8230;</p>
<p class="read-more"><a class="btn btn-default" href="https://wordpress.nibis.de/sltagung/ki-und-demokratie-kritik-und-nutzung-von-ki-als-thema-der-demokratiebildung/">Weiterlesen<span class="screen-reader-text"> Weiterlesen</span></a></p>
