{"id":2006,"date":"2025-04-08T10:19:39","date_gmt":"2025-04-08T08:19:39","guid":{"rendered":"https:\/\/wordpress.nibis.de\/sltagung\/?page_id=2006"},"modified":"2025-08-26T11:47:18","modified_gmt":"2025-08-26T09:47:18","slug":"demokratie-und-ethik-im-zeitalter-von-ki","status":"publish","type":"page","link":"https:\/\/wordpress.nibis.de\/sltagung\/demokratie-und-ethik-im-zeitalter-von-ki\/","title":{"rendered":"Demokratie und Ethik im Zeitalter von KI"},"content":{"rendered":"\n<h2>Raum: Bremen<\/h2>\n\n\n\n<p dir=\"ltr\"><img loading=\"lazy\" decoding=\"async\" class=\"size-medium wp-image-2098 alignleft\" src=\"https:\/\/wordpress.nibis.de\/sltagung\/files\/2025\/04\/Gross-Autorenfoto_Koeberer-199x300.png\" alt=\"\" width=\"199\" height=\"300\" srcset=\"https:\/\/wordpress.nibis.de\/sltagung\/files\/2025\/04\/Gross-Autorenfoto_Koeberer-199x300.png 199w, https:\/\/wordpress.nibis.de\/sltagung\/files\/2025\/04\/Gross-Autorenfoto_Koeberer-179x270.png 179w, https:\/\/wordpress.nibis.de\/sltagung\/files\/2025\/04\/Gross-Autorenfoto_Koeberer.png 265w\" sizes=\"auto, (max-width: 199px) 100vw, 199px\" \/><img loading=\"lazy\" decoding=\"async\" class=\"size-medium wp-image-2097 alignleft\" src=\"https:\/\/wordpress.nibis.de\/sltagung\/files\/2025\/04\/Autorenfoto_Grauer-199x300.png\" alt=\"\" width=\"199\" height=\"300\" srcset=\"https:\/\/wordpress.nibis.de\/sltagung\/files\/2025\/04\/Autorenfoto_Grauer-199x300.png 199w, https:\/\/wordpress.nibis.de\/sltagung\/files\/2025\/04\/Autorenfoto_Grauer-179x270.png 179w, https:\/\/wordpress.nibis.de\/sltagung\/files\/2025\/04\/Autorenfoto_Grauer.png 265w\" sizes=\"auto, (max-width: 199px) 100vw, 199px\" \/>Innerhalb demokratischer Gesellschaften stellen Medien Informationen \u00fcber allgemein bedeutende Themen bereit, schaffen \u00d6ffentlichkeit und sind eine Grundvoraussetzung f\u00fcr freie Meinungsbildung und politische Partizipation. Insbesondere dem Journalismus kommt hierbei die Aufgabe zu, Informationen zu gesellschaftsrelevanten Themen zu strukturieren, einzuordnen und zug\u00e4nglich zu machen.<\/p>\n<p dir=\"ltr\">Mit der Digitalisierung sind neue R\u00e4ume sozialer\u00a0Vernetzung entstanden. Nutzende k\u00f6nnen im Internet selbst aktiv sein, Informationen streuen und Themen\u00a0setzen. Dadurch hat ein Wandel der Informationsbereitstellung und -steuerung\u00a0stattgefunden. Der professionelle Journalist wird in digitalen Medien\u00a0von einem semi-professionellen oder auch unprofessionellen zivilen\u00a0Berichterstatter erg\u00e4nzt.<\/p>\n<p dir=\"ltr\">Parallel \u00fcbernehmen KI-Systeme zentrale Aufgaben: Sie steuern, welche Inhalte angezeigt werden, und bereiten Informationen algorithmisch auf. Texte, Bilder, Audios und Videos lassen sich mit generativer K\u00fcnstlicher Intelligenz zudem m\u00fchelos erzeugen und ver\u00e4ndern. Dadurch beeinflusst KI sowohl Inhalte als auch ihre Verbreitung \u2013 mit Folgen f\u00fcr \u00d6ffentlichkeit und demokratische Diskurse.<\/p>\n<p dir=\"ltr\">Was bedeutet dies f\u00fcr Gesellschaft, Schule und\u00a0Unterricht? Welche Kompetenzen ben\u00f6tigen wir f\u00fcr einen souver\u00e4nen Umgang\u00a0mit KI, der eine sinnvolle als auch kritische Mitgestaltung in\u00a0demokratischen Gesellschaften erm\u00f6glicht?&#8220;<\/p>\n<p dir=\"ltr\" data-pm-slice=\"1 1 [&quot;bulletList&quot;,{&quot;isList&quot;:true,&quot;bullet&quot;:&quot;-&quot;},&quot;listItem&quot;,{&quot;dir&quot;:&quot;ltr&quot;}]\"><strong>Dr. Nina K\u00f6berer<\/strong> ist Referentin f\u00fcr Medienethik am Nieders\u00e4chsischen Landesinstitut f\u00fcr schulische Qualit\u00e4tsentwicklung (NLQ) und besch\u00e4ftigt sich mit den gesellschaftlichen und bildungsbezogenen Implikationen digitaler Technologien. Ihr Schwerpunkt liegt auf Fragen der Verantwortung in der digitalen Welt, Medienkompetenz und ethischen Herausforderungen im Kontext von digitalen Medien in Schule und Unterricht. Zudem koordiniert sie das <a href=\"https:\/\/bildungsportal-niedersachsen.de\/digitale-welt\/medienbildung\/beratung-und-qualifizierung\/veranstaltungen\/forum-medienethik-in-schule-und-bildung\" rel=\"noopener noreferrer nofollow\" data-md-href=\"https:\/\/bildungsportal-niedersachsen.de\/digitale-welt\/medienbildung\/beratung-und-qualifizierung\/veranstaltungen\/forum-medienethik-in-schule-und-bildung\">Forum Medienethik<\/a> sowie die <a href=\"https:\/\/apps.medienberatung.online\/index\/\" rel=\"noopener noreferrer nofollow\" data-md-href=\"https:\/\/apps.medienberatung.online\/index\/\">Lernbausteine zur Medienethik<\/a>.<\/p>\n<p dir=\"ltr\" data-pm-slice=\"1 1 [&quot;bulletList&quot;,{&quot;isList&quot;:true,&quot;bullet&quot;:&quot;-&quot;},&quot;listItem&quot;,{&quot;dir&quot;:&quot;ltr&quot;}]\"><strong>Mike Grauer<\/strong> hat einen Master of Education in Deutsch und Philosophie und ist am NLQ in der Servicestelle E-Learning t\u00e4tig. Dabei ber\u00e4t und unterst\u00fctzt er seine Kolleginnen und Kollegen, das methodische und didaktische Potenzial der zur Verf\u00fcgung stehenden digitalen Werkzeuge auszusch\u00f6pfen. Zus\u00e4tzlich zu den unterschiedlichen Anwendungsszenarien interessieren ihn insbesondere die gesellschaftlich-kulturellen Auswirkungen der digitalen Transformation.<\/p>\n","protected":false},"excerpt":{"rendered":"<p>Raum: Bremen Innerhalb demokratischer Gesellschaften stellen Medien Informationen \u00fcber allgemein bedeutende Themen bereit, schaffen \u00d6ffentlichkeit und sind eine Grundvoraussetzung f\u00fcr freie Meinungsbildung und politische Partizipation. Insbesondere dem Journalismus kommt hierbei die Aufgabe zu, Informationen zu gesellschaftsrelevanten Themen zu strukturieren, einzuordnen und zug\u00e4nglich zu machen. Mit der Digitalisierung sind neue R\u00e4ume sozialer\u00a0Vernetzung entstanden. Nutzende k\u00f6nnen im Internet selbst aktiv sein, Informationen streuen und Themen\u00a0setzen. Dadurch hat ein Wandel der Informationsbereitstellung und -steuerung\u00a0stattgefunden. Der professionelle Journalist wird in digitalen Medien\u00a0von einem semi-professionellen&#8230;<\/p>\n<p class=\"read-more\"><a class=\"btn btn-default\" href=\"https:\/\/wordpress.nibis.de\/sltagung\/demokratie-und-ethik-im-zeitalter-von-ki\/\">Weiterlesen<span class=\"screen-reader-text\"> Weiterlesen<\/span><\/a><\/p>\n","protected":false},"author":9193395,"featured_media":0,"parent":0,"menu_order":0,"comment_status":"closed","ping_status":"closed","template":"","meta":{"footnotes":""},"class_list":["post-2006","page","type-page","status-publish","hentry"],"_links":{"self":[{"href":"https:\/\/wordpress.nibis.de\/sltagung\/wp-json\/wp\/v2\/pages\/2006","targetHints":{"allow":["GET"]}}],"collection":[{"href":"https:\/\/wordpress.nibis.de\/sltagung\/wp-json\/wp\/v2\/pages"}],"about":[{"href":"https:\/\/wordpress.nibis.de\/sltagung\/wp-json\/wp\/v2\/types\/page"}],"author":[{"embeddable":true,"href":"https:\/\/wordpress.nibis.de\/sltagung\/wp-json\/wp\/v2\/users\/9193395"}],"replies":[{"embeddable":true,"href":"https:\/\/wordpress.nibis.de\/sltagung\/wp-json\/wp\/v2\/comments?post=2006"}],"version-history":[{"count":3,"href":"https:\/\/wordpress.nibis.de\/sltagung\/wp-json\/wp\/v2\/pages\/2006\/revisions"}],"predecessor-version":[{"id":2303,"href":"https:\/\/wordpress.nibis.de\/sltagung\/wp-json\/wp\/v2\/pages\/2006\/revisions\/2303"}],"wp:attachment":[{"href":"https:\/\/wordpress.nibis.de\/sltagung\/wp-json\/wp\/v2\/media?parent=2006"}],"curies":[{"name":"wp","href":"https:\/\/api.w.org\/{rel}","templated":true}]}}

<h2>Raum: Bremen</h2>



<p dir="ltr"><img loading="lazy" decoding="async" class="size-medium wp-image-2098 alignleft" src="https://wordpress.nibis.de/sltagung/files/2025/04/Gross-Autorenfoto_Koeberer-199x300.png" alt="" width="199" height="300" srcset="https://wordpress.nibis.de/sltagung/files/2025/04/Gross-Autorenfoto_Koeberer-199x300.png 199w, https://wordpress.nibis.de/sltagung/files/2025/04/Gross-Autorenfoto_Koeberer-179x270.png 179w, https://wordpress.nibis.de/sltagung/files/2025/04/Gross-Autorenfoto_Koeberer.png 265w" sizes="auto, (max-width: 199px) 100vw, 199px" /><img loading="lazy" decoding="async" class="size-medium wp-image-2097 alignleft" src="https://wordpress.nibis.de/sltagung/files/2025/04/Autorenfoto_Grauer-199x300.png" alt="" width="199" height="300" srcset="https://wordpress.nibis.de/sltagung/files/2025/04/Autorenfoto_Grauer-199x300.png 199w, https://wordpress.nibis.de/sltagung/files/2025/04/Autorenfoto_Grauer-179x270.png 179w, https://wordpress.nibis.de/sltagung/files/2025/04/Autorenfoto_Grauer.png 265w" sizes="auto, (max-width: 199px) 100vw, 199px" />Innerhalb demokratischer Gesellschaften stellen Medien Informationen über allgemein bedeutende Themen bereit, schaffen Öffentlichkeit und sind eine Grundvoraussetzung für freie Meinungsbildung und politische Partizipation. Insbesondere dem Journalismus kommt hierbei die Aufgabe zu, Informationen zu gesellschaftsrelevanten Themen zu strukturieren, einzuordnen und zugänglich zu machen.</p>
<p dir="ltr">Mit der Digitalisierung sind neue Räume sozialer Vernetzung entstanden. Nutzende können im Internet selbst aktiv sein, Informationen streuen und Themen setzen. Dadurch hat ein Wandel der Informationsbereitstellung und -steuerung stattgefunden. Der professionelle Journalist wird in digitalen Medien von einem semi-professionellen oder auch unprofessionellen zivilen Berichterstatter ergänzt.</p>
<p dir="ltr">Parallel übernehmen KI-Systeme zentrale Aufgaben: Sie steuern, welche Inhalte angezeigt werden, und bereiten Informationen algorithmisch auf. Texte, Bilder, Audios und Videos lassen sich mit generativer Künstlicher Intelligenz zudem mühelos erzeugen und verändern. Dadurch beeinflusst KI sowohl Inhalte als auch ihre Verbreitung – mit Folgen für Öffentlichkeit und demokratische Diskurse.</p>
<p dir="ltr">Was bedeutet dies für Gesellschaft, Schule und Unterricht? Welche Kompetenzen benötigen wir für einen souveränen Umgang mit KI, der eine sinnvolle als auch kritische Mitgestaltung in demokratischen Gesellschaften ermöglicht?&#8220;</p>
<p dir="ltr" data-pm-slice="1 1 [&quot;bulletList&quot;,{&quot;isList&quot;:true,&quot;bullet&quot;:&quot;-&quot;},&quot;listItem&quot;,{&quot;dir&quot;:&quot;ltr&quot;}]"><strong>Dr. Nina Köberer</strong> ist Referentin für Medienethik am Niedersächsischen Landesinstitut für schulische Qualitätsentwicklung (NLQ) und beschäftigt sich mit den gesellschaftlichen und bildungsbezogenen Implikationen digitaler Technologien. Ihr Schwerpunkt liegt auf Fragen der Verantwortung in der digitalen Welt, Medienkompetenz und ethischen Herausforderungen im Kontext von digitalen Medien in Schule und Unterricht. Zudem koordiniert sie das <a href="https://bildungsportal-niedersachsen.de/digitale-welt/medienbildung/beratung-und-qualifizierung/veranstaltungen/forum-medienethik-in-schule-und-bildung" rel="noopener noreferrer nofollow" data-md-href="https://bildungsportal-niedersachsen.de/digitale-welt/medienbildung/beratung-und-qualifizierung/veranstaltungen/forum-medienethik-in-schule-und-bildung">Forum Medienethik</a> sowie die <a href="https://apps.medienberatung.online/index/" rel="noopener noreferrer nofollow" data-md-href="https://apps.medienberatung.online/index/">Lernbausteine zur Medienethik</a>.</p>
<p dir="ltr" data-pm-slice="1 1 [&quot;bulletList&quot;,{&quot;isList&quot;:true,&quot;bullet&quot;:&quot;-&quot;},&quot;listItem&quot;,{&quot;dir&quot;:&quot;ltr&quot;}]"><strong>Mike Grauer</strong> hat einen Master of Education in Deutsch und Philosophie und ist am NLQ in der Servicestelle E-Learning tätig. Dabei berät und unterstützt er seine Kolleginnen und Kollegen, das methodische und didaktische Potenzial der zur Verfügung stehenden digitalen Werkzeuge auszuschöpfen. Zusätzlich zu den unterschiedlichen Anwendungsszenarien interessieren ihn insbesondere die gesellschaftlich-kulturellen Auswirkungen der digitalen Transformation.</p>

<p>Raum: Bremen Innerhalb demokratischer Gesellschaften stellen Medien Informationen über allgemein bedeutende Themen bereit, schaffen Öffentlichkeit und sind eine Grundvoraussetzung für freie Meinungsbildung und politische Partizipation. Insbesondere dem Journalismus kommt hierbei die Aufgabe zu, Informationen zu gesellschaftsrelevanten Themen zu strukturieren, einzuordnen und zugänglich zu machen. Mit der Digitalisierung sind neue Räume sozialer Vernetzung entstanden. Nutzende können im Internet selbst aktiv sein, Informationen streuen und Themen setzen. Dadurch hat ein Wandel der Informationsbereitstellung und -steuerung stattgefunden. Der professionelle Journalist wird in digitalen Medien von einem semi-professionellen&#8230;</p>
<p class="read-more"><a class="btn btn-default" href="https://wordpress.nibis.de/sltagung/demokratie-und-ethik-im-zeitalter-von-ki/">Weiterlesen<span class="screen-reader-text"> Weiterlesen</span></a></p>
