{"id":2075,"date":"2025-04-14T14:36:03","date_gmt":"2025-04-14T12:36:03","guid":{"rendered":"https:\/\/wordpress.nibis.de\/sltagung\/?page_id=2075"},"modified":"2025-12-08T10:17:21","modified_gmt":"2025-12-08T09:17:21","slug":"podiumsdiskussion-wie-staerken-wir-unsere-demokratie-perspektiven-aus-wissenschaft-schule-und-gesellschaft","status":"publish","type":"page","link":"https:\/\/wordpress.nibis.de\/sltagung\/podiumsdiskussion-wie-staerken-wir-unsere-demokratie-perspektiven-aus-wissenschaft-schule-und-gesellschaft\/","title":{"rendered":"Podiumsdiskussion: Wie st\u00e4rken wir unsere Demokratie? Perspektiven aus Wissenschaft, Schule, Bildung und Gesellschaft"},"content":{"rendered":"\n<hr class=\"wp-block-separator has-alpha-channel-opacity\" \/>\n\n\n\n<figure class=\"wp-block-embed is-type-video is-provider-youtube wp-block-embed-youtube wp-embed-aspect-16-9 wp-has-aspect-ratio\"><div class=\"wp-block-embed__wrapper\">\n<iframe loading=\"lazy\"  id=\"_ytid_58046\"  width=\"640\" height=\"360\"  data-origwidth=\"640\" data-origheight=\"360\" src=\"https:\/\/www.youtube.com\/embed\/jsYfGLQbWQo?enablejsapi=1&#038;autoplay=0&#038;cc_load_policy=0&#038;cc_lang_pref=&#038;iv_load_policy=1&#038;loop=0&#038;rel=1&#038;fs=1&#038;playsinline=0&#038;autohide=2&#038;theme=dark&#038;color=red&#038;controls=1&#038;disablekb=0&#038;\" class=\"__youtube_prefs__  epyt-is-override  no-lazyload\" title=\"YouTube player\"  allow=\"fullscreen; accelerometer; autoplay; clipboard-write; encrypted-media; gyroscope; picture-in-picture; web-share\" referrerpolicy=\"strict-origin-when-cross-origin\" allowfullscreen data-no-lazy=\"1\" data-skipgform_ajax_framebjll=\"\"><\/iframe>\n<\/div><\/figure>\n\n\n\n<hr class=\"wp-block-separator has-alpha-channel-opacity\" \/>\n\n\n\n<p>Unsere Schulen stehen heute vor gro\u00dfen Herausforderungen: Digitale Transformation, gezielte Desinformation, gesellschaftliche Polarisierung.<\/p>\n<p>Gleichzeitig wird von Schule erwartet, ein sicherer Ort der Orientierung, Teilhabe und der demokratischen Resilienz zu sein. &nbsp;&nbsp;&nbsp;&nbsp;&nbsp;&nbsp;&nbsp;&nbsp;&nbsp;&nbsp;&nbsp;&nbsp;&nbsp;&nbsp;&nbsp;&nbsp;&nbsp;&nbsp;&nbsp;&nbsp;&nbsp;&nbsp;&nbsp;&nbsp;&nbsp;&nbsp;&nbsp;&nbsp;&nbsp;&nbsp;&nbsp;&nbsp;&nbsp;&nbsp;&nbsp;&nbsp;&nbsp;&nbsp;&nbsp;&nbsp;&nbsp;&nbsp;&nbsp;&nbsp;&nbsp;&nbsp;&nbsp;&nbsp;&nbsp;&nbsp;&nbsp;&nbsp;&nbsp;&nbsp;&nbsp;&nbsp;&nbsp;&nbsp;&nbsp;<\/p>\n<p>Wie kann das gelingen?<\/p>\n<p>Auf der Nieders\u00e4chsischen Schulleitungstagung 2025 kommen dazu zentrale Stimmen aus Bildung, Wissenschaft, Politik und Zivilgesellschaft ins Gespr\u00e4ch. Gemeinsam mit Ihnen diskutieren wir, wie Schulen Haltung zeigen, demokratische Prozesse st\u00e4rken und junge Menschen in einer sich wandelnden Welt begleiten k\u00f6nnen.<\/p>\n<p><strong>Mit dabei:<\/strong><br><strong>Matteo Feind<\/strong>, Vorsitzender des Landessch\u00fcler- und sch\u00fclerinnenrates<em><br><\/em><strong>Prof. Dr. Steve Kenner<\/strong>, Bildungswissenschaftler und Keynote-Speaker<em><br><\/em><strong>Saraya Gomis<\/strong>, Expertin f\u00fcr Diversit\u00e4t und Antidiskriminierung<br><strong>Dr. Jochen Walter,<\/strong> Nieders\u00e4chsisches Kultusministerium, Leitung Referat 23 &#8211; Politische Bildung, Gedenkst\u00e4tten, Globales Lernen und Mobilit\u00e4t, Bildung f\u00fcr nachhaltige Entwicklung<br><strong>Dr. Inga Niehaus<\/strong>, Nieders\u00e4chsischen Landesinstituts f\u00fcr schulische Qualit\u00e4tsentwicklung, Leiterin des Fachbereichs 35 &#8211; Politische Bildung, Europa und Internationales<\/p>\n<p><strong>Moderation:<\/strong> Linnea Riensberg, systemische Organisationsentwicklerin, Coach und langj\u00e4hrige Moderatorin an der Schnittstelle von Politik, Bildung und Gesellschaft.<\/p>\n<p><strong>Diskutieren Sie mit!<\/strong><br>Bringen Sie Ihre Perspektive als Schulleitung ein \u2013 mit Ihren Fragen, Erfahrungen und Herausforderungen.<\/p>\n<p>Freuen Sie sich auf Impulse, Kontroversen und konkrete Perspektiven f\u00fcr Ihre Arbeit.<\/p>\n\n\n\n<figure class=\"wp-block-gallery has-nested-images columns-3 is-cropped wp-block-gallery-1 is-layout-flex wp-block-gallery-is-layout-flex\">\n<figure class=\"wp-block-image size-large is-style-tw-hard-shadow\"><img loading=\"lazy\" decoding=\"async\" width=\"679\" height=\"1024\" data-id=\"2092\" src=\"https:\/\/wordpress.nibis.de\/sltagung\/files\/2025\/04\/Rinsberg.jpg\" alt=\"\" class=\"wp-image-2092\" srcset=\"https:\/\/wordpress.nibis.de\/sltagung\/files\/2025\/04\/Rinsberg.jpg 679w, https:\/\/wordpress.nibis.de\/sltagung\/files\/2025\/04\/Rinsberg-199x300.jpg 199w, https:\/\/wordpress.nibis.de\/sltagung\/files\/2025\/04\/Rinsberg-179x270.jpg 179w\" sizes=\"auto, (max-width: 679px) 100vw, 679px\" \/><figcaption class=\"wp-element-caption\"><strong>Linnea Riensberg<\/strong><\/figcaption><\/figure>\n\n\n\n<figure class=\"wp-block-image size-large is-style-tw-hard-shadow\"><img loading=\"lazy\" decoding=\"async\" width=\"265\" height=\"400\" data-id=\"2086\" src=\"https:\/\/wordpress.nibis.de\/sltagung\/files\/2025\/04\/Steve-Kenner_01-2.png\" alt=\"\" class=\"wp-image-2086\" srcset=\"https:\/\/wordpress.nibis.de\/sltagung\/files\/2025\/04\/Steve-Kenner_01-2.png 265w, https:\/\/wordpress.nibis.de\/sltagung\/files\/2025\/04\/Steve-Kenner_01-2-199x300.png 199w, https:\/\/wordpress.nibis.de\/sltagung\/files\/2025\/04\/Steve-Kenner_01-2-179x270.png 179w\" sizes=\"auto, (max-width: 265px) 100vw, 265px\" \/><figcaption class=\"wp-element-caption\"><strong>Prof. Dr. Steve Kenner<\/strong><\/figcaption><\/figure>\n\n\n\n<figure class=\"wp-block-image size-full is-style-tw-hard-shadow\"><img loading=\"lazy\" decoding=\"async\" width=\"591\" height=\"827\" data-id=\"2264\" src=\"https:\/\/wordpress.nibis.de\/sltagung\/files\/2025\/06\/Walter.jpg\" alt=\"\" class=\"wp-image-2264\" srcset=\"https:\/\/wordpress.nibis.de\/sltagung\/files\/2025\/06\/Walter.jpg 591w, https:\/\/wordpress.nibis.de\/sltagung\/files\/2025\/06\/Walter-214x300.jpg 214w, https:\/\/wordpress.nibis.de\/sltagung\/files\/2025\/06\/Walter-193x270.jpg 193w\" sizes=\"auto, (max-width: 591px) 100vw, 591px\" \/><figcaption class=\"wp-element-caption\"><strong>Dr. Jochen Walter<br>Kultusministerium<\/strong><\/figcaption><\/figure>\n\n\n\n<figure class=\"wp-block-image size-large is-style-tw-hard-shadow\"><img loading=\"lazy\" decoding=\"async\" width=\"265\" height=\"400\" data-id=\"2088\" src=\"https:\/\/wordpress.nibis.de\/sltagung\/files\/2025\/04\/placeholder.jpg\" alt=\"\" class=\"wp-image-2088\" srcset=\"https:\/\/wordpress.nibis.de\/sltagung\/files\/2025\/04\/placeholder.jpg 265w, https:\/\/wordpress.nibis.de\/sltagung\/files\/2025\/04\/placeholder-199x300.jpg 199w, https:\/\/wordpress.nibis.de\/sltagung\/files\/2025\/04\/placeholder-179x270.jpg 179w\" sizes=\"auto, (max-width: 265px) 100vw, 265px\" \/><figcaption class=\"wp-element-caption\"><strong>Saraya Gomis<\/strong><\/figcaption><\/figure>\n\n\n\n<figure class=\"wp-block-image size-large is-style-tw-hard-shadow\"><img loading=\"lazy\" decoding=\"async\" width=\"265\" height=\"400\" data-id=\"2087\" src=\"https:\/\/wordpress.nibis.de\/sltagung\/files\/2025\/04\/Feind-1.png\" alt=\"\" class=\"wp-image-2087\" srcset=\"https:\/\/wordpress.nibis.de\/sltagung\/files\/2025\/04\/Feind-1.png 265w, https:\/\/wordpress.nibis.de\/sltagung\/files\/2025\/04\/Feind-1-199x300.png 199w, https:\/\/wordpress.nibis.de\/sltagung\/files\/2025\/04\/Feind-1-179x270.png 179w\" sizes=\"auto, (max-width: 265px) 100vw, 265px\" \/><figcaption class=\"wp-element-caption\"><strong>Matteo Feind<\/strong><\/figcaption><\/figure>\n\n\n\n<figure class=\"wp-block-image size-full is-style-tw-hard-shadow\"><img loading=\"lazy\" decoding=\"async\" width=\"268\" height=\"402\" data-id=\"2292\" src=\"https:\/\/wordpress.nibis.de\/sltagung\/files\/2025\/08\/Dr.-Inga-Niehaus.jpg\" alt=\"\" class=\"wp-image-2292\" srcset=\"https:\/\/wordpress.nibis.de\/sltagung\/files\/2025\/08\/Dr.-Inga-Niehaus.jpg 268w, https:\/\/wordpress.nibis.de\/sltagung\/files\/2025\/08\/Dr.-Inga-Niehaus-200x300.jpg 200w, https:\/\/wordpress.nibis.de\/sltagung\/files\/2025\/08\/Dr.-Inga-Niehaus-180x270.jpg 180w\" sizes=\"auto, (max-width: 268px) 100vw, 268px\" \/><figcaption class=\"wp-element-caption\"><strong>Dr. Inga Niehaus<\/strong><br><strong>NLQ<\/strong><\/figcaption><\/figure>\n<\/figure>\n\n\n\n<p><\/p>\n\n\n","protected":false},"excerpt":{"rendered":"<p>Unsere Schulen stehen heute vor gro\u00dfen Herausforderungen: Digitale Transformation, gezielte Desinformation, gesellschaftliche Polarisierung. Gleichzeitig wird von Schule erwartet, ein sicherer Ort der Orientierung, Teilhabe und der demokratischen Resilienz zu sein. &nbsp;&nbsp;&nbsp;&nbsp;&nbsp;&nbsp;&nbsp;&nbsp;&nbsp;&nbsp;&nbsp;&nbsp;&nbsp;&nbsp;&nbsp;&nbsp;&nbsp;&nbsp;&nbsp;&nbsp;&nbsp;&nbsp;&nbsp;&nbsp;&nbsp;&nbsp;&nbsp;&nbsp;&nbsp;&nbsp;&nbsp;&nbsp;&nbsp;&nbsp;&nbsp;&nbsp;&nbsp;&nbsp;&nbsp;&nbsp;&nbsp;&nbsp;&nbsp;&nbsp;&nbsp;&nbsp;&nbsp;&nbsp;&nbsp;&nbsp;&nbsp;&nbsp;&nbsp;&nbsp;&nbsp;&nbsp;&nbsp;&nbsp;&nbsp; Wie kann das gelingen? Auf der Nieders\u00e4chsischen Schulleitungstagung 2025 kommen dazu zentrale Stimmen aus Bildung, Wissenschaft, Politik und Zivilgesellschaft ins Gespr\u00e4ch. Gemeinsam mit Ihnen diskutieren wir, wie Schulen Haltung zeigen, demokratische Prozesse st\u00e4rken und junge Menschen in einer sich wandelnden Welt begleiten k\u00f6nnen. Mit dabei:Matteo Feind, Vorsitzender des Landessch\u00fcler-&#8230;<\/p>\n<p class=\"read-more\"><a class=\"btn btn-default\" href=\"https:\/\/wordpress.nibis.de\/sltagung\/podiumsdiskussion-wie-staerken-wir-unsere-demokratie-perspektiven-aus-wissenschaft-schule-und-gesellschaft\/\">Weiterlesen<span class=\"screen-reader-text\"> Weiterlesen<\/span><\/a><\/p>\n","protected":false},"author":9193395,"featured_media":0,"parent":0,"menu_order":0,"comment_status":"closed","ping_status":"closed","template":"","meta":{"footnotes":""},"class_list":["post-2075","page","type-page","status-publish","hentry"],"_links":{"self":[{"href":"https:\/\/wordpress.nibis.de\/sltagung\/wp-json\/wp\/v2\/pages\/2075","targetHints":{"allow":["GET"]}}],"collection":[{"href":"https:\/\/wordpress.nibis.de\/sltagung\/wp-json\/wp\/v2\/pages"}],"about":[{"href":"https:\/\/wordpress.nibis.de\/sltagung\/wp-json\/wp\/v2\/types\/page"}],"author":[{"embeddable":true,"href":"https:\/\/wordpress.nibis.de\/sltagung\/wp-json\/wp\/v2\/users\/9193395"}],"replies":[{"embeddable":true,"href":"https:\/\/wordpress.nibis.de\/sltagung\/wp-json\/wp\/v2\/comments?post=2075"}],"version-history":[{"count":14,"href":"https:\/\/wordpress.nibis.de\/sltagung\/wp-json\/wp\/v2\/pages\/2075\/revisions"}],"predecessor-version":[{"id":2402,"href":"https:\/\/wordpress.nibis.de\/sltagung\/wp-json\/wp\/v2\/pages\/2075\/revisions\/2402"}],"wp:attachment":[{"href":"https:\/\/wordpress.nibis.de\/sltagung\/wp-json\/wp\/v2\/media?parent=2075"}],"curies":[{"name":"wp","href":"https:\/\/api.w.org\/{rel}","templated":true}]}}

Podiumsdiskussion: Wie stärken wir unsere Demokratie? Perspektiven aus Wissenschaft, Schule, Bildung und Gesellschaft

<hr class="wp-block-separator has-alpha-channel-opacity" />



<figure class="wp-block-embed is-type-video is-provider-youtube wp-block-embed-youtube wp-embed-aspect-16-9 wp-has-aspect-ratio"><div class="wp-block-embed__wrapper">
<iframe loading="lazy"  id="_ytid_58046"  width="640" height="360"  data-origwidth="640" data-origheight="360" src="https://www.youtube.com/embed/jsYfGLQbWQo?enablejsapi=1&#038;autoplay=0&#038;cc_load_policy=0&#038;cc_lang_pref=&#038;iv_load_policy=1&#038;loop=0&#038;rel=1&#038;fs=1&#038;playsinline=0&#038;autohide=2&#038;theme=dark&#038;color=red&#038;controls=1&#038;disablekb=0&#038;" class="__youtube_prefs__  epyt-is-override  no-lazyload" title="YouTube player"  allow="fullscreen; accelerometer; autoplay; clipboard-write; encrypted-media; gyroscope; picture-in-picture; web-share" referrerpolicy="strict-origin-when-cross-origin" allowfullscreen data-no-lazy="1" data-skipgform_ajax_framebjll=""></iframe>
</div></figure>



<hr class="wp-block-separator has-alpha-channel-opacity" />



<p>Unsere Schulen stehen heute vor großen Herausforderungen: Digitale Transformation, gezielte Desinformation, gesellschaftliche Polarisierung.</p>
<p>Gleichzeitig wird von Schule erwartet, ein sicherer Ort der Orientierung, Teilhabe und der demokratischen Resilienz zu sein. &nbsp;&nbsp;&nbsp;&nbsp;&nbsp;&nbsp;&nbsp;&nbsp;&nbsp;&nbsp;&nbsp;&nbsp;&nbsp;&nbsp;&nbsp;&nbsp;&nbsp;&nbsp;&nbsp;&nbsp;&nbsp;&nbsp;&nbsp;&nbsp;&nbsp;&nbsp;&nbsp;&nbsp;&nbsp;&nbsp;&nbsp;&nbsp;&nbsp;&nbsp;&nbsp;&nbsp;&nbsp;&nbsp;&nbsp;&nbsp;&nbsp;&nbsp;&nbsp;&nbsp;&nbsp;&nbsp;&nbsp;&nbsp;&nbsp;&nbsp;&nbsp;&nbsp;&nbsp;&nbsp;&nbsp;&nbsp;&nbsp;&nbsp;&nbsp;</p>
<p>Wie kann das gelingen?</p>
<p>Auf der Niedersächsischen Schulleitungstagung 2025 kommen dazu zentrale Stimmen aus Bildung, Wissenschaft, Politik und Zivilgesellschaft ins Gespräch. Gemeinsam mit Ihnen diskutieren wir, wie Schulen Haltung zeigen, demokratische Prozesse stärken und junge Menschen in einer sich wandelnden Welt begleiten können.</p>
<p><strong>Mit dabei:</strong><br><strong>Matteo Feind</strong>, Vorsitzender des Landesschüler- und schülerinnenrates<em><br></em><strong>Prof. Dr. Steve Kenner</strong>, Bildungswissenschaftler und Keynote-Speaker<em><br></em><strong>Saraya Gomis</strong>, Expertin für Diversität und Antidiskriminierung<br><strong>Dr. Jochen Walter,</strong> Niedersächsisches Kultusministerium, Leitung Referat 23 &#8211; Politische Bildung, Gedenkstätten, Globales Lernen und Mobilität, Bildung für nachhaltige Entwicklung<br><strong>Dr. Inga Niehaus</strong>, Niedersächsischen Landesinstituts für schulische Qualitätsentwicklung, Leiterin des Fachbereichs 35 &#8211; Politische Bildung, Europa und Internationales</p>
<p><strong>Moderation:</strong> Linnea Riensberg, systemische Organisationsentwicklerin, Coach und langjährige Moderatorin an der Schnittstelle von Politik, Bildung und Gesellschaft.</p>
<p><strong>Diskutieren Sie mit!</strong><br>Bringen Sie Ihre Perspektive als Schulleitung ein – mit Ihren Fragen, Erfahrungen und Herausforderungen.</p>
<p>Freuen Sie sich auf Impulse, Kontroversen und konkrete Perspektiven für Ihre Arbeit.</p>



<figure class="wp-block-gallery has-nested-images columns-3 is-cropped wp-block-gallery-1 is-layout-flex wp-block-gallery-is-layout-flex">
<figure class="wp-block-image size-large is-style-tw-hard-shadow"><img loading="lazy" decoding="async" width="679" height="1024" data-id="2092" src="https://wordpress.nibis.de/sltagung/files/2025/04/Rinsberg.jpg" alt="" class="wp-image-2092" srcset="https://wordpress.nibis.de/sltagung/files/2025/04/Rinsberg.jpg 679w, https://wordpress.nibis.de/sltagung/files/2025/04/Rinsberg-199x300.jpg 199w, https://wordpress.nibis.de/sltagung/files/2025/04/Rinsberg-179x270.jpg 179w" sizes="auto, (max-width: 679px) 100vw, 679px" /><figcaption class="wp-element-caption"><strong>Linnea Riensberg</strong></figcaption></figure>



<figure class="wp-block-image size-large is-style-tw-hard-shadow"><img loading="lazy" decoding="async" width="265" height="400" data-id="2086" src="https://wordpress.nibis.de/sltagung/files/2025/04/Steve-Kenner_01-2.png" alt="" class="wp-image-2086" srcset="https://wordpress.nibis.de/sltagung/files/2025/04/Steve-Kenner_01-2.png 265w, https://wordpress.nibis.de/sltagung/files/2025/04/Steve-Kenner_01-2-199x300.png 199w, https://wordpress.nibis.de/sltagung/files/2025/04/Steve-Kenner_01-2-179x270.png 179w" sizes="auto, (max-width: 265px) 100vw, 265px" /><figcaption class="wp-element-caption"><strong>Prof. Dr. Steve Kenner</strong></figcaption></figure>



<figure class="wp-block-image size-full is-style-tw-hard-shadow"><img loading="lazy" decoding="async" width="591" height="827" data-id="2264" src="https://wordpress.nibis.de/sltagung/files/2025/06/Walter.jpg" alt="" class="wp-image-2264" srcset="https://wordpress.nibis.de/sltagung/files/2025/06/Walter.jpg 591w, https://wordpress.nibis.de/sltagung/files/2025/06/Walter-214x300.jpg 214w, https://wordpress.nibis.de/sltagung/files/2025/06/Walter-193x270.jpg 193w" sizes="auto, (max-width: 591px) 100vw, 591px" /><figcaption class="wp-element-caption"><strong>Dr. Jochen Walter<br>Kultusministerium</strong></figcaption></figure>



<figure class="wp-block-image size-large is-style-tw-hard-shadow"><img loading="lazy" decoding="async" width="265" height="400" data-id="2088" src="https://wordpress.nibis.de/sltagung/files/2025/04/placeholder.jpg" alt="" class="wp-image-2088" srcset="https://wordpress.nibis.de/sltagung/files/2025/04/placeholder.jpg 265w, https://wordpress.nibis.de/sltagung/files/2025/04/placeholder-199x300.jpg 199w, https://wordpress.nibis.de/sltagung/files/2025/04/placeholder-179x270.jpg 179w" sizes="auto, (max-width: 265px) 100vw, 265px" /><figcaption class="wp-element-caption"><strong>Saraya Gomis</strong></figcaption></figure>



<figure class="wp-block-image size-large is-style-tw-hard-shadow"><img loading="lazy" decoding="async" width="265" height="400" data-id="2087" src="https://wordpress.nibis.de/sltagung/files/2025/04/Feind-1.png" alt="" class="wp-image-2087" srcset="https://wordpress.nibis.de/sltagung/files/2025/04/Feind-1.png 265w, https://wordpress.nibis.de/sltagung/files/2025/04/Feind-1-199x300.png 199w, https://wordpress.nibis.de/sltagung/files/2025/04/Feind-1-179x270.png 179w" sizes="auto, (max-width: 265px) 100vw, 265px" /><figcaption class="wp-element-caption"><strong>Matteo Feind</strong></figcaption></figure>



<figure class="wp-block-image size-full is-style-tw-hard-shadow"><img loading="lazy" decoding="async" width="268" height="402" data-id="2292" src="https://wordpress.nibis.de/sltagung/files/2025/08/Dr.-Inga-Niehaus.jpg" alt="" class="wp-image-2292" srcset="https://wordpress.nibis.de/sltagung/files/2025/08/Dr.-Inga-Niehaus.jpg 268w, https://wordpress.nibis.de/sltagung/files/2025/08/Dr.-Inga-Niehaus-200x300.jpg 200w, https://wordpress.nibis.de/sltagung/files/2025/08/Dr.-Inga-Niehaus-180x270.jpg 180w" sizes="auto, (max-width: 268px) 100vw, 268px" /><figcaption class="wp-element-caption"><strong>Dr. Inga Niehaus</strong><br><strong>NLQ</strong></figcaption></figure>
</figure>



<p></p>

<p>Unsere Schulen stehen heute vor großen Herausforderungen: Digitale Transformation, gezielte Desinformation, gesellschaftliche Polarisierung. Gleichzeitig wird von Schule erwartet, ein sicherer Ort der Orientierung, Teilhabe und der demokratischen Resilienz zu sein. &nbsp;&nbsp;&nbsp;&nbsp;&nbsp;&nbsp;&nbsp;&nbsp;&nbsp;&nbsp;&nbsp;&nbsp;&nbsp;&nbsp;&nbsp;&nbsp;&nbsp;&nbsp;&nbsp;&nbsp;&nbsp;&nbsp;&nbsp;&nbsp;&nbsp;&nbsp;&nbsp;&nbsp;&nbsp;&nbsp;&nbsp;&nbsp;&nbsp;&nbsp;&nbsp;&nbsp;&nbsp;&nbsp;&nbsp;&nbsp;&nbsp;&nbsp;&nbsp;&nbsp;&nbsp;&nbsp;&nbsp;&nbsp;&nbsp;&nbsp;&nbsp;&nbsp;&nbsp;&nbsp;&nbsp;&nbsp;&nbsp;&nbsp;&nbsp; Wie kann das gelingen? Auf der Niedersächsischen Schulleitungstagung 2025 kommen dazu zentrale Stimmen aus Bildung, Wissenschaft, Politik und Zivilgesellschaft ins Gespräch. Gemeinsam mit Ihnen diskutieren wir, wie Schulen Haltung zeigen, demokratische Prozesse stärken und junge Menschen in einer sich wandelnden Welt begleiten können. Mit dabei:Matteo Feind, Vorsitzender des Landesschüler-&#8230;</p>
<p class="read-more"><a class="btn btn-default" href="https://wordpress.nibis.de/sltagung/podiumsdiskussion-wie-staerken-wir-unsere-demokratie-perspektiven-aus-wissenschaft-schule-und-gesellschaft/">Weiterlesen<span class="screen-reader-text"> Weiterlesen</span></a></p>
