{"id":2312,"date":"2025-09-03T07:53:00","date_gmt":"2025-09-03T05:53:00","guid":{"rendered":"https:\/\/wordpress.nibis.de\/sltagung\/?page_id=2312"},"modified":"2025-12-12T11:45:10","modified_gmt":"2025-12-12T10:45:10","slug":"dokumentation-der-schulleitungstagung-2025","status":"publish","type":"page","link":"https:\/\/wordpress.nibis.de\/sltagung\/","title":{"rendered":"Dokumentation der Schulleitungstagung 2025"},"content":{"rendered":"\n<p>Auf dieser Seite finden Sie sukzessive und zeitnah die Beitr\u00e4ge, Materialien und Impressionen der Tagung. Schauen Sie gerne regelm\u00e4\u00dfig vorbei \u2013 die Dokumentation wird fortlaufend erg\u00e4nzt.<\/p>\n<p>\u00a0<\/p>\n\n\n\n<figure class=\"wp-block-gallery has-nested-images columns-2 wp-block-gallery-1 is-layout-flex wp-block-gallery-is-layout-flex\">\n<figure class=\"wp-block-image size-full is-style-tw-hard-shadow\"><a href=\"https:\/\/wordpress.nibis.de\/sltagung\/eroeffnung-mit-grusswort-von-hanna-knoop\/\"><img loading=\"lazy\" decoding=\"async\" width=\"1000\" height=\"400\" data-id=\"2405\" src=\"https:\/\/wordpress.nibis.de\/sltagung\/files\/2025\/12\/Eroeffnung.png\" alt=\"\" class=\"wp-image-2405\" srcset=\"https:\/\/wordpress.nibis.de\/sltagung\/files\/2025\/12\/Eroeffnung.png 1000w, https:\/\/wordpress.nibis.de\/sltagung\/files\/2025\/12\/Eroeffnung-300x120.png 300w, https:\/\/wordpress.nibis.de\/sltagung\/files\/2025\/12\/Eroeffnung-768x307.png 768w, https:\/\/wordpress.nibis.de\/sltagung\/files\/2025\/12\/Eroeffnung-604x242.png 604w\" sizes=\"auto, (max-width: 1000px) 100vw, 1000px\" \/><\/a><\/figure>\n\n\n\n<figure class=\"wp-block-image size-full is-style-tw-hard-shadow\"><a href=\"https:\/\/wordpress.nibis.de\/sltagung\/impuls-der-kultusministerin-julia-willie-hamburg\/\"><img loading=\"lazy\" decoding=\"async\" width=\"1000\" height=\"400\" data-id=\"2315\" src=\"https:\/\/wordpress.nibis.de\/sltagung\/files\/2025\/09\/KM.png\" alt=\"\" class=\"wp-image-2315\" srcset=\"https:\/\/wordpress.nibis.de\/sltagung\/files\/2025\/09\/KM.png 1000w, https:\/\/wordpress.nibis.de\/sltagung\/files\/2025\/09\/KM-300x120.png 300w, https:\/\/wordpress.nibis.de\/sltagung\/files\/2025\/09\/KM-768x307.png 768w, https:\/\/wordpress.nibis.de\/sltagung\/files\/2025\/09\/KM-604x242.png 604w\" sizes=\"auto, (max-width: 1000px) 100vw, 1000px\" \/><\/a><\/figure>\n\n\n\n<figure class=\"wp-block-image size-full is-style-tw-hard-shadow\"><a href=\"https:\/\/wordpress.nibis.de\/sltagung\/keynote-am-28-08-2025-prof-dr-monika-oberle-demokratie-unter-druck-herausforderungen-loesungen-perspektiven\/\"><img loading=\"lazy\" decoding=\"async\" width=\"1000\" height=\"400\" data-id=\"2406\" src=\"https:\/\/wordpress.nibis.de\/sltagung\/files\/2025\/12\/Keynote1.png\" alt=\"\" class=\"wp-image-2406\" srcset=\"https:\/\/wordpress.nibis.de\/sltagung\/files\/2025\/12\/Keynote1.png 1000w, https:\/\/wordpress.nibis.de\/sltagung\/files\/2025\/12\/Keynote1-300x120.png 300w, https:\/\/wordpress.nibis.de\/sltagung\/files\/2025\/12\/Keynote1-768x307.png 768w, https:\/\/wordpress.nibis.de\/sltagung\/files\/2025\/12\/Keynote1-604x242.png 604w\" sizes=\"auto, (max-width: 1000px) 100vw, 1000px\" \/><\/a><\/figure>\n\n\n\n<figure class=\"wp-block-image size-full is-style-tw-hard-shadow\"><a href=\"https:\/\/wordpress.nibis.de\/sltagung\/keynote-am-29-08-2025-prof-dr-steve-kenner\/\"><img loading=\"lazy\" decoding=\"async\" width=\"1000\" height=\"400\" data-id=\"2407\" src=\"https:\/\/wordpress.nibis.de\/sltagung\/files\/2025\/12\/Keynote2.png\" alt=\"\" class=\"wp-image-2407\" srcset=\"https:\/\/wordpress.nibis.de\/sltagung\/files\/2025\/12\/Keynote2.png 1000w, https:\/\/wordpress.nibis.de\/sltagung\/files\/2025\/12\/Keynote2-300x120.png 300w, https:\/\/wordpress.nibis.de\/sltagung\/files\/2025\/12\/Keynote2-768x307.png 768w, https:\/\/wordpress.nibis.de\/sltagung\/files\/2025\/12\/Keynote2-604x242.png 604w\" sizes=\"auto, (max-width: 1000px) 100vw, 1000px\" \/><\/a><\/figure>\n\n\n\n<figure class=\"wp-block-image size-full is-style-tw-hard-shadow\"><a href=\"https:\/\/wordpress.nibis.de\/sltagung\/podiumsdiskussion-wie-staerken-wir-unsere-demokratie-perspektiven-aus-wissenschaft-schule-und-gesellschaft\/\"><img loading=\"lazy\" decoding=\"async\" width=\"1000\" height=\"400\" data-id=\"2409\" src=\"https:\/\/wordpress.nibis.de\/sltagung\/files\/2025\/12\/Podiumsdiskussion.png\" alt=\"\" class=\"wp-image-2409\" srcset=\"https:\/\/wordpress.nibis.de\/sltagung\/files\/2025\/12\/Podiumsdiskussion.png 1000w, https:\/\/wordpress.nibis.de\/sltagung\/files\/2025\/12\/Podiumsdiskussion-300x120.png 300w, https:\/\/wordpress.nibis.de\/sltagung\/files\/2025\/12\/Podiumsdiskussion-768x307.png 768w, https:\/\/wordpress.nibis.de\/sltagung\/files\/2025\/12\/Podiumsdiskussion-604x242.png 604w\" sizes=\"auto, (max-width: 1000px) 100vw, 1000px\" \/><\/a><\/figure>\n\n\n\n<figure class=\"wp-block-image size-full is-style-tw-hard-shadow\"><a href=\"https:\/\/wordpress.nibis.de\/sltagung\/poetry-slam-von-spax-2\/\"><img loading=\"lazy\" decoding=\"async\" width=\"1000\" height=\"400\" data-id=\"2410\" src=\"https:\/\/wordpress.nibis.de\/sltagung\/files\/2025\/12\/SPAX-1.png\" alt=\"\" class=\"wp-image-2410\" srcset=\"https:\/\/wordpress.nibis.de\/sltagung\/files\/2025\/12\/SPAX-1.png 1000w, https:\/\/wordpress.nibis.de\/sltagung\/files\/2025\/12\/SPAX-1-300x120.png 300w, https:\/\/wordpress.nibis.de\/sltagung\/files\/2025\/12\/SPAX-1-768x307.png 768w, https:\/\/wordpress.nibis.de\/sltagung\/files\/2025\/12\/SPAX-1-604x242.png 604w\" sizes=\"auto, (max-width: 1000px) 100vw, 1000px\" \/><\/a><\/figure>\n<\/figure>\n\n\n\n<figure class=\"wp-block-gallery has-nested-images columns-default is-cropped wp-block-gallery-2 is-layout-flex wp-block-gallery-is-layout-flex\"><\/figure>\n\n\n\n<figure class=\"wp-block-gallery has-nested-images columns-default is-cropped wp-block-gallery-3 is-layout-flex wp-block-gallery-is-layout-flex\">\n<figure class=\"wp-block-image size-full is-style-tw-hard-shadow\"><a href=\"https:\/\/open.spotify.com\/episode\/6tar3yxwAYW02cEKMOf3xG?si=fFtLmh_USMGdaX5PavAoDg&amp;nd=1&amp;dlsi=d984717a18a0407a\" target=\"_blank\" rel=\"noopener\"><img loading=\"lazy\" decoding=\"async\" width=\"1000\" height=\"400\" data-id=\"2313\" src=\"https:\/\/wordpress.nibis.de\/sltagung\/files\/2025\/09\/JMS.png\" alt=\"\" class=\"wp-image-2313\" srcset=\"https:\/\/wordpress.nibis.de\/sltagung\/files\/2025\/09\/JMS.png 1000w, https:\/\/wordpress.nibis.de\/sltagung\/files\/2025\/09\/JMS-300x120.png 300w, https:\/\/wordpress.nibis.de\/sltagung\/files\/2025\/09\/JMS-768x307.png 768w, https:\/\/wordpress.nibis.de\/sltagung\/files\/2025\/09\/JMS-604x242.png 604w\" sizes=\"auto, (max-width: 1000px) 100vw, 1000px\" \/><\/a><\/figure>\n\n\n\n<figure class=\"wp-block-image size-full is-style-tw-hard-shadow\"><a href=\"https:\/\/wordpress.nibis.de\/sltagung\/impressionen-und-stimmen-der-teilnehmenden\/\"><img loading=\"lazy\" decoding=\"async\" width=\"1000\" height=\"400\" data-id=\"2411\" src=\"https:\/\/wordpress.nibis.de\/sltagung\/files\/2025\/12\/Interviews.png\" alt=\"\" class=\"wp-image-2411\" srcset=\"https:\/\/wordpress.nibis.de\/sltagung\/files\/2025\/12\/Interviews.png 1000w, https:\/\/wordpress.nibis.de\/sltagung\/files\/2025\/12\/Interviews-300x120.png 300w, https:\/\/wordpress.nibis.de\/sltagung\/files\/2025\/12\/Interviews-768x307.png 768w, https:\/\/wordpress.nibis.de\/sltagung\/files\/2025\/12\/Interviews-604x242.png 604w\" sizes=\"auto, (max-width: 1000px) 100vw, 1000px\" \/><\/a><\/figure>\n<\/figure>\n\n\n\n<figure class=\"wp-block-gallery has-nested-images columns-default is-cropped wp-block-gallery-4 is-layout-flex wp-block-gallery-is-layout-flex\">\n<figure class=\"wp-block-image size-full is-style-tw-hard-shadow\"><a href=\"https:\/\/wordpress.nibis.de\/sltagung\/aftermovie-der-niedersaechsischen-schulleitungstagung-2025\/\"><img loading=\"lazy\" decoding=\"async\" width=\"1000\" height=\"400\" data-id=\"2412\" src=\"https:\/\/wordpress.nibis.de\/sltagung\/files\/2025\/12\/Aftermovie.png\" alt=\"\" class=\"wp-image-2412\" srcset=\"https:\/\/wordpress.nibis.de\/sltagung\/files\/2025\/12\/Aftermovie.png 1000w, https:\/\/wordpress.nibis.de\/sltagung\/files\/2025\/12\/Aftermovie-300x120.png 300w, https:\/\/wordpress.nibis.de\/sltagung\/files\/2025\/12\/Aftermovie-768x307.png 768w, https:\/\/wordpress.nibis.de\/sltagung\/files\/2025\/12\/Aftermovie-604x242.png 604w\" sizes=\"auto, (max-width: 1000px) 100vw, 1000px\" \/><\/a><\/figure>\n\n\n\n<figure class=\"wp-block-image size-full is-style-tw-hard-shadow\"><a href=\"https:\/\/www.digital-sparks.org\/povdemokratie\"><img loading=\"lazy\" decoding=\"async\" width=\"1000\" height=\"400\" data-id=\"2385\" src=\"https:\/\/wordpress.nibis.de\/sltagung\/files\/2025\/09\/Digital-Sparks.png\" alt=\"\" class=\"wp-image-2385\" srcset=\"https:\/\/wordpress.nibis.de\/sltagung\/files\/2025\/09\/Digital-Sparks.png 1000w, https:\/\/wordpress.nibis.de\/sltagung\/files\/2025\/09\/Digital-Sparks-300x120.png 300w, https:\/\/wordpress.nibis.de\/sltagung\/files\/2025\/09\/Digital-Sparks-768x307.png 768w, https:\/\/wordpress.nibis.de\/sltagung\/files\/2025\/09\/Digital-Sparks-604x242.png 604w\" sizes=\"auto, (max-width: 1000px) 100vw, 1000px\" \/><\/a><\/figure>\n<\/figure>\n\n\n\n<figure class=\"wp-block-gallery has-nested-images columns-default is-cropped wp-block-gallery-5 is-layout-flex wp-block-gallery-is-layout-flex\">\n<figure class=\"wp-block-image size-full is-style-tw-hard-shadow\"><a href=\"https:\/\/wordpress.nibis.de\/sltagung\/gallery\/schulleitungstagung\/\"><img loading=\"lazy\" decoding=\"async\" width=\"1000\" height=\"400\" data-id=\"2502\" src=\"https:\/\/wordpress.nibis.de\/sltagung\/files\/2025\/12\/Galerie-2.png\" alt=\"\" class=\"wp-image-2502\" srcset=\"https:\/\/wordpress.nibis.de\/sltagung\/files\/2025\/12\/Galerie-2.png 1000w, https:\/\/wordpress.nibis.de\/sltagung\/files\/2025\/12\/Galerie-2-300x120.png 300w, https:\/\/wordpress.nibis.de\/sltagung\/files\/2025\/12\/Galerie-2-768x307.png 768w, https:\/\/wordpress.nibis.de\/sltagung\/files\/2025\/12\/Galerie-2-604x242.png 604w\" sizes=\"auto, (max-width: 1000px) 100vw, 1000px\" \/><\/a><\/figure>\n\n\n\n<figure class=\"wp-block-image size-full is-style-tw-hard-shadow\"><a href=\"https:\/\/wordpress.nibis.de\/sltagung\/praesentationen-aus-den-workshops\/\"><img loading=\"lazy\" decoding=\"async\" width=\"1000\" height=\"400\" data-id=\"2419\" src=\"https:\/\/wordpress.nibis.de\/sltagung\/files\/2025\/12\/Praesentationen.png\" alt=\"\" class=\"wp-image-2419\" srcset=\"https:\/\/wordpress.nibis.de\/sltagung\/files\/2025\/12\/Praesentationen.png 1000w, https:\/\/wordpress.nibis.de\/sltagung\/files\/2025\/12\/Praesentationen-300x120.png 300w, https:\/\/wordpress.nibis.de\/sltagung\/files\/2025\/12\/Praesentationen-768x307.png 768w, https:\/\/wordpress.nibis.de\/sltagung\/files\/2025\/12\/Praesentationen-604x242.png 604w\" sizes=\"auto, (max-width: 1000px) 100vw, 1000px\" \/><\/a><\/figure>\n<\/figure>\n","protected":false},"excerpt":{"rendered":"<p>Auf dieser Seite finden Sie sukzessive und zeitnah die Beitr\u00e4ge, Materialien und Impressionen der Tagung. Schauen Sie gerne regelm\u00e4\u00dfig vorbei \u2013 die Dokumentation wird fortlaufend erg\u00e4nzt. \u00a0<\/p>\n","protected":false},"author":9193395,"featured_media":0,"parent":0,"menu_order":0,"comment_status":"closed","ping_status":"closed","template":"","meta":{"footnotes":""},"class_list":["post-2312","page","type-page","status-publish","hentry"],"_links":{"self":[{"href":"https:\/\/wordpress.nibis.de\/sltagung\/wp-json\/wp\/v2\/pages\/2312","targetHints":{"allow":["GET"]}}],"collection":[{"href":"https:\/\/wordpress.nibis.de\/sltagung\/wp-json\/wp\/v2\/pages"}],"about":[{"href":"https:\/\/wordpress.nibis.de\/sltagung\/wp-json\/wp\/v2\/types\/page"}],"author":[{"embeddable":true,"href":"https:\/\/wordpress.nibis.de\/sltagung\/wp-json\/wp\/v2\/users\/9193395"}],"replies":[{"embeddable":true,"href":"https:\/\/wordpress.nibis.de\/sltagung\/wp-json\/wp\/v2\/comments?post=2312"}],"version-history":[{"count":23,"href":"https:\/\/wordpress.nibis.de\/sltagung\/wp-json\/wp\/v2\/pages\/2312\/revisions"}],"predecessor-version":[{"id":2612,"href":"https:\/\/wordpress.nibis.de\/sltagung\/wp-json\/wp\/v2\/pages\/2312\/revisions\/2612"}],"wp:attachment":[{"href":"https:\/\/wordpress.nibis.de\/sltagung\/wp-json\/wp\/v2\/media?parent=2312"}],"curies":[{"name":"wp","href":"https:\/\/api.w.org\/{rel}","templated":true}]}}

<p>Auf dieser Seite finden Sie sukzessive und zeitnah die Beiträge, Materialien und Impressionen der Tagung. Schauen Sie gerne regelmäßig vorbei – die Dokumentation wird fortlaufend ergänzt.</p>
<p> </p>



<figure class="wp-block-gallery has-nested-images columns-2 wp-block-gallery-1 is-layout-flex wp-block-gallery-is-layout-flex">
<figure class="wp-block-image size-full is-style-tw-hard-shadow"><a href="https://wordpress.nibis.de/sltagung/eroeffnung-mit-grusswort-von-hanna-knoop/"><img loading="lazy" decoding="async" width="1000" height="400" data-id="2405" src="https://wordpress.nibis.de/sltagung/files/2025/12/Eroeffnung.png" alt="" class="wp-image-2405" srcset="https://wordpress.nibis.de/sltagung/files/2025/12/Eroeffnung.png 1000w, https://wordpress.nibis.de/sltagung/files/2025/12/Eroeffnung-300x120.png 300w, https://wordpress.nibis.de/sltagung/files/2025/12/Eroeffnung-768x307.png 768w, https://wordpress.nibis.de/sltagung/files/2025/12/Eroeffnung-604x242.png 604w" sizes="auto, (max-width: 1000px) 100vw, 1000px" /></a></figure>



<figure class="wp-block-image size-full is-style-tw-hard-shadow"><a href="https://wordpress.nibis.de/sltagung/impuls-der-kultusministerin-julia-willie-hamburg/"><img loading="lazy" decoding="async" width="1000" height="400" data-id="2315" src="https://wordpress.nibis.de/sltagung/files/2025/09/KM.png" alt="" class="wp-image-2315" srcset="https://wordpress.nibis.de/sltagung/files/2025/09/KM.png 1000w, https://wordpress.nibis.de/sltagung/files/2025/09/KM-300x120.png 300w, https://wordpress.nibis.de/sltagung/files/2025/09/KM-768x307.png 768w, https://wordpress.nibis.de/sltagung/files/2025/09/KM-604x242.png 604w" sizes="auto, (max-width: 1000px) 100vw, 1000px" /></a></figure>



<figure class="wp-block-image size-full is-style-tw-hard-shadow"><a href="https://wordpress.nibis.de/sltagung/keynote-am-28-08-2025-prof-dr-monika-oberle-demokratie-unter-druck-herausforderungen-loesungen-perspektiven/"><img loading="lazy" decoding="async" width="1000" height="400" data-id="2406" src="https://wordpress.nibis.de/sltagung/files/2025/12/Keynote1.png" alt="" class="wp-image-2406" srcset="https://wordpress.nibis.de/sltagung/files/2025/12/Keynote1.png 1000w, https://wordpress.nibis.de/sltagung/files/2025/12/Keynote1-300x120.png 300w, https://wordpress.nibis.de/sltagung/files/2025/12/Keynote1-768x307.png 768w, https://wordpress.nibis.de/sltagung/files/2025/12/Keynote1-604x242.png 604w" sizes="auto, (max-width: 1000px) 100vw, 1000px" /></a></figure>



<figure class="wp-block-image size-full is-style-tw-hard-shadow"><a href="https://wordpress.nibis.de/sltagung/keynote-am-29-08-2025-prof-dr-steve-kenner/"><img loading="lazy" decoding="async" width="1000" height="400" data-id="2407" src="https://wordpress.nibis.de/sltagung/files/2025/12/Keynote2.png" alt="" class="wp-image-2407" srcset="https://wordpress.nibis.de/sltagung/files/2025/12/Keynote2.png 1000w, https://wordpress.nibis.de/sltagung/files/2025/12/Keynote2-300x120.png 300w, https://wordpress.nibis.de/sltagung/files/2025/12/Keynote2-768x307.png 768w, https://wordpress.nibis.de/sltagung/files/2025/12/Keynote2-604x242.png 604w" sizes="auto, (max-width: 1000px) 100vw, 1000px" /></a></figure>



<figure class="wp-block-image size-full is-style-tw-hard-shadow"><a href="https://wordpress.nibis.de/sltagung/podiumsdiskussion-wie-staerken-wir-unsere-demokratie-perspektiven-aus-wissenschaft-schule-und-gesellschaft/"><img loading="lazy" decoding="async" width="1000" height="400" data-id="2409" src="https://wordpress.nibis.de/sltagung/files/2025/12/Podiumsdiskussion.png" alt="" class="wp-image-2409" srcset="https://wordpress.nibis.de/sltagung/files/2025/12/Podiumsdiskussion.png 1000w, https://wordpress.nibis.de/sltagung/files/2025/12/Podiumsdiskussion-300x120.png 300w, https://wordpress.nibis.de/sltagung/files/2025/12/Podiumsdiskussion-768x307.png 768w, https://wordpress.nibis.de/sltagung/files/2025/12/Podiumsdiskussion-604x242.png 604w" sizes="auto, (max-width: 1000px) 100vw, 1000px" /></a></figure>



<figure class="wp-block-image size-full is-style-tw-hard-shadow"><a href="https://wordpress.nibis.de/sltagung/poetry-slam-von-spax-2/"><img loading="lazy" decoding="async" width="1000" height="400" data-id="2410" src="https://wordpress.nibis.de/sltagung/files/2025/12/SPAX-1.png" alt="" class="wp-image-2410" srcset="https://wordpress.nibis.de/sltagung/files/2025/12/SPAX-1.png 1000w, https://wordpress.nibis.de/sltagung/files/2025/12/SPAX-1-300x120.png 300w, https://wordpress.nibis.de/sltagung/files/2025/12/SPAX-1-768x307.png 768w, https://wordpress.nibis.de/sltagung/files/2025/12/SPAX-1-604x242.png 604w" sizes="auto, (max-width: 1000px) 100vw, 1000px" /></a></figure>
</figure>



<figure class="wp-block-gallery has-nested-images columns-default is-cropped wp-block-gallery-2 is-layout-flex wp-block-gallery-is-layout-flex"></figure>



<figure class="wp-block-gallery has-nested-images columns-default is-cropped wp-block-gallery-3 is-layout-flex wp-block-gallery-is-layout-flex">
<figure class="wp-block-image size-full is-style-tw-hard-shadow"><a href="https://open.spotify.com/episode/6tar3yxwAYW02cEKMOf3xG?si=fFtLmh_USMGdaX5PavAoDg&amp;nd=1&amp;dlsi=d984717a18a0407a" target="_blank" rel="noopener"><img loading="lazy" decoding="async" width="1000" height="400" data-id="2313" src="https://wordpress.nibis.de/sltagung/files/2025/09/JMS.png" alt="" class="wp-image-2313" srcset="https://wordpress.nibis.de/sltagung/files/2025/09/JMS.png 1000w, https://wordpress.nibis.de/sltagung/files/2025/09/JMS-300x120.png 300w, https://wordpress.nibis.de/sltagung/files/2025/09/JMS-768x307.png 768w, https://wordpress.nibis.de/sltagung/files/2025/09/JMS-604x242.png 604w" sizes="auto, (max-width: 1000px) 100vw, 1000px" /></a></figure>



<figure class="wp-block-image size-full is-style-tw-hard-shadow"><a href="https://wordpress.nibis.de/sltagung/impressionen-und-stimmen-der-teilnehmenden/"><img loading="lazy" decoding="async" width="1000" height="400" data-id="2411" src="https://wordpress.nibis.de/sltagung/files/2025/12/Interviews.png" alt="" class="wp-image-2411" srcset="https://wordpress.nibis.de/sltagung/files/2025/12/Interviews.png 1000w, https://wordpress.nibis.de/sltagung/files/2025/12/Interviews-300x120.png 300w, https://wordpress.nibis.de/sltagung/files/2025/12/Interviews-768x307.png 768w, https://wordpress.nibis.de/sltagung/files/2025/12/Interviews-604x242.png 604w" sizes="auto, (max-width: 1000px) 100vw, 1000px" /></a></figure>
</figure>



<figure class="wp-block-gallery has-nested-images columns-default is-cropped wp-block-gallery-4 is-layout-flex wp-block-gallery-is-layout-flex">
<figure class="wp-block-image size-full is-style-tw-hard-shadow"><a href="https://wordpress.nibis.de/sltagung/aftermovie-der-niedersaechsischen-schulleitungstagung-2025/"><img loading="lazy" decoding="async" width="1000" height="400" data-id="2412" src="https://wordpress.nibis.de/sltagung/files/2025/12/Aftermovie.png" alt="" class="wp-image-2412" srcset="https://wordpress.nibis.de/sltagung/files/2025/12/Aftermovie.png 1000w, https://wordpress.nibis.de/sltagung/files/2025/12/Aftermovie-300x120.png 300w, https://wordpress.nibis.de/sltagung/files/2025/12/Aftermovie-768x307.png 768w, https://wordpress.nibis.de/sltagung/files/2025/12/Aftermovie-604x242.png 604w" sizes="auto, (max-width: 1000px) 100vw, 1000px" /></a></figure>



<figure class="wp-block-image size-full is-style-tw-hard-shadow"><a href="https://www.digital-sparks.org/povdemokratie"><img loading="lazy" decoding="async" width="1000" height="400" data-id="2385" src="https://wordpress.nibis.de/sltagung/files/2025/09/Digital-Sparks.png" alt="" class="wp-image-2385" srcset="https://wordpress.nibis.de/sltagung/files/2025/09/Digital-Sparks.png 1000w, https://wordpress.nibis.de/sltagung/files/2025/09/Digital-Sparks-300x120.png 300w, https://wordpress.nibis.de/sltagung/files/2025/09/Digital-Sparks-768x307.png 768w, https://wordpress.nibis.de/sltagung/files/2025/09/Digital-Sparks-604x242.png 604w" sizes="auto, (max-width: 1000px) 100vw, 1000px" /></a></figure>
</figure>



<figure class="wp-block-gallery has-nested-images columns-default is-cropped wp-block-gallery-5 is-layout-flex wp-block-gallery-is-layout-flex">
<figure class="wp-block-image size-full is-style-tw-hard-shadow"><a href="https://wordpress.nibis.de/sltagung/gallery/schulleitungstagung/"><img loading="lazy" decoding="async" width="1000" height="400" data-id="2502" src="https://wordpress.nibis.de/sltagung/files/2025/12/Galerie-2.png" alt="" class="wp-image-2502" srcset="https://wordpress.nibis.de/sltagung/files/2025/12/Galerie-2.png 1000w, https://wordpress.nibis.de/sltagung/files/2025/12/Galerie-2-300x120.png 300w, https://wordpress.nibis.de/sltagung/files/2025/12/Galerie-2-768x307.png 768w, https://wordpress.nibis.de/sltagung/files/2025/12/Galerie-2-604x242.png 604w" sizes="auto, (max-width: 1000px) 100vw, 1000px" /></a></figure>



<figure class="wp-block-image size-full is-style-tw-hard-shadow"><a href="https://wordpress.nibis.de/sltagung/praesentationen-aus-den-workshops/"><img loading="lazy" decoding="async" width="1000" height="400" data-id="2419" src="https://wordpress.nibis.de/sltagung/files/2025/12/Praesentationen.png" alt="" class="wp-image-2419" srcset="https://wordpress.nibis.de/sltagung/files/2025/12/Praesentationen.png 1000w, https://wordpress.nibis.de/sltagung/files/2025/12/Praesentationen-300x120.png 300w, https://wordpress.nibis.de/sltagung/files/2025/12/Praesentationen-768x307.png 768w, https://wordpress.nibis.de/sltagung/files/2025/12/Praesentationen-604x242.png 604w" sizes="auto, (max-width: 1000px) 100vw, 1000px" /></a></figure>
</figure>

<p>Auf dieser Seite finden Sie sukzessive und zeitnah die Beiträge, Materialien und Impressionen der Tagung. Schauen Sie gerne regelmäßig vorbei – die Dokumentation wird fortlaufend ergänzt.  </p>
